{"id":14459,"date":"2021-12-06T15:58:00","date_gmt":"2021-12-06T19:58:00","guid":{"rendered":"https:\/\/www.aguilamuebles.cl\/tienda\/?post_type=product&#038;p=14459"},"modified":"2023-05-04T18:22:37","modified_gmt":"2023-05-04T22:22:37","slug":"mcgann-sillon-reclinable-de-ashley","status":"publish","type":"product","link":"https:\/\/www.aguilamuebles.cl\/tienda\/product\/mcgann-sillon-reclinable-de-ashley\/","title":{"rendered":"Mcgann Sill\u00f3n Reclinable De Ashley"},"content":{"rendered":"<h3>Detalles<\/h3>\n<p class=\"short-desc tm-tcell col-50 valign-top\">Disfrute de la apariencia fresca del cuero y la sensaci\u00f3n c\u00e1lida de la tela con el sill\u00f3n reclinable mecedora McGann.\u00a0Con una amortiguaci\u00f3n suntuosamente gruesa, costuras jumbo de vanguardia y una est\u00e9tica ricamente confeccionada, este sill\u00f3n reclinable de precio elegante con un suave movimiento de balanceo es un \u00e9xito de ventas por una buena raz\u00f3n.\u00a0<span id=\"appcon-available\">Disponible en Appliances Connection.<\/span><\/p>\n<h3><span style=\"color: #000000; font-size: large;\">Caracter\u00edsticas:<\/span><\/h3>\n<ul>\n<li>Las construcciones de los marcos se han probado rigurosamente para simular los entornos dom\u00e9sticos y de transporte para una mayor durabilidad.<\/li>\n<li>Los componentes del marco est\u00e1n asegurados con combinaciones de pegamento, bloques, paneles entrelazados y grapas.<\/li>\n<li>Las rayas y los patrones se cortan a juego.<\/li>\n<li>Todos los tejidos est\u00e1n preaprobados para su uso y durabilidad seg\u00fan los est\u00e1ndares de la AHFA.<\/li>\n<li>Los cojines est\u00e1n fabricados con fibra de bajo derretimiento envuelta sobre espuma de alta calidad.<\/li>\n<li>Cuenta con una caja de asiento unificada incorporada de metal para mayor resistencia y durabilidad.<\/li>\n<li>Toda la construcci\u00f3n de metal hasta el piso para mayor resistencia y durabilidad.<\/li>\n<li>El mecanismo reclinable presenta infinitas posiciones para mayor comodidad.<\/li>\n<li>Este estilo presenta costuras gigantes.<\/li>\n<\/ul>\n<h3 class=\"tab-header3\">Dimensiones.<\/h3>\n<ul class=\"qs-specs col-100 tm-border-grey-2 border-top-0 col-100 \">\n<li class=\"tm-table-fixed p-mobile-0 noliststyle \"><span class=\"font-12 col-50 p-mobile-2 wl-word-break tm-tcell-top ntxt\">Profundidad<\/span><span class=\"font-12 col-50 p-mobile-2 wl-word-break tm-tcell-top\">: 1.02 cm<\/span><\/li>\n<li class=\"tm-table-fixed p-mobile-0 noliststyle \"><span class=\"font-12 col-50 p-mobile-2 wl-word-break tm-tcell-top ntxt\">Ancho<\/span><span class=\"font-12 col-50 p-mobile-2 wl-word-break tm-tcell-top\">: 1.04 cm<\/span><\/li>\n<li class=\"tm-table-fixed p-mobile-0 noliststyle \"><span class=\"font-12 col-50 p-mobile-2 wl-word-break tm-tcell-top ntxt\">Altura<\/span><span class=\"font-12 col-50 p-mobile-2 wl-word-break tm-tcell-top\">: 1.02 cm<\/span><\/li>\n<li class=\"tm-table-fixed p-mobile-0 noliststyle \"><span class=\"font-12 col-50 p-mobile-2 wl-word-break tm-tcell-top ntxt\">Profundidad del asiento<\/span><span class=\"font-12 col-50 p-mobile-2 wl-word-break tm-tcell-top\">: 54 cm<\/span><\/li>\n<li class=\"tm-table-fixed p-mobile-0 noliststyle \"><span class=\"font-12 col-50 p-mobile-2 wl-word-break tm-tcell-top ntxt\">Altura del asiento<\/span><span class=\"font-12 col-50 p-mobile-2 wl-word-break tm-tcell-top\">: 51 cm<\/span><\/li>\n<li class=\"tm-table-fixed p-mobile-0 noliststyle \"><span class=\"font-12 col-50 p-mobile-2 wl-word-break tm-tcell-top ntxt\">Altura del coj\u00edn trasero<\/span><span class=\"font-12 col-50 p-mobile-2 wl-word-break tm-tcell-top\">: 51 cm<\/span><\/li>\n<\/ul>\n<p>&nbsp;<\/p>\n<h5><span style=\"color: #ff0000;\"><b>GARANT\u00cdA LEGAL<\/b><\/span><\/h5>\n<p><span style=\"color: #ff0000;\">Los productos poseen una garant\u00eda de 3 meses establecida por la Ley 19.496 Sobre Protecci\u00f3n de los Derechos de Los Consumidores, contados desde la fecha de recepci\u00f3n del producto, en caso de fallas o deficiencias que afecten el uso al cual est\u00e1 destinado el producto. De acuerdo con la ley de protecci\u00f3n al consumidor, en caso de falla del producto tiene el derecho a elegir entre las siguientes opciones:<\/span><\/p>\n<ol type=\"I\">\n<li><span style=\"color: #ff0000;\">Reparaci\u00f3n gratuita del producto.<\/span><\/li>\n<li><span style=\"color: #ff0000;\">Reposici\u00f3n o cambio.<\/span><\/li>\n<li><span style=\"color: #ff0000;\">La devoluci\u00f3n del dinero pagado.<\/span><\/li>\n<\/ol>\n<p><span style=\"color: #ff0000;\">Para ejercer este derecho, se deben determinar preliminarmente las causas de falla del producto. No podr\u00e1 ejercer este derecho cuando el deterioro sea imputable al cliente por su mal uso .<\/span><\/p>\n<h5><span style=\"color: #ff0000;\">Precio publicado para Zona Franca, A OTRAS REGIONES SE APLICAN COSTOS EXTRAS : IVA(19%), Impuesto ad valorem(6%), generaci\u00f3n de DIN y honorarios de Agencia de aduana.<\/span><\/h5>\n<p><span style=\"color: #ff0000;\">Inf\u00f3rmese en Manual de Zona Franca p\u00e1gina 22.<\/span><\/p>\n<p><span style=\"color: #ff0000;\"><b><em>El stock disponible de nuestro producto puede variar, por favor cont\u00e1ctenos para saber m\u00e1s a cerca de la disponibilidad de este producto \u00f3 escr\u00edbenos a nuestro \u00a0<a style=\"color: #ff0000;\" href=\"https:\/\/wa.me\/56997056557\">Whatsapp<\/a>.<\/em><\/b><\/span><\/p>\n","protected":false},"excerpt":{"rendered":"<div class=\"woocommerce-product-details__short-description\">\n<h5><span style=\"color: #ff0000;\">AL RESTO DEL PA\u00cdS $537.037<\/span><\/h5>\n<div class=\"woocommerce-product-details__short-description\">\n<h5><span style=\"color: #ff0000;\"><b><em>El stock disponible de nuestro producto puede variar, por favor cont\u00e1ctenos para saber m\u00e1s a cerca de la disponibilidad de este producto \u00f3 escr\u00edbenos a nuestro \u00a0<a style=\"color: #ff0000;\" href=\"https:\/\/wa.me\/56997056557\">Whatsapp<\/a>.<\/em><\/b><\/span><\/h5>\n<\/div>\n<p class=\"stock available-on-backorder\"><span style=\"color: #ff0000;\">Disponible para Entrega Inmediata.<\/span><\/p>\n<h5><span style=\"color: #ff0000;\">Entrega a domicilio<\/span><\/h5>\n<p><span style=\"color: #ff0000;\">Este servicio se cobra por aparte. Tambi\u00e9n puede retirar en nuestra Tienda, ubicado en Manzana E sitio 48E \u2013 Barrio Industrial (diagonal a la puerta 4 de Zofri).<\/span><\/p>\n<p><span style=\"color: #ff0000;\">Horario de atenci\u00f3n de lunes a viernes.<\/span><br \/>\n<span style=\"color: #ff0000;\">De 8:30 a 14HRS y De 15 a 18:30HRS<\/span><\/p>\n<div class=\"shareThis\"><span class=\"socLeft\" style=\"color: #ff0000;\"><a style=\"color: #ff0000;\"><img decoding=\"async\" src=\"https:\/\/intlhomestore.com\/layout\/one_1920\/images\/cst-Facebook.png\" alt=\"\" \/>@Aguilamuebles.cl<\/a><\/span><\/div>\n<div class=\"shareThis\"><span class=\"socLeft\" style=\"color: #ff0000;\"><img decoding=\"async\" class=\"\" src=\"https:\/\/intlhomestore.com\/layout\/one_1920\/images\/cst-email.png\" alt=\"\" \/>vetas1@ooook.com<\/span><\/div>\n<\/div>\n","protected":false},"featured_media":14462,"comment_status":"open","ping_status":"closed","template":"","meta":[],"product_brand":[],"product_cat":[137,100,63,66,71,83],"product_tag":[],"class_list":{"0":"post-14459","1":"product","2":"type-product","3":"status-publish","4":"has-post-thumbnail","6":"product_cat-berger","7":"product_cat-dormitorio","8":"product_cat-living","9":"product_cat-sala-de-estar","10":"product_cat-sitial","11":"product_cat-sofa","13":"first","14":"instock","15":"sale","16":"taxable","17":"shipping-taxable","18":"purchasable","19":"product-type-simple"},"_links":{"self":[{"href":"https:\/\/www.aguilamuebles.cl\/tienda\/wp-json\/wp\/v2\/product\/14459","targetHints":{"allow":["GET"]}}],"collection":[{"href":"https:\/\/www.aguilamuebles.cl\/tienda\/wp-json\/wp\/v2\/product"}],"about":[{"href":"https:\/\/www.aguilamuebles.cl\/tienda\/wp-json\/wp\/v2\/types\/product"}],"replies":[{"embeddable":true,"href":"https:\/\/www.aguilamuebles.cl\/tienda\/wp-json\/wp\/v2\/comments?post=14459"}],"wp:featuredmedia":[{"embeddable":true,"href":"https:\/\/www.aguilamuebles.cl\/tienda\/wp-json\/wp\/v2\/media\/14462"}],"wp:attachment":[{"href":"https:\/\/www.aguilamuebles.cl\/tienda\/wp-json\/wp\/v2\/media?parent=14459"}],"wp:term":[{"taxonomy":"product_brand","embeddable":true,"href":"https:\/\/www.aguilamuebles.cl\/tienda\/wp-json\/wp\/v2\/product_brand?post=14459"},{"taxonomy":"product_cat","embeddable":true,"href":"https:\/\/www.aguilamuebles.cl\/tienda\/wp-json\/wp\/v2\/product_cat?post=14459"},{"taxonomy":"product_tag","embeddable":true,"href":"https:\/\/www.aguilamuebles.cl\/tienda\/wp-json\/wp\/v2\/product_tag?post=14459"}],"curies":[{"name":"wp","href":"https:\/\/api.w.org\/{rel}","templated":true}]}}

Mcgann Sillón Reclinable De Ashley

<h3>Detalles</h3>
<p class="short-desc tm-tcell col-50 valign-top">Disfrute de la apariencia fresca del cuero y la sensación cálida de la tela con el sillón reclinable mecedora McGann. Con una amortiguación suntuosamente gruesa, costuras jumbo de vanguardia y una estética ricamente confeccionada, este sillón reclinable de precio elegante con un suave movimiento de balanceo es un éxito de ventas por una buena razón. <span id="appcon-available">Disponible en Appliances Connection.</span></p>
<h3><span style="color: #000000; font-size: large;">Características:</span></h3>
<ul>
<li>Las construcciones de los marcos se han probado rigurosamente para simular los entornos domésticos y de transporte para una mayor durabilidad.</li>
<li>Los componentes del marco están asegurados con combinaciones de pegamento, bloques, paneles entrelazados y grapas.</li>
<li>Las rayas y los patrones se cortan a juego.</li>
<li>Todos los tejidos están preaprobados para su uso y durabilidad según los estándares de la AHFA.</li>
<li>Los cojines están fabricados con fibra de bajo derretimiento envuelta sobre espuma de alta calidad.</li>
<li>Cuenta con una caja de asiento unificada incorporada de metal para mayor resistencia y durabilidad.</li>
<li>Toda la construcción de metal hasta el piso para mayor resistencia y durabilidad.</li>
<li>El mecanismo reclinable presenta infinitas posiciones para mayor comodidad.</li>
<li>Este estilo presenta costuras gigantes.</li>
</ul>
<h3 class="tab-header3">Dimensiones.</h3>
<ul class="qs-specs col-100 tm-border-grey-2 border-top-0 col-100 ">
<li class="tm-table-fixed p-mobile-0 noliststyle "><span class="font-12 col-50 p-mobile-2 wl-word-break tm-tcell-top ntxt">Profundidad</span><span class="font-12 col-50 p-mobile-2 wl-word-break tm-tcell-top">: 1.02 cm</span></li>
<li class="tm-table-fixed p-mobile-0 noliststyle "><span class="font-12 col-50 p-mobile-2 wl-word-break tm-tcell-top ntxt">Ancho</span><span class="font-12 col-50 p-mobile-2 wl-word-break tm-tcell-top">: 1.04 cm</span></li>
<li class="tm-table-fixed p-mobile-0 noliststyle "><span class="font-12 col-50 p-mobile-2 wl-word-break tm-tcell-top ntxt">Altura</span><span class="font-12 col-50 p-mobile-2 wl-word-break tm-tcell-top">: 1.02 cm</span></li>
<li class="tm-table-fixed p-mobile-0 noliststyle "><span class="font-12 col-50 p-mobile-2 wl-word-break tm-tcell-top ntxt">Profundidad del asiento</span><span class="font-12 col-50 p-mobile-2 wl-word-break tm-tcell-top">: 54 cm</span></li>
<li class="tm-table-fixed p-mobile-0 noliststyle "><span class="font-12 col-50 p-mobile-2 wl-word-break tm-tcell-top ntxt">Altura del asiento</span><span class="font-12 col-50 p-mobile-2 wl-word-break tm-tcell-top">: 51 cm</span></li>
<li class="tm-table-fixed p-mobile-0 noliststyle "><span class="font-12 col-50 p-mobile-2 wl-word-break tm-tcell-top ntxt">Altura del cojín trasero</span><span class="font-12 col-50 p-mobile-2 wl-word-break tm-tcell-top">: 51 cm</span></li>
</ul>
<p>&nbsp;</p>
<h5><span style="color: #ff0000;"><b>GARANTÍA LEGAL</b></span></h5>
<p><span style="color: #ff0000;">Los productos poseen una garantía de 3 meses establecida por la Ley 19.496 Sobre Protección de los Derechos de Los Consumidores, contados desde la fecha de recepción del producto, en caso de fallas o deficiencias que afecten el uso al cual está destinado el producto. De acuerdo con la ley de protección al consumidor, en caso de falla del producto tiene el derecho a elegir entre las siguientes opciones:</span></p>
<ol type="I">
<li><span style="color: #ff0000;">Reparación gratuita del producto.</span></li>
<li><span style="color: #ff0000;">Reposición o cambio.</span></li>
<li><span style="color: #ff0000;">La devolución del dinero pagado.</span></li>
</ol>
<p><span style="color: #ff0000;">Para ejercer este derecho, se deben determinar preliminarmente las causas de falla del producto. No podrá ejercer este derecho cuando el deterioro sea imputable al cliente por su mal uso .</span></p>
<h5><span style="color: #ff0000;">Precio publicado para Zona Franca, A OTRAS REGIONES SE APLICAN COSTOS EXTRAS : IVA(19%), Impuesto ad valorem(6%), generación de DIN y honorarios de Agencia de aduana.</span></h5>
<p><span style="color: #ff0000;">Infórmese en Manual de Zona Franca página 22.</span></p>
<p><span style="color: #ff0000;"><b><em>El stock disponible de nuestro producto puede variar, por favor contáctenos para saber más a cerca de la disponibilidad de este producto ó escríbenos a nuestro  <a style="color: #ff0000;" href="https://wa.me/56997056557">Whatsapp</a>.</em></b></span></p>

<div class="woocommerce-product-details__short-description">
<h5><span style="color: #ff0000;">AL RESTO DEL PAÍS $537.037</span></h5>
<div class="woocommerce-product-details__short-description">
<h5><span style="color: #ff0000;"><b><em>El stock disponible de nuestro producto puede variar, por favor contáctenos para saber más a cerca de la disponibilidad de este producto ó escríbenos a nuestro  <a style="color: #ff0000;" href="https://wa.me/56997056557">Whatsapp</a>.</em></b></span></h5>
</div>
<p class="stock available-on-backorder"><span style="color: #ff0000;">Disponible para Entrega Inmediata.</span></p>
<h5><span style="color: #ff0000;">Entrega a domicilio</span></h5>
<p><span style="color: #ff0000;">Este servicio se cobra por aparte. También puede retirar en nuestra Tienda, ubicado en Manzana E sitio 48E – Barrio Industrial (diagonal a la puerta 4 de Zofri).</span></p>
<p><span style="color: #ff0000;">Horario de atención de lunes a viernes.</span><br />
<span style="color: #ff0000;">De 8:30 a 14HRS y De 15 a 18:30HRS</span></p>
<div class="shareThis"><span class="socLeft" style="color: #ff0000;"><a style="color: #ff0000;"><img decoding="async" src="https://intlhomestore.com/layout/one_1920/images/cst-Facebook.png" alt="" />@Aguilamuebles.cl</a></span></div>
<div class="shareThis"><span class="socLeft" style="color: #ff0000;"><img decoding="async" class="" src="https://intlhomestore.com/layout/one_1920/images/cst-email.png" alt="" />vetas1@ooook.com</span></div>
</div>
