{"id":14625,"date":"2021-12-09T12:27:48","date_gmt":"2021-12-09T16:27:48","guid":{"rendered":"https:\/\/www.aguilamuebles.cl\/tienda\/?post_type=product&#038;p=14625"},"modified":"2022-02-25T10:00:01","modified_gmt":"2022-02-25T14:00:01","slug":"silla-decorativa-crosshaven-de-ashley","status":"publish","type":"product","link":"https:\/\/www.aguilamuebles.cl\/tienda\/product\/silla-decorativa-crosshaven-de-ashley\/","title":{"rendered":"Silla Decorativa Crosshaven De Ashley"},"content":{"rendered":"<h2 class=\"tab-header2\"><span style=\"font-size: 22px;\">Descripci\u00f3n<\/span><\/h2>\n<p id=\"tw-target-text\" class=\"tw-data-text tw-text-large tw-ta\" dir=\"ltr\" data-placeholder=\"Traducci\u00f3n\"><span class=\"Y2IQFc\" lang=\"es\">La silla decorativa Crosshaven es la pieza de declaraci\u00f3n definitiva para una almohadilla de choque genial. El marco de metal dorado con dise\u00f1o de base X es tan llamativo. Suntuosamente lujosa, la elegante tapicer\u00eda de piel sint\u00e9tica gris de esta silla decorativa es un lujo hecho para la vida cotidiana.<\/span><\/p>\n<ul>\n<li class=\"tw-data-text tw-text-large tw-ta\" dir=\"ltr\" data-placeholder=\"Traducci\u00f3n\"><span class=\"Y2IQFc\" lang=\"es\">Cojines de asiento y respaldo sueltos.<br \/>\n<\/span><\/li>\n<li class=\"tw-data-text tw-text-large tw-ta\" dir=\"ltr\" data-placeholder=\"Traducci\u00f3n\"><span class=\"Y2IQFc\" lang=\"es\">Tapicer\u00eda de piel sint\u00e9tica.<br \/>\n<\/span><\/li>\n<li class=\"tw-data-text tw-text-large tw-ta\" dir=\"ltr\" data-placeholder=\"Traducci\u00f3n\"><span class=\"Y2IQFc\" lang=\"es\">Estructura de metal a la vista con acabado met\u00e1lico dorado.<br \/>\n<\/span><\/li>\n<li id=\"tw-target-text\" class=\"tw-data-text tw-text-large tw-ta\" dir=\"ltr\" data-placeholder=\"Traducci\u00f3n\"><span class=\"Y2IQFc\" lang=\"es\">Tiempo estimado de montaje: 15 minutos.<\/span><\/li>\n<\/ul>\n<h3 id=\"tw-target-text\" class=\"tw-data-text tw-text-large tw-ta\" dir=\"ltr\" data-placeholder=\"Traducci\u00f3n\"><span class=\"Y2IQFc\" lang=\"es\">Detalles de la tela <\/span><\/h3>\n<ul>\n<li><span class=\"Y2IQFc\" lang=\"es\">Cuerpo: Poli\u00e9ster (98)%, PU (2)%<\/span><\/li>\n<\/ul>\n<h3 id=\"tw-target-text\" class=\"tw-data-text tw-text-large tw-ta\" dir=\"ltr\" data-placeholder=\"Traducci\u00f3n\"><span class=\"Y2IQFc\" lang=\"es\">Peso<\/span><\/h3>\n<ul>\n<li class=\"tw-data-text tw-text-large tw-ta\" dir=\"ltr\" data-placeholder=\"Traducci\u00f3n\"><span class=\"Y2IQFc\" lang=\"es\">21,77 kilogramos<\/span><\/li>\n<\/ul>\n<h3 class=\"tab-header3\">Dimensiones<\/h3>\n<ul>\n<li><span class=\"Y2IQFc\" lang=\"es\">Ancho: 79 cm<br \/>\n<\/span><\/li>\n<li><span class=\"Y2IQFc\" lang=\"es\">Profundida: 89 cm<br \/>\n<\/span><\/li>\n<li><span class=\"Y2IQFc\" lang=\"es\">Alto: 86 cm<\/span><\/li>\n<\/ul>\n<h5><b>GARANT\u00cdA LEGAL<\/b><\/h5>\n<p>Los productos poseen una garant\u00eda de 3 meses establecida por la Ley 19.496 Sobre Protecci\u00f3n de los Derechos de Los Consumidores, contados desde la fecha de recepci\u00f3n del producto, en caso de fallas o deficiencias que afecten el uso al cual est\u00e1 destinado el producto. De acuerdo con la ley de protecci\u00f3n al consumidor, en caso de falla del producto tiene el derecho a elegir entre las siguientes opciones:<\/p>\n<ol type=\"I\">\n<li>Reparaci\u00f3n gratuita del producto.<\/li>\n<li>Reposici\u00f3n o cambio.<\/li>\n<li>La devoluci\u00f3n del dinero pagado.<\/li>\n<\/ol>\n<p>Para ejercer este derecho, se deben determinar preliminarmente las causas de falla del producto. No podr\u00e1 ejercer este derecho cuando el deterioro sea imputable al cliente por su mal uso .<\/p>\n<h5>Precio publicado para Zona Franca, A OTRAS REGIONES SE APLICAN COSTOS EXTRAS : IVA(19%), Impuesto ad valorem(6%), generaci\u00f3n de DIN y honorarios de Agencia de aduana.<\/h5>\n<p>Inf\u00f3rmese en Manual de Zona Franca p\u00e1gina 22.<\/p>\n<p><b><em>El stock disponible de nuestro producto puede variar, por favor cont\u00e1ctenos para saber m\u00e1s a cerca de la disponibilidad de este producto \u00f3 escr\u00edbenos a nuestro \u00a0<a href=\"https:\/\/wa.me\/56997056557\">Whatsapp<\/a>.<\/em><\/b><\/p>\n<p><span class=\"Y2IQFc\" lang=\"es\">\u00a0<\/span><\/p>\n","protected":false},"excerpt":{"rendered":"<div class=\"woocommerce-product-details__short-description\">\n<h5><span style=\"color: #ff0000;\">AL RESTO DEL PA\u00cdS $526.946-<\/span><\/h5>\n<p><b><em>El stock disponible de nuestro producto puede variar, por favor cont\u00e1ctenos para saber m\u00e1s a cerca de la disponibilidad de este producto \u00f3 escr\u00edbenos a nuestro \u00a0<a href=\"https:\/\/wa.me\/56997056557\">Whatsapp<\/a>.<\/em><\/b><\/p>\n<\/div>\n<p class=\"stock available-on-backorder\">Disponible para Entrega Inmediata.<\/p>\n","protected":false},"featured_media":14626,"comment_status":"open","ping_status":"closed","template":"","meta":[],"product_brand":[],"product_cat":[100,63,85,146,154,83,161],"product_tag":[],"class_list":{"0":"post-14625","1":"product","2":"type-product","3":"status-publish","4":"has-post-thumbnail","6":"product_cat-dormitorio","7":"product_cat-living","8":"product_cat-mesa-centro","9":"product_cat-mesa-lateral-2","10":"product_cat-poltrona","11":"product_cat-sofa","12":"product_cat-tocadores","14":"first","15":"instock","16":"sale","17":"taxable","18":"shipping-taxable","19":"purchasable","20":"product-type-simple"},"_links":{"self":[{"href":"https:\/\/www.aguilamuebles.cl\/tienda\/wp-json\/wp\/v2\/product\/14625","targetHints":{"allow":["GET"]}}],"collection":[{"href":"https:\/\/www.aguilamuebles.cl\/tienda\/wp-json\/wp\/v2\/product"}],"about":[{"href":"https:\/\/www.aguilamuebles.cl\/tienda\/wp-json\/wp\/v2\/types\/product"}],"replies":[{"embeddable":true,"href":"https:\/\/www.aguilamuebles.cl\/tienda\/wp-json\/wp\/v2\/comments?post=14625"}],"wp:featuredmedia":[{"embeddable":true,"href":"https:\/\/www.aguilamuebles.cl\/tienda\/wp-json\/wp\/v2\/media\/14626"}],"wp:attachment":[{"href":"https:\/\/www.aguilamuebles.cl\/tienda\/wp-json\/wp\/v2\/media?parent=14625"}],"wp:term":[{"taxonomy":"product_brand","embeddable":true,"href":"https:\/\/www.aguilamuebles.cl\/tienda\/wp-json\/wp\/v2\/product_brand?post=14625"},{"taxonomy":"product_cat","embeddable":true,"href":"https:\/\/www.aguilamuebles.cl\/tienda\/wp-json\/wp\/v2\/product_cat?post=14625"},{"taxonomy":"product_tag","embeddable":true,"href":"https:\/\/www.aguilamuebles.cl\/tienda\/wp-json\/wp\/v2\/product_tag?post=14625"}],"curies":[{"name":"wp","href":"https:\/\/api.w.org\/{rel}","templated":true}]}}

<h2 class="tab-header2"><span style="font-size: 22px;">Descripción</span></h2>
<p id="tw-target-text" class="tw-data-text tw-text-large tw-ta" dir="ltr" data-placeholder="Traducción"><span class="Y2IQFc" lang="es">La silla decorativa Crosshaven es la pieza de declaración definitiva para una almohadilla de choque genial. El marco de metal dorado con diseño de base X es tan llamativo. Suntuosamente lujosa, la elegante tapicería de piel sintética gris de esta silla decorativa es un lujo hecho para la vida cotidiana.</span></p>
<ul>
<li class="tw-data-text tw-text-large tw-ta" dir="ltr" data-placeholder="Traducción"><span class="Y2IQFc" lang="es">Cojines de asiento y respaldo sueltos.<br />
</span></li>
<li class="tw-data-text tw-text-large tw-ta" dir="ltr" data-placeholder="Traducción"><span class="Y2IQFc" lang="es">Tapicería de piel sintética.<br />
</span></li>
<li class="tw-data-text tw-text-large tw-ta" dir="ltr" data-placeholder="Traducción"><span class="Y2IQFc" lang="es">Estructura de metal a la vista con acabado metálico dorado.<br />
</span></li>
<li id="tw-target-text" class="tw-data-text tw-text-large tw-ta" dir="ltr" data-placeholder="Traducción"><span class="Y2IQFc" lang="es">Tiempo estimado de montaje: 15 minutos.</span></li>
</ul>
<h3 id="tw-target-text" class="tw-data-text tw-text-large tw-ta" dir="ltr" data-placeholder="Traducción"><span class="Y2IQFc" lang="es">Detalles de la tela </span></h3>
<ul>
<li><span class="Y2IQFc" lang="es">Cuerpo: Poliéster (98)%, PU (2)%</span></li>
</ul>
<h3 id="tw-target-text" class="tw-data-text tw-text-large tw-ta" dir="ltr" data-placeholder="Traducción"><span class="Y2IQFc" lang="es">Peso</span></h3>
<ul>
<li class="tw-data-text tw-text-large tw-ta" dir="ltr" data-placeholder="Traducción"><span class="Y2IQFc" lang="es">21,77 kilogramos</span></li>
</ul>
<h3 class="tab-header3">Dimensiones</h3>
<ul>
<li><span class="Y2IQFc" lang="es">Ancho: 79 cm<br />
</span></li>
<li><span class="Y2IQFc" lang="es">Profundida: 89 cm<br />
</span></li>
<li><span class="Y2IQFc" lang="es">Alto: 86 cm</span></li>
</ul>
<h5><b>GARANTÍA LEGAL</b></h5>
<p>Los productos poseen una garantía de 3 meses establecida por la Ley 19.496 Sobre Protección de los Derechos de Los Consumidores, contados desde la fecha de recepción del producto, en caso de fallas o deficiencias que afecten el uso al cual está destinado el producto. De acuerdo con la ley de protección al consumidor, en caso de falla del producto tiene el derecho a elegir entre las siguientes opciones:</p>
<ol type="I">
<li>Reparación gratuita del producto.</li>
<li>Reposición o cambio.</li>
<li>La devolución del dinero pagado.</li>
</ol>
<p>Para ejercer este derecho, se deben determinar preliminarmente las causas de falla del producto. No podrá ejercer este derecho cuando el deterioro sea imputable al cliente por su mal uso .</p>
<h5>Precio publicado para Zona Franca, A OTRAS REGIONES SE APLICAN COSTOS EXTRAS : IVA(19%), Impuesto ad valorem(6%), generación de DIN y honorarios de Agencia de aduana.</h5>
<p>Infórmese en Manual de Zona Franca página 22.</p>
<p><b><em>El stock disponible de nuestro producto puede variar, por favor contáctenos para saber más a cerca de la disponibilidad de este producto ó escríbenos a nuestro  <a href="https://wa.me/56997056557">Whatsapp</a>.</em></b></p>
<p><span class="Y2IQFc" lang="es"> </span></p>

<div class="woocommerce-product-details__short-description">
<h5><span style="color: #ff0000;">AL RESTO DEL PAÍS $526.946-</span></h5>
<p><b><em>El stock disponible de nuestro producto puede variar, por favor contáctenos para saber más a cerca de la disponibilidad de este producto ó escríbenos a nuestro  <a href="https://wa.me/56997056557">Whatsapp</a>.</em></b></p>
</div>
<p class="stock available-on-backorder">Disponible para Entrega Inmediata.</p>
