{"id":14798,"date":"2021-12-13T15:24:23","date_gmt":"2021-12-13T19:24:23","guid":{"rendered":"https:\/\/www.aguilamuebles.cl\/tienda\/?post_type=product&#038;p=14798"},"modified":"2025-09-03T11:43:38","modified_gmt":"2025-09-03T15:43:38","slug":"silla-decorativas-estacionaria-tibbee-de-ashley","status":"publish","type":"product","link":"https:\/\/www.aguilamuebles.cl\/tienda\/product\/silla-decorativas-estacionaria-tibbee-de-ashley\/","title":{"rendered":"Silla Decorativas &#8211; Estacionaria Tibbee De Ashley"},"content":{"rendered":"<p>Esta silla deslizante se desliza con un estilo limpio y contempor\u00e1neo en un perfil simplemente llamativo.\u00a0Ya sea para acompa\u00f1ar otras piezas en una sala de estar, o para llevar asientos conscientes del espacio a una oficina o dormitorio, qu\u00e9 estilo fresco est\u00e1 despertando.<\/p>\n<h3 class=\"ProductInfoParagraph ProductInfoParagraphMotionType\"><span class=\"ProductInfoSpanName ProductInfoSpanNameMotionType\">Tipo de movimiento: <\/span><\/h3>\n<p class=\"ProductInfoParagraph ProductInfoParagraphMotionType\"><span class=\"ProductInfoSpanValue ProductInfoSpanValueMotionType\">estacionario<\/span><\/p>\n<h3 class=\"ProductInfoParagraph ProductInfoParagraphMaterial\"><span class=\"ProductInfoSpanName ProductInfoSpanNameMaterial\">Material: <\/span><\/h3>\n<p class=\"ProductInfoParagraph ProductInfoParagraphMaterial\"><span class=\"ProductInfoSpanValue ProductInfoSpanValueMaterial\">Tejido<\/span><\/p>\n<h3 class=\"ProductInfoParagraph ProductInfoParagraphStyle\"><span class=\"ProductInfoSpanName ProductInfoSpanNameStyle\">Estilo: <\/span><\/h3>\n<p class=\"ProductInfoParagraph ProductInfoParagraphStyle\"><span class=\"ProductInfoSpanValue ProductInfoSpanValueStyle\">Moderno-Contempor\u00e1neo<\/span><\/p>\n<h3 class=\"ProductInfoParagraph ProductInfoParagraphAdditionalInformation\"><span class=\"ProductInfoSpanName ProductInfoSpanNameAdditionalInformation\">Informaci\u00f3n Adicional<\/span><\/h3>\n<ul>\n<li>Marco bloqueado en esquina<\/li>\n<\/ul>\n<ul>\n<li>Cojines de respaldo y asiento adjuntos<\/li>\n<\/ul>\n<ul>\n<li>Cojines de espuma de alta resiliencia envueltos en polifibra gruesa<\/li>\n<\/ul>\n<ul>\n<li>Tapicer\u00eda de poli\u00e9ster<\/li>\n<\/ul>\n<ul>\n<li>Patas expuestas con acabado de imitaci\u00f3n madera.<\/li>\n<\/ul>\n<p>&nbsp;<\/p>\n<div class=\"detail-row\">\n<h3 class=\"tab-header3\">Dimensiones<\/h3>\n<ul>\n<li>Ancho: 55,88 cm<\/li>\n<li>Profundidad: 78,74 cm<\/li>\n<li>Altura: 78,74 cm<\/li>\n<li>Peso: 10,43 kg<\/li>\n<\/ul>\n<\/div>\n<h5><\/h5>\n<h5><b>GARANT\u00cdA LEGAL<\/b><\/h5>\n<p>Los productos poseen una garant\u00eda de 3 meses establecida por la Ley 19.496 Sobre Protecci\u00f3n de los Derechos de Los Consumidores, contados desde la fecha de recepci\u00f3n del producto, en caso de fallas o deficiencias que afecten el uso al cual est\u00e1 destinado el producto. De acuerdo con la ley de protecci\u00f3n al consumidor, en caso de falla del producto tiene el derecho a elegir entre las siguientes opciones:<\/p>\n<ol type=\"I\">\n<li>Reparaci\u00f3n gratuita del producto.<\/li>\n<li>Reposici\u00f3n o cambio.<\/li>\n<li>La devoluci\u00f3n del dinero pagado.<\/li>\n<\/ol>\n<p>Para ejercer este derecho, se deben determinar preliminarmente las causas de falla del producto. No podr\u00e1 ejercer este derecho cuando el deterioro sea imputable al cliente por su mal uso .<\/p>\n<h5>Precio publicado para Zona Franca, A OTRAS REGIONES SE APLICAN COSTOS EXTRAS : IVA(19%), Impuesto ad valorem(6%), generaci\u00f3n de DIN y honorarios de Agencia de aduana.<\/h5>\n<p>Inf\u00f3rmese en Manual de Zona Franca p\u00e1gina 22.<\/p>\n<p><b><em>El stock disponible de nuestro producto puede variar, por favor cont\u00e1ctenos para saber m\u00e1s a cerca de la disponibilidad de este producto \u00f3 escr\u00edbenos a nuestro \u00a0<a href=\"https:\/\/wa.me\/56997056557\">Whatsapp<\/a>.<\/em><\/b><\/p>\n","protected":false},"excerpt":{"rendered":"<div class=\"woocommerce-product-details__short-description\">\n<h5><span style=\"color: #ff0000;\">AL RESTO DEL PA\u00cdS $286.018-<\/span><\/h5>\n<p><b><em>El stock disponible de nuestro producto puede variar, por favor cont\u00e1ctenos para saber m\u00e1s a cerca de la disponibilidad de este producto \u00f3 escr\u00edbenos a nuestro \u00a0<a href=\"https:\/\/wa.me\/56997056557\">Whatsapp<\/a>.<\/em><\/b><\/p>\n<\/div>\n<p class=\"stock available-on-backorder\">Disponible para Entrega Inmediata.<\/p>\n","protected":false},"featured_media":14799,"comment_status":"open","ping_status":"closed","template":"","meta":[],"product_brand":[],"product_cat":[100,63,154,66,139,71,83],"product_tag":[],"class_list":{"0":"post-14798","1":"product","2":"type-product","3":"status-publish","4":"has-post-thumbnail","6":"product_cat-dormitorio","7":"product_cat-living","8":"product_cat-poltrona","9":"product_cat-sala-de-estar","10":"product_cat-sillas-oficina","11":"product_cat-sitial","12":"product_cat-sofa","14":"first","15":"instock","16":"sale","17":"taxable","18":"shipping-taxable","19":"purchasable","20":"product-type-simple"},"_links":{"self":[{"href":"https:\/\/www.aguilamuebles.cl\/tienda\/wp-json\/wp\/v2\/product\/14798","targetHints":{"allow":["GET"]}}],"collection":[{"href":"https:\/\/www.aguilamuebles.cl\/tienda\/wp-json\/wp\/v2\/product"}],"about":[{"href":"https:\/\/www.aguilamuebles.cl\/tienda\/wp-json\/wp\/v2\/types\/product"}],"replies":[{"embeddable":true,"href":"https:\/\/www.aguilamuebles.cl\/tienda\/wp-json\/wp\/v2\/comments?post=14798"}],"wp:featuredmedia":[{"embeddable":true,"href":"https:\/\/www.aguilamuebles.cl\/tienda\/wp-json\/wp\/v2\/media\/14799"}],"wp:attachment":[{"href":"https:\/\/www.aguilamuebles.cl\/tienda\/wp-json\/wp\/v2\/media?parent=14798"}],"wp:term":[{"taxonomy":"product_brand","embeddable":true,"href":"https:\/\/www.aguilamuebles.cl\/tienda\/wp-json\/wp\/v2\/product_brand?post=14798"},{"taxonomy":"product_cat","embeddable":true,"href":"https:\/\/www.aguilamuebles.cl\/tienda\/wp-json\/wp\/v2\/product_cat?post=14798"},{"taxonomy":"product_tag","embeddable":true,"href":"https:\/\/www.aguilamuebles.cl\/tienda\/wp-json\/wp\/v2\/product_tag?post=14798"}],"curies":[{"name":"wp","href":"https:\/\/api.w.org\/{rel}","templated":true}]}}