{"id":17299,"date":"2022-07-08T17:07:21","date_gmt":"2022-07-08T21:07:21","guid":{"rendered":"https:\/\/www.aguilamuebles.cl\/tienda\/?post_type=product&#038;p=17299"},"modified":"2026-04-12T12:32:46","modified_gmt":"2026-04-12T16:32:46","slug":"silla-de-visita-fija-con-respaldar-e21","status":"publish","type":"product","link":"https:\/\/www.aguilamuebles.cl\/tienda\/product\/silla-de-visita-fija-con-respaldar-e21\/","title":{"rendered":"Silla de visita fija con respaldar E21"},"content":{"rendered":"<div>\n<h3>Detalles<\/h3>\n<\/div>\n<p>Silla de visita fija estilo sencillo. Con Respaldar. Para Uso Publico Intensivo. Muy Resistente.<\/p>\n<ul>\n<li>Ideal para oficina, sala de espera, etc.<\/li>\n<li>Base s\u00f3lida de 4 patas.Precio publicado para Zona Franca, A OTRAS REGIONES SE APLICAN COSTOS EXTRAS : IVA(19%), Impuesto ad valorem(6%), generaci\u00f3n de DIN y honorarios de Agencia de aduana.<\/li>\n<\/ul>\n<h5><\/h5>\n<h5><span style=\"color: #ff0000;\"><b>ENTREGA A DOMICILIO, e<\/b>ste servicio se cobra por separado. Tambi\u00e9n puede retirar en el Centro de Distribuci\u00f3n, \u00e9sta, debe ser coordinada con anticipaci\u00f3n.<\/span><\/h5>\n<h5><span style=\"color: #ff0000;\"><b>GARANT\u00cdA LEGAL<\/b><\/span><\/h5>\n<p><span style=\"color: #ff0000;\">Los productos poseen una garant\u00eda de 3 meses establecida por la Ley 19.496 Sobre Protecci\u00f3n de los Derechos de Los Consumidores, contados desde la fecha de recepci\u00f3n del producto, en caso de fallas o deficiencias que afecten el uso al cual est\u00e1 destinado el producto. De acuerdo con la ley de protecci\u00f3n al consumidor, en caso de falla del producto tiene el derecho a elegir entre las siguientes opciones:<\/span><\/p>\n<ol type=\"I\">\n<li><span style=\"color: #ff0000;\">Reparaci\u00f3n gratuita del producto.<\/span><\/li>\n<li><span style=\"color: #ff0000;\">Reposici\u00f3n o cambio.<\/span><\/li>\n<li><span style=\"color: #ff0000;\">La devoluci\u00f3n del dinero pagado.<\/span><\/li>\n<\/ol>\n<p><span style=\"color: #ff0000;\">Para ejercer este derecho, se deben determinar preliminarmente las causas de falla del producto. No podr\u00e1 ejercer este derecho cuando el deterioro sea imputable al cliente por su mal uso .<\/span><\/p>\n<h5><span style=\"color: #ff0000;\">Precio publicado para Zona Franca, A OTRAS REGIONES SE APLICAN COSTOS EXTRAS : IVA(19%), Impuesto ad valorem(6%), generaci\u00f3n de DIN y honorarios de Agencia de aduana.<\/span><\/h5>\n<p><span style=\"color: #ff0000;\">Inf\u00f3rmese en Manual de Zona Franca p\u00e1gina 22.<\/span><\/p>\n<p><span style=\"color: #ff0000;\"><b><em>El stock disponible de nuestro producto puede variar, por favor cont\u00e1ctenos para saber m\u00e1s a cerca de la disponibilidad de este producto \u00f3 escr\u00edbenos a nuestro \u00a0<a style=\"color: #ff0000;\" href=\"https:\/\/wa.me\/56997056557\">Whatsapp<\/a>.\u00a0<span class=\"text_exposed_show\">+56 9 9705 6557<\/span><\/em><\/b><\/span><\/p>\n","protected":false},"excerpt":{"rendered":"<div class=\"woocommerce-product-details__short-description\">\n<h5><span style=\"color: #ff0000;\">AL RESTO DEL PA\u00cdS $71.581<\/span><\/h5>\n<h5><b style=\"color: #ff0000;\"><em>Producto puede variar, por favor cont\u00e1ctenos para saber m\u00e1s a cerca de la disponibilidad de este producto \u00f3 escr\u00edbenos a nuestro \u00a0<a style=\"color: #ff0000;\" href=\"https:\/\/wa.me\/56997056557\">Whatsapp<\/a>.<\/em><\/b><\/h5>\n<\/div>\n<p class=\"stock available-on-backorder\"><span style=\"color: #ff0000;\">Disponible para Entrega Inmediata.<\/span><\/p>\n<h5><span style=\"color: #ff0000;\">Entrega a domicilio<\/span><\/h5>\n<p><span style=\"color: #ff0000;\">Este servicio se cobra por aparte. Tambi\u00e9n puede retirar en nuestra Tienda, ubicado en Manzana E sitio 48E \u2013 Barrio Industrial (diagonal a la puerta 4 de Zofri).<\/span><\/p>\n<p><span style=\"color: #ff0000;\">Horario de atenci\u00f3n de lunes a viernes.<\/span><br \/>\n<span style=\"color: #ff0000;\">De 8:30 a 14HRS y De 15 a 18:30HRS<\/span><\/p>\n<div class=\"shareThis\"><span class=\"socLeft\"><a><img decoding=\"async\" src=\"https:\/\/intlhomestore.com\/layout\/one_1920\/images\/cst-Facebook.png\" alt=\"\" \/><\/a><img decoding=\"async\" class=\"\" src=\"https:\/\/intlhomestore.com\/layout\/one_1920\/images\/cst-email.png\" alt=\"\" \/><\/span><\/div>\n","protected":false},"featured_media":17300,"comment_status":"open","ping_status":"closed","template":"","meta":[],"product_brand":[],"product_cat":[65,107],"product_tag":[],"class_list":{"0":"post-17299","1":"product","2":"type-product","3":"status-publish","4":"has-post-thumbnail","6":"product_cat-oficina","7":"product_cat-sillas-de-oficina","9":"first","10":"instock","11":"sale","12":"taxable","13":"shipping-taxable","14":"purchasable","15":"product-type-simple"},"_links":{"self":[{"href":"https:\/\/www.aguilamuebles.cl\/tienda\/wp-json\/wp\/v2\/product\/17299","targetHints":{"allow":["GET"]}}],"collection":[{"href":"https:\/\/www.aguilamuebles.cl\/tienda\/wp-json\/wp\/v2\/product"}],"about":[{"href":"https:\/\/www.aguilamuebles.cl\/tienda\/wp-json\/wp\/v2\/types\/product"}],"replies":[{"embeddable":true,"href":"https:\/\/www.aguilamuebles.cl\/tienda\/wp-json\/wp\/v2\/comments?post=17299"}],"wp:featuredmedia":[{"embeddable":true,"href":"https:\/\/www.aguilamuebles.cl\/tienda\/wp-json\/wp\/v2\/media\/17300"}],"wp:attachment":[{"href":"https:\/\/www.aguilamuebles.cl\/tienda\/wp-json\/wp\/v2\/media?parent=17299"}],"wp:term":[{"taxonomy":"product_brand","embeddable":true,"href":"https:\/\/www.aguilamuebles.cl\/tienda\/wp-json\/wp\/v2\/product_brand?post=17299"},{"taxonomy":"product_cat","embeddable":true,"href":"https:\/\/www.aguilamuebles.cl\/tienda\/wp-json\/wp\/v2\/product_cat?post=17299"},{"taxonomy":"product_tag","embeddable":true,"href":"https:\/\/www.aguilamuebles.cl\/tienda\/wp-json\/wp\/v2\/product_tag?post=17299"}],"curies":[{"name":"wp","href":"https:\/\/api.w.org\/{rel}","templated":true}]}}

<div>
<h3>Detalles</h3>
</div>
<p>Silla de visita fija estilo sencillo. Con Respaldar. Para Uso Publico Intensivo. Muy Resistente.</p>
<ul>
<li>Ideal para oficina, sala de espera, etc.</li>
<li>Base sólida de 4 patas.Precio publicado para Zona Franca, A OTRAS REGIONES SE APLICAN COSTOS EXTRAS : IVA(19%), Impuesto ad valorem(6%), generación de DIN y honorarios de Agencia de aduana.</li>
</ul>
<h5></h5>
<h5><span style="color: #ff0000;"><b>ENTREGA A DOMICILIO, e</b>ste servicio se cobra por separado. También puede retirar en el Centro de Distribución, ésta, debe ser coordinada con anticipación.</span></h5>
<h5><span style="color: #ff0000;"><b>GARANTÍA LEGAL</b></span></h5>
<p><span style="color: #ff0000;">Los productos poseen una garantía de 3 meses establecida por la Ley 19.496 Sobre Protección de los Derechos de Los Consumidores, contados desde la fecha de recepción del producto, en caso de fallas o deficiencias que afecten el uso al cual está destinado el producto. De acuerdo con la ley de protección al consumidor, en caso de falla del producto tiene el derecho a elegir entre las siguientes opciones:</span></p>
<ol type="I">
<li><span style="color: #ff0000;">Reparación gratuita del producto.</span></li>
<li><span style="color: #ff0000;">Reposición o cambio.</span></li>
<li><span style="color: #ff0000;">La devolución del dinero pagado.</span></li>
</ol>
<p><span style="color: #ff0000;">Para ejercer este derecho, se deben determinar preliminarmente las causas de falla del producto. No podrá ejercer este derecho cuando el deterioro sea imputable al cliente por su mal uso .</span></p>
<h5><span style="color: #ff0000;">Precio publicado para Zona Franca, A OTRAS REGIONES SE APLICAN COSTOS EXTRAS : IVA(19%), Impuesto ad valorem(6%), generación de DIN y honorarios de Agencia de aduana.</span></h5>
<p><span style="color: #ff0000;">Infórmese en Manual de Zona Franca página 22.</span></p>
<p><span style="color: #ff0000;"><b><em>El stock disponible de nuestro producto puede variar, por favor contáctenos para saber más a cerca de la disponibilidad de este producto ó escríbenos a nuestro  <a style="color: #ff0000;" href="https://wa.me/56997056557">Whatsapp</a>. <span class="text_exposed_show">+56 9 9705 6557</span></em></b></span></p>

<div class="woocommerce-product-details__short-description">
<h5><span style="color: #ff0000;">AL RESTO DEL PAÍS $71.581</span></h5>
<h5><b style="color: #ff0000;"><em>Producto puede variar, por favor contáctenos para saber más a cerca de la disponibilidad de este producto ó escríbenos a nuestro  <a style="color: #ff0000;" href="https://wa.me/56997056557">Whatsapp</a>.</em></b></h5>
</div>
<p class="stock available-on-backorder"><span style="color: #ff0000;">Disponible para Entrega Inmediata.</span></p>
<h5><span style="color: #ff0000;">Entrega a domicilio</span></h5>
<p><span style="color: #ff0000;">Este servicio se cobra por aparte. También puede retirar en nuestra Tienda, ubicado en Manzana E sitio 48E – Barrio Industrial (diagonal a la puerta 4 de Zofri).</span></p>
<p><span style="color: #ff0000;">Horario de atención de lunes a viernes.</span><br />
<span style="color: #ff0000;">De 8:30 a 14HRS y De 15 a 18:30HRS</span></p>
<div class="shareThis"><span class="socLeft"><a><img decoding="async" src="https://intlhomestore.com/layout/one_1920/images/cst-Facebook.png" alt="" /></a><img decoding="async" class="" src="https://intlhomestore.com/layout/one_1920/images/cst-email.png" alt="" /></span></div>
