{"id":28787,"date":"2023-07-04T17:47:29","date_gmt":"2023-07-04T21:47:29","guid":{"rendered":"https:\/\/www.aguilamuebles.cl\/tienda\/?post_type=product&#038;p=28787"},"modified":"2025-11-27T09:48:20","modified_gmt":"2025-11-27T13:48:20","slug":"escritorio-para-oficina-y-hogar-bg-j06r-derecho-1600","status":"publish","type":"product","link":"https:\/\/www.aguilamuebles.cl\/tienda\/product\/escritorio-para-oficina-y-hogar-bg-j06r-derecho-1600\/","title":{"rendered":"Escritorio para Oficina y Hogar BG-J06L IZQUIERDO(1600)"},"content":{"rendered":"<div>\n<h3>Detalles<\/h3>\n<\/div>\n<p>El Escritorio modelo BG-J06L(1600) es el mueble que no puede faltar en tu hogar y\/u oficina. De estilo cl\u00e1sico, este mueble organizador te ser\u00e1 de gran utilidad a la hora de estudiar, hacer tareas o trabajar frente a un computador, sus bordes y esquinas suavemente redondeados evita lesiones accidentales y roces incomodos. Adem\u00e1s, gracias a la simpleza de su dise\u00f1o, podr\u00e1s combinarlo con otros muebles de madera, tales como esquineros, estantes y repisas. Este vers\u00e1til mueble cuenta tambi\u00e9n con 3 cajones con llaves donde podr\u00e1s guardar documentos o implementos de escritorio.<\/p>\n<ul>\n<li>Producto se entrega desarmado, armado f\u00e1cil, incluye herramientas.<\/li>\n<\/ul>\n<div>\n<h3>Material<\/h3>\n<\/div>\n<ul>\n<li>Estructura en Trupan Melaminado<\/li>\n<li>Manilla de caj\u00f3n met\u00e1lica<\/li>\n<li>Caj\u00f3n con rieles met\u00e1licos<\/li>\n<\/ul>\n<h3><strong>Medida de embalaje: <\/strong><\/h3>\n<ul>\n<li>Caja1<\/li>\n<\/ul>\n<p>Ancho: <strong>163 cm <\/strong><\/p>\n<p>Produndidad: <strong>123 cm<\/strong><\/p>\n<p>Alto: <strong>4.8 cm<\/strong><\/p>\n<p>Peso: <strong>41.5 kg\u00a0<\/strong><\/p>\n<ul>\n<li>\u00a0Caja2<\/li>\n<\/ul>\n<p>Ancho: <strong>75.5 cm<\/strong><\/p>\n<p>Produndidad: 7<strong>2.5 cm<\/strong><\/p>\n<p>Alto: <strong>10.8 cm<\/strong><\/p>\n<p>Peso: <strong>30 kg<\/strong><\/p>\n<h3 class=\"tab-header3\">Dimensiones<\/h3>\n<ul>\n<li>Ancho: 160 cm<\/li>\n<li>Profundidad: 120 cm<\/li>\n<li>Altura: 75 cm<\/li>\n<\/ul>\n<p>&nbsp;<\/p>\n<h3><span style=\"color: #ff0000;\">Garant\u00eda<\/span><\/h3>\n<ul>\n<li><span style=\"color: #ff0000;\">La garant\u00eda solo cubre fallas de fabricaci\u00f3n.<\/span><\/li>\n<\/ul>\n<h3><span style=\"color: #ff0000;\">Devoluciones<\/span><\/h3>\n<ul>\n<li><span style=\"color: #ff0000;\">El cliente puede devolver un producto siempre y cuando est\u00e9 en su embalaje original sin haber sido abierto, enti\u00e9ndase sin uso y sin da\u00f1os en sus piezas.<\/span><\/li>\n<li><span style=\"color: #ff0000;\">La devoluci\u00f3n se acepta dentro de los 10 d\u00edas corridos desde la fecha de emisi\u00f3n de la boleta o factura<\/span><\/li>\n<li><span style=\"color: #ff0000;\">El costo del flete de la devoluci\u00f3n lo asume el cliente.<\/span><\/li>\n<\/ul>\n<h5><span style=\"color: #ff0000;\">Precio publicado para Zona Franca, A OTRAS REGIONES SE APLICAN COSTOS EXTRAS : IVA(19%), Impuesto ad valorem(6%), generaci\u00f3n de DIN y honorarios de Agencia de aduana.<\/span><\/h5>\n<p><span style=\"color: #ff0000;\">Inf\u00f3rmese en Manual de Zona Franca p\u00e1gina 22.<\/span><\/p>\n<h5><span style=\"color: #ff0000;\"><b><em>El stock disponible de nuestros productos puede variar, por favor cont\u00e1ctenos para saber m\u00e1s a cerca de la disponibilidad de este producto o escr\u00edbenos a nuestro \u00a0<a style=\"color: #ff0000;\" href=\"https:\/\/wa.me\/56997056557\">Whatsapp<\/a>.<\/em><\/b><\/span><\/h5>\n","protected":false},"excerpt":{"rendered":"<h5><span style=\"color: #ff0000;\">AL RESTO DEL PA\u00cdS $289.903<\/span><\/h5>\n<div class=\"woocommerce-product-details__short-description\">\n<h5><span style=\"color: #ff0000;\"><b><em>El stock disponible de nuestro producto puede variar, por favor cont\u00e1ctenos para saber m\u00e1s a cerca de la disponibilidad de este producto \u00f3 escr\u00edbenos a nuestro \u00a0<a style=\"color: #ff0000;\" href=\"https:\/\/wa.me\/56997056557\">Whatsapp<\/a>.<\/em><\/b><\/span><\/h5>\n<\/div>\n<p class=\"stock available-on-backorder\"><span style=\"color: #ff0000;\">Disponible para Entrega Inmediata.<\/span><\/p>\n<h5><span style=\"color: #ff0000;\">Entrega a domicilio<\/span><\/h5>\n<p><span style=\"color: #ff0000;\">Este servicio se cobra por aparte. Tambi\u00e9n puede retirar en nuestra Tienda, ubicado en Manzana E sitio 48E \u2013 Barrio Industrial (diagonal a la puerta 4 de Zofri).<\/span><\/p>\n<p><span style=\"color: #ff0000;\">Horario de atenci\u00f3n de lunes a viernes.<\/span><br \/>\n<span style=\"color: #ff0000;\">De 8:30 a 14HRS y De 15 a 18:30HRS<\/span><\/p>\n<div class=\"shareThis\"><span class=\"socLeft\" style=\"color: #ff0000;\"><a style=\"color: #ff0000;\"><img decoding=\"async\" src=\"https:\/\/intlhomestore.com\/layout\/one_1920\/images\/cst-Facebook.png\" alt=\"\" \/>@Aguilamuebles.cl<\/a><\/span><\/div>\n<div class=\"shareThis\"><span class=\"socLeft\" style=\"color: #ff0000;\"><img decoding=\"async\" class=\"\" src=\"https:\/\/intlhomestore.com\/layout\/one_1920\/images\/cst-email.png\" alt=\"\" \/>vetas1@ooook.com<\/span><\/div>\n","protected":false},"featured_media":28788,"comment_status":"open","ping_status":"closed","template":"","meta":[],"product_brand":[],"product_cat":[86,138,65,87],"product_tag":[],"class_list":{"0":"post-28787","1":"product","2":"type-product","3":"status-publish","4":"has-post-thumbnail","6":"product_cat-escritorios","7":"product_cat-mesa-de-computador","8":"product_cat-oficina","9":"product_cat-tipo-l","11":"first","12":"instock","13":"sale","14":"taxable","15":"shipping-taxable","16":"purchasable","17":"product-type-simple"},"_links":{"self":[{"href":"https:\/\/www.aguilamuebles.cl\/tienda\/wp-json\/wp\/v2\/product\/28787","targetHints":{"allow":["GET"]}}],"collection":[{"href":"https:\/\/www.aguilamuebles.cl\/tienda\/wp-json\/wp\/v2\/product"}],"about":[{"href":"https:\/\/www.aguilamuebles.cl\/tienda\/wp-json\/wp\/v2\/types\/product"}],"replies":[{"embeddable":true,"href":"https:\/\/www.aguilamuebles.cl\/tienda\/wp-json\/wp\/v2\/comments?post=28787"}],"wp:featuredmedia":[{"embeddable":true,"href":"https:\/\/www.aguilamuebles.cl\/tienda\/wp-json\/wp\/v2\/media\/28788"}],"wp:attachment":[{"href":"https:\/\/www.aguilamuebles.cl\/tienda\/wp-json\/wp\/v2\/media?parent=28787"}],"wp:term":[{"taxonomy":"product_brand","embeddable":true,"href":"https:\/\/www.aguilamuebles.cl\/tienda\/wp-json\/wp\/v2\/product_brand?post=28787"},{"taxonomy":"product_cat","embeddable":true,"href":"https:\/\/www.aguilamuebles.cl\/tienda\/wp-json\/wp\/v2\/product_cat?post=28787"},{"taxonomy":"product_tag","embeddable":true,"href":"https:\/\/www.aguilamuebles.cl\/tienda\/wp-json\/wp\/v2\/product_tag?post=28787"}],"curies":[{"name":"wp","href":"https:\/\/api.w.org\/{rel}","templated":true}]}}

<div>
<h3>Detalles</h3>
</div>
<p>El Escritorio modelo BG-J06L(1600) es el mueble que no puede faltar en tu hogar y/u oficina. De estilo clásico, este mueble organizador te será de gran utilidad a la hora de estudiar, hacer tareas o trabajar frente a un computador, sus bordes y esquinas suavemente redondeados evita lesiones accidentales y roces incomodos. Además, gracias a la simpleza de su diseño, podrás combinarlo con otros muebles de madera, tales como esquineros, estantes y repisas. Este versátil mueble cuenta también con 3 cajones con llaves donde podrás guardar documentos o implementos de escritorio.</p>
<ul>
<li>Producto se entrega desarmado, armado fácil, incluye herramientas.</li>
</ul>
<div>
<h3>Material</h3>
</div>
<ul>
<li>Estructura en Trupan Melaminado</li>
<li>Manilla de cajón metálica</li>
<li>Cajón con rieles metálicos</li>
</ul>
<h3><strong>Medida de embalaje: </strong></h3>
<ul>
<li>Caja1</li>
</ul>
<p>Ancho: <strong>163 cm </strong></p>
<p>Produndidad: <strong>123 cm</strong></p>
<p>Alto: <strong>4.8 cm</strong></p>
<p>Peso: <strong>41.5 kg </strong></p>
<ul>
<li> Caja2</li>
</ul>
<p>Ancho: <strong>75.5 cm</strong></p>
<p>Produndidad: 7<strong>2.5 cm</strong></p>
<p>Alto: <strong>10.8 cm</strong></p>
<p>Peso: <strong>30 kg</strong></p>
<h3 class="tab-header3">Dimensiones</h3>
<ul>
<li>Ancho: 160 cm</li>
<li>Profundidad: 120 cm</li>
<li>Altura: 75 cm</li>
</ul>
<p>&nbsp;</p>
<h3><span style="color: #ff0000;">Garantía</span></h3>
<ul>
<li><span style="color: #ff0000;">La garantía solo cubre fallas de fabricación.</span></li>
</ul>
<h3><span style="color: #ff0000;">Devoluciones</span></h3>
<ul>
<li><span style="color: #ff0000;">El cliente puede devolver un producto siempre y cuando esté en su embalaje original sin haber sido abierto, entiéndase sin uso y sin daños en sus piezas.</span></li>
<li><span style="color: #ff0000;">La devolución se acepta dentro de los 10 días corridos desde la fecha de emisión de la boleta o factura</span></li>
<li><span style="color: #ff0000;">El costo del flete de la devolución lo asume el cliente.</span></li>
</ul>
<h5><span style="color: #ff0000;">Precio publicado para Zona Franca, A OTRAS REGIONES SE APLICAN COSTOS EXTRAS : IVA(19%), Impuesto ad valorem(6%), generación de DIN y honorarios de Agencia de aduana.</span></h5>
<p><span style="color: #ff0000;">Infórmese en Manual de Zona Franca página 22.</span></p>
<h5><span style="color: #ff0000;"><b><em>El stock disponible de nuestros productos puede variar, por favor contáctenos para saber más a cerca de la disponibilidad de este producto o escríbenos a nuestro  <a style="color: #ff0000;" href="https://wa.me/56997056557">Whatsapp</a>.</em></b></span></h5>

<h5><span style="color: #ff0000;">AL RESTO DEL PAÍS $289.903</span></h5>
<div class="woocommerce-product-details__short-description">
<h5><span style="color: #ff0000;"><b><em>El stock disponible de nuestro producto puede variar, por favor contáctenos para saber más a cerca de la disponibilidad de este producto ó escríbenos a nuestro  <a style="color: #ff0000;" href="https://wa.me/56997056557">Whatsapp</a>.</em></b></span></h5>
</div>
<p class="stock available-on-backorder"><span style="color: #ff0000;">Disponible para Entrega Inmediata.</span></p>
<h5><span style="color: #ff0000;">Entrega a domicilio</span></h5>
<p><span style="color: #ff0000;">Este servicio se cobra por aparte. También puede retirar en nuestra Tienda, ubicado en Manzana E sitio 48E – Barrio Industrial (diagonal a la puerta 4 de Zofri).</span></p>
<p><span style="color: #ff0000;">Horario de atención de lunes a viernes.</span><br />
<span style="color: #ff0000;">De 8:30 a 14HRS y De 15 a 18:30HRS</span></p>
<div class="shareThis"><span class="socLeft" style="color: #ff0000;"><a style="color: #ff0000;"><img decoding="async" src="https://intlhomestore.com/layout/one_1920/images/cst-Facebook.png" alt="" />@Aguilamuebles.cl</a></span></div>
<div class="shareThis"><span class="socLeft" style="color: #ff0000;"><img decoding="async" class="" src="https://intlhomestore.com/layout/one_1920/images/cst-email.png" alt="" />vetas1@ooook.com</span></div>
