{"id":29083,"date":"2023-06-30T17:56:49","date_gmt":"2023-06-30T21:56:49","guid":{"rendered":"https:\/\/www.aguilamuebles.cl\/tienda\/?post_type=product&#038;p=29083"},"modified":"2025-05-05T10:49:30","modified_gmt":"2025-05-05T14:49:30","slug":"escritorio-electrico-altura-regulable-para-oficina-y-hogar-web-jx028-l160","status":"publish","type":"product","link":"https:\/\/www.aguilamuebles.cl\/tienda\/product\/escritorio-electrico-altura-regulable-para-oficina-y-hogar-web-jx028-l160\/","title":{"rendered":"Escritorio Electrico Altura Regulable para oficina y hogar WEB-JX028-L160"},"content":{"rendered":"<div>\n<h3>Detalles<\/h3>\n<\/div>\n<p>El Escritorio modelo WEB-JX028-L160 es el mueble que no puede faltar en tu hogar y\/u oficina. De estilo moderno, este mueble optimo te ser\u00e1 de gran utilidad a la hora de estudiar, hacer tareas o trabajar frente a un computador, sus bordes y esquinas suavemente redondeados evita lesiones accidentales y roces incomodos. Adem\u00e1s, gracias a la simpleza de su dise\u00f1o, podr\u00e1s combinarlo con otros muebles de madera, tales como esquineros, estantes y repisas.<\/p>\n<p>Estar sentado durante mucho tiempo te puede causar mente aturdido, hombros apretados, columna vertebral pierde su elasticidad, da\u00f1o en disco intervertebral, rigidez en la articulaci\u00f3n de la cadera y v\u00e1rices en las piernas y pies. Con este escritorio altura regulable puedes seguir en lo que haces estando parado, este movimiento te aliviara la tension del hombro, espalda y el cuello, ayuda la circulacion de sangre en todo el cuerpo y evita la fatiga para que sigues dando lo mejor de ti!<\/p>\n<p>&nbsp;<\/p>\n<ul>\n<li>Llega a su altura m\u00e1xima\/m\u00ednima en 12 segundos solo pulsando el bot\u00f3n.<\/li>\n<li>Electricidad Input: 100-240V~50\/60Hz 1.5A<\/li>\n<li>Electricidad Output: 29.0V===1.8A \u00a052.2W<\/li>\n<li>Producto se entrega desarmado, armado facil, incluye herramientas.<\/li>\n<\/ul>\n<h3 class=\"tab-header3\">Dimensiones.<\/h3>\n<ul class=\"qs-specs col-100 tm-border-grey-2 border-top-0 col-100 \">\n<li class=\"tm-table-fixed p-mobile-0 noliststyle \"><span class=\"font-12 col-50 p-mobile-2 wl-word-break tm-tcell-top ntxt\">Profundidad<\/span><span class=\"font-12 col-50 p-mobile-2 wl-word-break tm-tcell-top\">: 1.10 cm<\/span><\/li>\n<li class=\"tm-table-fixed p-mobile-0 noliststyle \"><span class=\"font-12 col-50 p-mobile-2 wl-word-break tm-tcell-top ntxt\">Ancho<\/span><span class=\"font-12 col-50 p-mobile-2 wl-word-break tm-tcell-top\">: 1.60 cm<\/span><\/li>\n<li class=\"tm-table-fixed p-mobile-0 noliststyle \"><span class=\"font-12 col-50 p-mobile-2 wl-word-break tm-tcell-top ntxt\">Altura<\/span><span class=\"font-12 col-50 p-mobile-2 wl-word-break tm-tcell-top\">: 70 \/ 1.20 cm<\/span><\/li>\n<\/ul>\n<div>\n<h3>Material<\/h3>\n<\/div>\n<ul>\n<li>Estructura en Metal<\/li>\n<li>Escritorio en Trupan Melaminad<\/li>\n<li>Caja1 : 105cm x 39cm x 16cm 26.5kg\u00a0 \u00a0Caja2: 170cm x 120cm x 4.8cm 18kg<\/li>\n<\/ul>\n<div class=\"woocommerce-tabs wc-tabs-wrapper tabs-layout-tabs\">\n<div class=\"woodmart-tab-wrapper\">\n<div id=\"tab-description\" class=\"woocommerce-Tabs-panel woocommerce-Tabs-panel--description panel entry-content wc-tab\">\n<div class=\"wc-tab-inner \">\n<div class=\"\">\n<h5><span style=\"color: #ff0000;\"><b>GARANT\u00cdA LEGAL<\/b><\/span><\/h5>\n<p><span style=\"color: #ff0000;\">Los productos poseen una garant\u00eda de 3 meses establecida por la Ley 19.496 Sobre Protecci\u00f3n de los Derechos de Los Consumidores, contados desde la fecha de recepci\u00f3n del producto, en caso de fallas o deficiencias que afecten el uso al cual est\u00e1 destinado el producto. De acuerdo con la ley de protecci\u00f3n al consumidor, en caso de falla del producto tiene el derecho a elegir entre las siguientes opciones:<\/span><\/p>\n<ol type=\"I\">\n<li><span style=\"color: #ff0000;\">Reparaci\u00f3n gratuita del producto.<\/span><\/li>\n<li><span style=\"color: #ff0000;\">Reposici\u00f3n o cambio.<\/span><\/li>\n<li><span style=\"color: #ff0000;\">La devoluci\u00f3n del dinero pagado.<\/span><\/li>\n<\/ol>\n<p><span style=\"color: #ff0000;\">Para ejercer este derecho, se deben determinar preliminarmente las causas de falla del producto. No podr\u00e1 ejercer este derecho cuando el deterioro sea imputable al cliente por su mal uso .<\/span><\/p>\n<h5><span style=\"color: #ff0000;\">Precio publicado para Zona Franca, A OTRAS REGIONES SE APLICAN COSTOS EXTRAS : IVA(19%), Impuesto ad valorem(6%), generaci\u00f3n de DIN y honorarios de Agencia de aduana.<\/span><\/h5>\n<p><span style=\"color: #ff0000;\">Inf\u00f3rmese en Manual de Zona Franca p\u00e1gina 22.<\/span><\/p>\n<p><span style=\"color: #ff0000;\"><b><em>El stock disponible de nuestro producto puede variar, por favor cont\u00e1ctenos para saber m\u00e1s a cerca de la disponibilidad de este producto \u00f3 escr\u00edbenos a nuestro \u00a0<a style=\"color: #ff0000;\" href=\"https:\/\/wa.me\/56997056557\">Whatsapp<\/a>.<\/em><\/b><\/span><\/p>\n<\/div>\n<\/div>\n<\/div>\n<\/div>\n<\/div>\n","protected":false},"excerpt":{"rendered":"<div class=\"woocommerce-product-details__short-description\">\n<div class=\"woocommerce-product-details__short-description\">\n<h5><span style=\"color: #ff0000;\">AL RESTO DEL PA\u00cdS $426.034<\/span><\/h5>\n<h5><b style=\"color: #ff0000;\"><em>El stock disponible de nuestro producto puede variar, por favor cont\u00e1ctenos para saber m\u00e1s a cerca de la disponibilidad de este producto \u00f3 escr\u00edbenos a nuestro \u00a0<a style=\"color: #ff0000;\" href=\"https:\/\/wa.me\/56997056557\">Whatsapp<\/a>.<\/em><\/b><\/h5>\n<p class=\"stock available-on-backorder\"><span style=\"color: #ff0000;\">Disponible para Entrega Inmediata.<\/span><\/p>\n<h5><span style=\"color: #ff0000;\">Entrega a domicilio<\/span><\/h5>\n<p><span style=\"color: #ff0000;\">Este servicio se cobra por aparte. Tambi\u00e9n puede retirar en nuestra Tienda, ubicado en Manzana E sitio 48E \u2013 Barrio Industrial (diagonal a la puerta 4 de Zofri).<\/span><\/p>\n<p><span style=\"color: #ff0000;\">Horario de atenci\u00f3n de lunes a viernes.<\/span><br \/>\n<span style=\"color: #ff0000;\">De 8:30 a 14HRS y De 15 a 18:30HRS<\/span><\/p>\n<div class=\"shareThis\"><span class=\"socLeft\" style=\"color: #ff0000;\"><a style=\"color: #ff0000;\"><img decoding=\"async\" src=\"https:\/\/intlhomestore.com\/layout\/one_1920\/images\/cst-Facebook.png\" alt=\"\" \/>@Aguilamuebles.cl<\/a><\/span><\/div>\n<div class=\"shareThis\"><span class=\"socLeft\" style=\"color: #ff0000;\"><img decoding=\"async\" class=\"\" src=\"https:\/\/intlhomestore.com\/layout\/one_1920\/images\/cst-email.png\" alt=\"\" \/>vetas1@ooook.com<\/span><\/div>\n<\/div>\n<\/div>\n<form class=\"cart\" action=\"https:\/\/www.aguilamuebles.cl\/tienda\/product\/mcgann-sillon-reclinable-de-ashley\/\" enctype=\"multipart\/form-data\" method=\"post\">\n<div class=\"quantity\"><\/div>\n<\/form>\n","protected":false},"featured_media":29084,"comment_status":"open","ping_status":"closed","template":"","meta":[],"product_brand":[],"product_cat":[86,138,65,87],"product_tag":[],"class_list":{"0":"post-29083","1":"product","2":"type-product","3":"status-publish","4":"has-post-thumbnail","6":"product_cat-escritorios","7":"product_cat-mesa-de-computador","8":"product_cat-oficina","9":"product_cat-tipo-l","11":"first","12":"instock","13":"sale","14":"taxable","15":"shipping-taxable","16":"purchasable","17":"product-type-simple"},"_links":{"self":[{"href":"https:\/\/www.aguilamuebles.cl\/tienda\/wp-json\/wp\/v2\/product\/29083","targetHints":{"allow":["GET"]}}],"collection":[{"href":"https:\/\/www.aguilamuebles.cl\/tienda\/wp-json\/wp\/v2\/product"}],"about":[{"href":"https:\/\/www.aguilamuebles.cl\/tienda\/wp-json\/wp\/v2\/types\/product"}],"replies":[{"embeddable":true,"href":"https:\/\/www.aguilamuebles.cl\/tienda\/wp-json\/wp\/v2\/comments?post=29083"}],"wp:featuredmedia":[{"embeddable":true,"href":"https:\/\/www.aguilamuebles.cl\/tienda\/wp-json\/wp\/v2\/media\/29084"}],"wp:attachment":[{"href":"https:\/\/www.aguilamuebles.cl\/tienda\/wp-json\/wp\/v2\/media?parent=29083"}],"wp:term":[{"taxonomy":"product_brand","embeddable":true,"href":"https:\/\/www.aguilamuebles.cl\/tienda\/wp-json\/wp\/v2\/product_brand?post=29083"},{"taxonomy":"product_cat","embeddable":true,"href":"https:\/\/www.aguilamuebles.cl\/tienda\/wp-json\/wp\/v2\/product_cat?post=29083"},{"taxonomy":"product_tag","embeddable":true,"href":"https:\/\/www.aguilamuebles.cl\/tienda\/wp-json\/wp\/v2\/product_tag?post=29083"}],"curies":[{"name":"wp","href":"https:\/\/api.w.org\/{rel}","templated":true}]}}

<div>
<h3>Detalles</h3>
</div>
<p>El Escritorio modelo WEB-JX028-L160 es el mueble que no puede faltar en tu hogar y/u oficina. De estilo moderno, este mueble optimo te será de gran utilidad a la hora de estudiar, hacer tareas o trabajar frente a un computador, sus bordes y esquinas suavemente redondeados evita lesiones accidentales y roces incomodos. Además, gracias a la simpleza de su diseño, podrás combinarlo con otros muebles de madera, tales como esquineros, estantes y repisas.</p>
<p>Estar sentado durante mucho tiempo te puede causar mente aturdido, hombros apretados, columna vertebral pierde su elasticidad, daño en disco intervertebral, rigidez en la articulación de la cadera y várices en las piernas y pies. Con este escritorio altura regulable puedes seguir en lo que haces estando parado, este movimiento te aliviara la tension del hombro, espalda y el cuello, ayuda la circulacion de sangre en todo el cuerpo y evita la fatiga para que sigues dando lo mejor de ti!</p>
<p>&nbsp;</p>
<ul>
<li>Llega a su altura máxima/mínima en 12 segundos solo pulsando el botón.</li>
<li>Electricidad Input: 100-240V~50/60Hz 1.5A</li>
<li>Electricidad Output: 29.0V===1.8A  52.2W</li>
<li>Producto se entrega desarmado, armado facil, incluye herramientas.</li>
</ul>
<h3 class="tab-header3">Dimensiones.</h3>
<ul class="qs-specs col-100 tm-border-grey-2 border-top-0 col-100 ">
<li class="tm-table-fixed p-mobile-0 noliststyle "><span class="font-12 col-50 p-mobile-2 wl-word-break tm-tcell-top ntxt">Profundidad</span><span class="font-12 col-50 p-mobile-2 wl-word-break tm-tcell-top">: 1.10 cm</span></li>
<li class="tm-table-fixed p-mobile-0 noliststyle "><span class="font-12 col-50 p-mobile-2 wl-word-break tm-tcell-top ntxt">Ancho</span><span class="font-12 col-50 p-mobile-2 wl-word-break tm-tcell-top">: 1.60 cm</span></li>
<li class="tm-table-fixed p-mobile-0 noliststyle "><span class="font-12 col-50 p-mobile-2 wl-word-break tm-tcell-top ntxt">Altura</span><span class="font-12 col-50 p-mobile-2 wl-word-break tm-tcell-top">: 70 / 1.20 cm</span></li>
</ul>
<div>
<h3>Material</h3>
</div>
<ul>
<li>Estructura en Metal</li>
<li>Escritorio en Trupan Melaminad</li>
<li>Caja1 : 105cm x 39cm x 16cm 26.5kg   Caja2: 170cm x 120cm x 4.8cm 18kg</li>
</ul>
<div class="woocommerce-tabs wc-tabs-wrapper tabs-layout-tabs">
<div class="woodmart-tab-wrapper">
<div id="tab-description" class="woocommerce-Tabs-panel woocommerce-Tabs-panel--description panel entry-content wc-tab">
<div class="wc-tab-inner ">
<div class="">
<h5><span style="color: #ff0000;"><b>GARANTÍA LEGAL</b></span></h5>
<p><span style="color: #ff0000;">Los productos poseen una garantía de 3 meses establecida por la Ley 19.496 Sobre Protección de los Derechos de Los Consumidores, contados desde la fecha de recepción del producto, en caso de fallas o deficiencias que afecten el uso al cual está destinado el producto. De acuerdo con la ley de protección al consumidor, en caso de falla del producto tiene el derecho a elegir entre las siguientes opciones:</span></p>
<ol type="I">
<li><span style="color: #ff0000;">Reparación gratuita del producto.</span></li>
<li><span style="color: #ff0000;">Reposición o cambio.</span></li>
<li><span style="color: #ff0000;">La devolución del dinero pagado.</span></li>
</ol>
<p><span style="color: #ff0000;">Para ejercer este derecho, se deben determinar preliminarmente las causas de falla del producto. No podrá ejercer este derecho cuando el deterioro sea imputable al cliente por su mal uso .</span></p>
<h5><span style="color: #ff0000;">Precio publicado para Zona Franca, A OTRAS REGIONES SE APLICAN COSTOS EXTRAS : IVA(19%), Impuesto ad valorem(6%), generación de DIN y honorarios de Agencia de aduana.</span></h5>
<p><span style="color: #ff0000;">Infórmese en Manual de Zona Franca página 22.</span></p>
<p><span style="color: #ff0000;"><b><em>El stock disponible de nuestro producto puede variar, por favor contáctenos para saber más a cerca de la disponibilidad de este producto ó escríbenos a nuestro  <a style="color: #ff0000;" href="https://wa.me/56997056557">Whatsapp</a>.</em></b></span></p>
</div>
</div>
</div>
</div>
</div>

<div class="woocommerce-product-details__short-description">
<div class="woocommerce-product-details__short-description">
<h5><span style="color: #ff0000;">AL RESTO DEL PAÍS $426.034</span></h5>
<h5><b style="color: #ff0000;"><em>El stock disponible de nuestro producto puede variar, por favor contáctenos para saber más a cerca de la disponibilidad de este producto ó escríbenos a nuestro  <a style="color: #ff0000;" href="https://wa.me/56997056557">Whatsapp</a>.</em></b></h5>
<p class="stock available-on-backorder"><span style="color: #ff0000;">Disponible para Entrega Inmediata.</span></p>
<h5><span style="color: #ff0000;">Entrega a domicilio</span></h5>
<p><span style="color: #ff0000;">Este servicio se cobra por aparte. También puede retirar en nuestra Tienda, ubicado en Manzana E sitio 48E – Barrio Industrial (diagonal a la puerta 4 de Zofri).</span></p>
<p><span style="color: #ff0000;">Horario de atención de lunes a viernes.</span><br />
<span style="color: #ff0000;">De 8:30 a 14HRS y De 15 a 18:30HRS</span></p>
<div class="shareThis"><span class="socLeft" style="color: #ff0000;"><a style="color: #ff0000;"><img decoding="async" src="https://intlhomestore.com/layout/one_1920/images/cst-Facebook.png" alt="" />@Aguilamuebles.cl</a></span></div>
<div class="shareThis"><span class="socLeft" style="color: #ff0000;"><img decoding="async" class="" src="https://intlhomestore.com/layout/one_1920/images/cst-email.png" alt="" />vetas1@ooook.com</span></div>
</div>
</div>
<form class="cart" action="https://www.aguilamuebles.cl/tienda/product/mcgann-sillon-reclinable-de-ashley/" enctype="multipart/form-data" method="post">
<div class="quantity"></div>
</form>
