{"id":29105,"date":"2023-06-28T13:37:16","date_gmt":"2023-06-28T17:37:16","guid":{"rendered":"https:\/\/www.aguilamuebles.cl\/tienda\/?post_type=product&#038;p=29105"},"modified":"2025-10-10T08:45:58","modified_gmt":"2025-10-10T12:45:58","slug":"escritorio-electrico-altura-regulable-para-oficina-y-hogar-web-s01b","status":"publish","type":"product","link":"https:\/\/www.aguilamuebles.cl\/tienda\/product\/escritorio-electrico-altura-regulable-para-oficina-y-hogar-web-s01b\/","title":{"rendered":"Mesa de Reunion para 8 o 10 personas para oficina WEB-S01B"},"content":{"rendered":"<div>\n<h3>Detalles<\/h3>\n<\/div>\n<p>Te presentamos nuestra moderna y elegante mesa de reuni\u00f3n, perfecta para mantener tu equipo conectado durante tus reuniones. La mesa cuenta con patas de metal negras y un escritorio de color walnut, lo que la hace resistente y duradera para un uso diario. Adem\u00e1s, en el centro de la mesa se encuentra un pr\u00e1ctico\u00a0sistema de gesti\u00f3n de cables, que permite conectar f\u00e1cilmente los equipos electr\u00f3nicos que necesites en tus reuniones, desde laptops hasta proyectores.<\/p>\n<p>La mesa de reuni\u00f3n es espaciosa y c\u00f3moda, ofreciendo amplio espacio para trabajar, tomar notas y colocar dispositivos electr\u00f3nicos. Tambi\u00e9n cuenta con un dise\u00f1o elegante que se adapta a cualquier decoraci\u00f3n de oficina, lo que la hace perfecta tanto para el hogar como para la oficina.<\/p>\n<p>El sistema de gesti\u00f3n de cables en el centro, lo que permite una f\u00e1cil conexi\u00f3n de tus dispositivos electr\u00f3nicos durante tus reuniones. Este sistema mantiene los cables organizados lo que reduce el riesgo de accidentes y tropiezos.<\/p>\n<p>En resumen, si buscas una mesa de reuni\u00f3n moderna y funcional que mantenga a tu equipo conectado y organizado durante tus reuniones, nuestra mesa de reuni\u00f3n con patas de metal negras, escritorio de color walnut y orificio para pasar cables es la elecci\u00f3n perfecta. \u00a1Haz tu pedido ahora y disfruta de una mesa de reuni\u00f3n funcional y elegante en tus pr\u00f3ximas reuniones de trabajo!<\/p>\n<ul>\n<li>Producto se entrega desarmado, armado facil, incluye herramientas.<\/li>\n<\/ul>\n<h3 class=\"tab-header3\">Dimensiones.<\/h3>\n<ul class=\"qs-specs col-100 tm-border-grey-2 border-top-0 col-100 \">\n<li class=\"tm-table-fixed p-mobile-0 noliststyle \"><span class=\"font-12 col-50 p-mobile-2 wl-word-break tm-tcell-top ntxt\">Profundidad<\/span><span class=\"font-12 col-50 p-mobile-2 wl-word-break tm-tcell-top\">: 2.40 cm<\/span><\/li>\n<li class=\"tm-table-fixed p-mobile-0 noliststyle \"><span class=\"font-12 col-50 p-mobile-2 wl-word-break tm-tcell-top ntxt\">Ancho<\/span><span class=\"font-12 col-50 p-mobile-2 wl-word-break tm-tcell-top\">: 1.20 cm<\/span><\/li>\n<li class=\"tm-table-fixed p-mobile-0 noliststyle \"><span class=\"font-12 col-50 p-mobile-2 wl-word-break tm-tcell-top ntxt\">Altura<\/span><span class=\"font-12 col-50 p-mobile-2 wl-word-break tm-tcell-top\">: 75 cm<\/span><\/li>\n<\/ul>\n<div>\n<h3>Material<\/h3>\n<\/div>\n<ul>\n<li>Estructura en Metal<\/li>\n<li>Escritorio en Trupan Melaminad<\/li>\n<li>Caja : 130cm x 70cm x 18.5cm 47.5kg<\/li>\n<\/ul>\n<h5><span style=\"color: #ff0000;\"><b>GARANT\u00cdA LEGAL<\/b><\/span><\/h5>\n<p><span style=\"color: #ff0000;\">Los productos poseen una garant\u00eda de 3 meses establecida por la Ley 19.496 Sobre Protecci\u00f3n de los Derechos de Los Consumidores, contados desde la fecha de recepci\u00f3n del producto, en caso de fallas o deficiencias que afecten el uso al cual est\u00e1 destinado el producto. De acuerdo con la ley de protecci\u00f3n al consumidor, en caso de falla del producto tiene el derecho a elegir entre las siguientes opciones:<\/span><\/p>\n<ol type=\"I\">\n<li><span style=\"color: #ff0000;\">Reparaci\u00f3n gratuita del producto.<\/span><\/li>\n<li><span style=\"color: #ff0000;\">Reposici\u00f3n o cambio.<\/span><\/li>\n<li><span style=\"color: #ff0000;\">La devoluci\u00f3n del dinero pagado.<\/span><\/li>\n<\/ol>\n<p><span style=\"color: #ff0000;\">Para ejercer este derecho, se deben determinar preliminarmente las causas de falla del producto. No podr\u00e1 ejercer este derecho cuando el deterioro sea imputable al cliente por su mal uso .<\/span><\/p>\n<h5><span style=\"color: #ff0000;\">Precio publicado para Zona Franca, A OTRAS REGIONES SE APLICAN COSTOS EXTRAS : IVA(19%), Impuesto ad valorem(6%), generaci\u00f3n de DIN y honorarios de Agencia de aduana.<\/span><\/h5>\n<p><span style=\"color: #ff0000;\">Inf\u00f3rmese en Manual de Zona Franca p\u00e1gina 22.<\/span><\/p>\n<p><span style=\"color: #ff0000;\"><b><em>El stock disponible de nuestro producto puede variar, por favor cont\u00e1ctenos para saber m\u00e1s a cerca de la disponibilidad de este producto \u00f3 escr\u00edbenos a nuestro \u00a0<a style=\"color: #ff0000;\" href=\"https:\/\/wa.me\/56997056557\">Whatsapp<\/a>.<\/em><\/b><\/span><\/p>\n","protected":false},"excerpt":{"rendered":"<h5><span style=\"color: #ff0000;\">AL RESTO DEL PA\u00cdS $230.517<\/span><\/h5>\n<div class=\"woocommerce-product-details__short-description\">\n<h5><span style=\"color: #ff0000;\"><b><em>El stock disponible de nuestro producto puede variar, por favor cont\u00e1ctenos para saber m\u00e1s a cerca de la disponibilidad de este producto \u00f3 escr\u00edbenos a nuestro \u00a0<a style=\"color: #ff0000;\" href=\"https:\/\/wa.me\/56997056557\">Whatsapp<\/a>.<\/em><\/b><\/span><\/h5>\n<\/div>\n<p class=\"stock available-on-backorder\"><span style=\"color: #ff0000;\">Disponible para Entrega Inmediata.<\/span><\/p>\n<h5><span style=\"color: #ff0000;\">Entrega a domicilio<\/span><\/h5>\n<p><span style=\"color: #ff0000;\">Este servicio se cobra por aparte. Tambi\u00e9n puede retirar en nuestra Tienda, ubicado en Manzana E sitio 48E \u2013 Barrio Industrial (diagonal a la puerta 4 de Zofri).<\/span><\/p>\n<p><span style=\"color: #ff0000;\">Horario de atenci\u00f3n de lunes a viernes.<\/span><br \/>\n<span style=\"color: #ff0000;\">De 8:30 a 14HRS y De 15 a 18:30HRS<\/span><\/p>\n<div class=\"shareThis\"><span class=\"socLeft\" style=\"color: #ff0000;\"><a style=\"color: #ff0000;\"><img decoding=\"async\" src=\"https:\/\/intlhomestore.com\/layout\/one_1920\/images\/cst-Facebook.png\" alt=\"\" \/>@Aguilamuebles.cl<\/a><\/span><\/div>\n<div class=\"shareThis\"><span class=\"socLeft\" style=\"color: #ff0000;\"><img decoding=\"async\" class=\"\" src=\"https:\/\/intlhomestore.com\/layout\/one_1920\/images\/cst-email.png\" alt=\"\" \/>vetas1@ooook.com<\/span><\/div>\n","protected":false},"featured_media":29106,"comment_status":"open","ping_status":"closed","template":"","meta":[],"product_brand":[],"product_cat":[86,138,65],"product_tag":[],"class_list":{"0":"post-29105","1":"product","2":"type-product","3":"status-publish","4":"has-post-thumbnail","6":"product_cat-escritorios","7":"product_cat-mesa-de-computador","8":"product_cat-oficina","10":"first","11":"instock","12":"sale","13":"taxable","14":"shipping-taxable","15":"purchasable","16":"product-type-simple"},"_links":{"self":[{"href":"https:\/\/www.aguilamuebles.cl\/tienda\/wp-json\/wp\/v2\/product\/29105","targetHints":{"allow":["GET"]}}],"collection":[{"href":"https:\/\/www.aguilamuebles.cl\/tienda\/wp-json\/wp\/v2\/product"}],"about":[{"href":"https:\/\/www.aguilamuebles.cl\/tienda\/wp-json\/wp\/v2\/types\/product"}],"replies":[{"embeddable":true,"href":"https:\/\/www.aguilamuebles.cl\/tienda\/wp-json\/wp\/v2\/comments?post=29105"}],"wp:featuredmedia":[{"embeddable":true,"href":"https:\/\/www.aguilamuebles.cl\/tienda\/wp-json\/wp\/v2\/media\/29106"}],"wp:attachment":[{"href":"https:\/\/www.aguilamuebles.cl\/tienda\/wp-json\/wp\/v2\/media?parent=29105"}],"wp:term":[{"taxonomy":"product_brand","embeddable":true,"href":"https:\/\/www.aguilamuebles.cl\/tienda\/wp-json\/wp\/v2\/product_brand?post=29105"},{"taxonomy":"product_cat","embeddable":true,"href":"https:\/\/www.aguilamuebles.cl\/tienda\/wp-json\/wp\/v2\/product_cat?post=29105"},{"taxonomy":"product_tag","embeddable":true,"href":"https:\/\/www.aguilamuebles.cl\/tienda\/wp-json\/wp\/v2\/product_tag?post=29105"}],"curies":[{"name":"wp","href":"https:\/\/api.w.org\/{rel}","templated":true}]}}

<div>
<h3>Detalles</h3>
</div>
<p>Te presentamos nuestra moderna y elegante mesa de reunión, perfecta para mantener tu equipo conectado durante tus reuniones. La mesa cuenta con patas de metal negras y un escritorio de color walnut, lo que la hace resistente y duradera para un uso diario. Además, en el centro de la mesa se encuentra un práctico sistema de gestión de cables, que permite conectar fácilmente los equipos electrónicos que necesites en tus reuniones, desde laptops hasta proyectores.</p>
<p>La mesa de reunión es espaciosa y cómoda, ofreciendo amplio espacio para trabajar, tomar notas y colocar dispositivos electrónicos. También cuenta con un diseño elegante que se adapta a cualquier decoración de oficina, lo que la hace perfecta tanto para el hogar como para la oficina.</p>
<p>El sistema de gestión de cables en el centro, lo que permite una fácil conexión de tus dispositivos electrónicos durante tus reuniones. Este sistema mantiene los cables organizados lo que reduce el riesgo de accidentes y tropiezos.</p>
<p>En resumen, si buscas una mesa de reunión moderna y funcional que mantenga a tu equipo conectado y organizado durante tus reuniones, nuestra mesa de reunión con patas de metal negras, escritorio de color walnut y orificio para pasar cables es la elección perfecta. ¡Haz tu pedido ahora y disfruta de una mesa de reunión funcional y elegante en tus próximas reuniones de trabajo!</p>
<ul>
<li>Producto se entrega desarmado, armado facil, incluye herramientas.</li>
</ul>
<h3 class="tab-header3">Dimensiones.</h3>
<ul class="qs-specs col-100 tm-border-grey-2 border-top-0 col-100 ">
<li class="tm-table-fixed p-mobile-0 noliststyle "><span class="font-12 col-50 p-mobile-2 wl-word-break tm-tcell-top ntxt">Profundidad</span><span class="font-12 col-50 p-mobile-2 wl-word-break tm-tcell-top">: 2.40 cm</span></li>
<li class="tm-table-fixed p-mobile-0 noliststyle "><span class="font-12 col-50 p-mobile-2 wl-word-break tm-tcell-top ntxt">Ancho</span><span class="font-12 col-50 p-mobile-2 wl-word-break tm-tcell-top">: 1.20 cm</span></li>
<li class="tm-table-fixed p-mobile-0 noliststyle "><span class="font-12 col-50 p-mobile-2 wl-word-break tm-tcell-top ntxt">Altura</span><span class="font-12 col-50 p-mobile-2 wl-word-break tm-tcell-top">: 75 cm</span></li>
</ul>
<div>
<h3>Material</h3>
</div>
<ul>
<li>Estructura en Metal</li>
<li>Escritorio en Trupan Melaminad</li>
<li>Caja : 130cm x 70cm x 18.5cm 47.5kg</li>
</ul>
<h5><span style="color: #ff0000;"><b>GARANTÍA LEGAL</b></span></h5>
<p><span style="color: #ff0000;">Los productos poseen una garantía de 3 meses establecida por la Ley 19.496 Sobre Protección de los Derechos de Los Consumidores, contados desde la fecha de recepción del producto, en caso de fallas o deficiencias que afecten el uso al cual está destinado el producto. De acuerdo con la ley de protección al consumidor, en caso de falla del producto tiene el derecho a elegir entre las siguientes opciones:</span></p>
<ol type="I">
<li><span style="color: #ff0000;">Reparación gratuita del producto.</span></li>
<li><span style="color: #ff0000;">Reposición o cambio.</span></li>
<li><span style="color: #ff0000;">La devolución del dinero pagado.</span></li>
</ol>
<p><span style="color: #ff0000;">Para ejercer este derecho, se deben determinar preliminarmente las causas de falla del producto. No podrá ejercer este derecho cuando el deterioro sea imputable al cliente por su mal uso .</span></p>
<h5><span style="color: #ff0000;">Precio publicado para Zona Franca, A OTRAS REGIONES SE APLICAN COSTOS EXTRAS : IVA(19%), Impuesto ad valorem(6%), generación de DIN y honorarios de Agencia de aduana.</span></h5>
<p><span style="color: #ff0000;">Infórmese en Manual de Zona Franca página 22.</span></p>
<p><span style="color: #ff0000;"><b><em>El stock disponible de nuestro producto puede variar, por favor contáctenos para saber más a cerca de la disponibilidad de este producto ó escríbenos a nuestro  <a style="color: #ff0000;" href="https://wa.me/56997056557">Whatsapp</a>.</em></b></span></p>

<h5><span style="color: #ff0000;">AL RESTO DEL PAÍS $230.517</span></h5>
<div class="woocommerce-product-details__short-description">
<h5><span style="color: #ff0000;"><b><em>El stock disponible de nuestro producto puede variar, por favor contáctenos para saber más a cerca de la disponibilidad de este producto ó escríbenos a nuestro  <a style="color: #ff0000;" href="https://wa.me/56997056557">Whatsapp</a>.</em></b></span></h5>
</div>
<p class="stock available-on-backorder"><span style="color: #ff0000;">Disponible para Entrega Inmediata.</span></p>
<h5><span style="color: #ff0000;">Entrega a domicilio</span></h5>
<p><span style="color: #ff0000;">Este servicio se cobra por aparte. También puede retirar en nuestra Tienda, ubicado en Manzana E sitio 48E – Barrio Industrial (diagonal a la puerta 4 de Zofri).</span></p>
<p><span style="color: #ff0000;">Horario de atención de lunes a viernes.</span><br />
<span style="color: #ff0000;">De 8:30 a 14HRS y De 15 a 18:30HRS</span></p>
<div class="shareThis"><span class="socLeft" style="color: #ff0000;"><a style="color: #ff0000;"><img decoding="async" src="https://intlhomestore.com/layout/one_1920/images/cst-Facebook.png" alt="" />@Aguilamuebles.cl</a></span></div>
<div class="shareThis"><span class="socLeft" style="color: #ff0000;"><img decoding="async" class="" src="https://intlhomestore.com/layout/one_1920/images/cst-email.png" alt="" />vetas1@ooook.com</span></div>
