{"id":30530,"date":"2023-07-10T16:51:40","date_gmt":"2023-07-10T20:51:40","guid":{"rendered":"https:\/\/www.aguilamuebles.cl\/tienda\/?post_type=product&#038;p=30530"},"modified":"2025-08-18T17:09:29","modified_gmt":"2025-08-18T21:09:29","slug":"sofa-bed-chaise-longue-de-dy-lab-173n102xs-p3%ef%bc%88bt-5%ef%bc%89","status":"publish","type":"product","link":"https:\/\/www.aguilamuebles.cl\/tienda\/product\/sofa-bed-chaise-longue-de-dy-lab-173n102xs-p3%ef%bc%88bt-5%ef%bc%89\/","title":{"rendered":"Sof\u00e1 Cama \/ Fut\u00f3n Color Gris AD-LAB-173N-GRY"},"content":{"rendered":"<div class=\"col-xs-12 col-sm-8 col-md-8\">\n<h5>DETALLES<\/h5>\n<p>\u00a1Descubre la comodidad y la versatilidad del sof\u00e1 cama chaise longue DY-LAB-173N102XS-P3! Este fut\u00f3n sof\u00e1 cama combina a la perfecci\u00f3n estilo y funcionalidad, brind\u00e1ndote una soluci\u00f3n perfecta para aprovechar al m\u00e1ximo tu espacio.<\/p>\n<p>Caracter\u00edsticas destacadas:<\/p>\n<ol>\n<li>Dise\u00f1o moderno y elegante: El sof\u00e1 cama chaise longue DY-LAB-173N102XS-P3 cuenta con un dise\u00f1o contempor\u00e1neo que se adapta a cualquier estilo de decoraci\u00f3n. Sus l\u00edneas limpias y su acabado sofisticado a\u00f1aden un toque de estilo a tu hogar.<\/li>\n<li>Funci\u00f3n de conversi\u00f3n f\u00e1cil: Convierte este sof\u00e1 en una c\u00f3moda cama en cuesti\u00f3n de segundos. Gracias a su mecanismo de conversi\u00f3n sencillo, puedes transformarlo r\u00e1pidamente seg\u00fan tus necesidades. \u00a1Perfecto para invitados inesperados o para crear un espacio adicional para dormir.<\/li>\n<\/ol>\n<p>Aprovecha al m\u00e1ximo tu espacio sin comprometer el estilo con el sof\u00e1 cama chaise longue DY-LAB-173N102XS-P3. Su dise\u00f1o moderno, su f\u00e1cil conversi\u00f3n y su comodidad excepcional hacen de este fut\u00f3n sof\u00e1 cama la elecci\u00f3n perfecta para tu hogar. \u00a1Obt\u00e9n el tuyo hoy y disfruta de la versatilidad que ofrece!<\/p>\n<\/div>\n<div class=\"col-xs-12 col-sm-4 col-md-4 dimensionCustom\">\n<div class=\"detail-row\">\n<h5><b>DIMENSIONES<\/b><\/h5>\n<ul class=\"dimCustomCls\">\n<li>Ancho: 1.65 cm<\/li>\n<li>Profundidad: 75 cm<\/li>\n<li>Alto: 75 cm<\/li>\n<li>Peso: 26 kg<\/li>\n<\/ul>\n<h5><b>DIMENSIONES<\/b><\/h5>\n<ul class=\"dimCustomCls\">\n<li>Ancho: 1.70 cm<\/li>\n<li>Profundidad: 1.00 cm<\/li>\n<li>Alto: 21 cm<\/li>\n<li>Peso: 30 kg<\/li>\n<\/ul>\n<h3><span style=\"color: #ff0000;\">Garant\u00eda<\/span><\/h3>\n<ul>\n<li><span style=\"color: #ff0000;\">La garant\u00eda solo cubre fallas de fabricaci\u00f3n.<\/span><\/li>\n<\/ul>\n<h3><span style=\"color: #ff0000;\">Devoluciones<\/span><\/h3>\n<ul>\n<li><span style=\"color: #ff0000;\">El cliente puede devolver un producto siempre y cuando est\u00e9 en su embalaje original sin haber sido abierto, enti\u00e9ndase sin uso y sin da\u00f1os en sus piezas.<\/span><\/li>\n<li><span style=\"color: #ff0000;\">La devoluci\u00f3n se acepta dentro de los 10 d\u00edas corridos desde la fecha de emisi\u00f3n de la boleta o factura<\/span><\/li>\n<li><span style=\"color: #ff0000;\">El costo del flete de la devoluci\u00f3n lo asume el cliente.<\/span><\/li>\n<\/ul>\n<h5><span style=\"color: #ff0000;\">Precio publicado para Zona Franca, A OTRAS REGIONES SE APLICAN COSTOS EXTRAS : IVA(19%), Impuesto ad valorem(6%), generaci\u00f3n de DIN y honorarios de Agencia de aduana.<\/span><\/h5>\n<p><span style=\"color: #ff0000;\">Inf\u00f3rmese en Manual de Zona Franca p\u00e1gina 22.<\/span><\/p>\n<p><span style=\"color: #ff0000;\"><b><em>El stock disponible de nuestro producto puede variar, por favor cont\u00e1ctenos para saber m\u00e1s a cerca de la disponibilidad de este producto \u00f3 escr\u00edbenos a nuestro \u00a0<a style=\"color: #ff0000;\" href=\"https:\/\/wa.me\/56997056557\">Whatsapp<\/a>.<\/em><\/b><\/span><\/p>\n<\/div>\n<\/div>\n","protected":false},"excerpt":{"rendered":"<div class=\"woocommerce-product-details__short-description\">\n<h5><span style=\"color: #ff0000;\">AL RESTO DEL PA\u00cdS $150.107<\/span><\/h5>\n<h5><span style=\"color: #ff0000;\"><b><em>El stock disponible de nuestro producto puede variar, por favor cont\u00e1ctenos para saber m\u00e1s a cerca de la disponibilidad de este producto \u00f3 escr\u00edbenos a nuestro \u00a0<a style=\"color: #ff0000;\" href=\"https:\/\/wa.me\/56997056557\">Whatsapp<\/a>.<\/em><\/b><\/span><\/h5>\n<\/div>\n<p class=\"stock available-on-backorder\"><span style=\"color: #ff0000;\">Disponible para Entrega Inmediata.<\/span><\/p>\n<h5><span style=\"color: #ff0000;\">Entrega a domicilio<\/span><\/h5>\n<p><span style=\"color: #ff0000;\">Este servicio se cobra por aparte. Tambi\u00e9n puede retirar en nuestra Tienda, ubicado en Manzana E sitio 48E \u2013 Barrio Industrial (diagonal a la puerta 4 de Zofri).<\/span><\/p>\n<p><span style=\"color: #ff0000;\">Horario de atenci\u00f3n de lunes a viernes.<\/span><br \/>\n<span style=\"color: #ff0000;\">De 9 a 14HRS y De 15 a 18:30HRS<\/span><\/p>\n<div class=\"shareThis\"><span class=\"socLeft\"><img decoding=\"async\" src=\"https:\/\/intlhomestore.com\/layout\/one_1920\/images\/cst-Facebook.png\" alt=\"\" \/><img decoding=\"async\" class=\"\" src=\"https:\/\/intlhomestore.com\/layout\/one_1920\/images\/cst-email.png\" alt=\"\" \/><\/span><\/div>\n","protected":false},"featured_media":30531,"comment_status":"open","ping_status":"closed","template":"","meta":[],"product_brand":[],"product_cat":[63,83,148],"product_tag":[],"class_list":{"0":"post-30530","1":"product","2":"type-product","3":"status-publish","4":"has-post-thumbnail","6":"product_cat-living","7":"product_cat-sofa","8":"product_cat-sofa-cama","10":"first","11":"instock","12":"sale","13":"taxable","14":"shipping-taxable","15":"purchasable","16":"product-type-simple"},"_links":{"self":[{"href":"https:\/\/www.aguilamuebles.cl\/tienda\/wp-json\/wp\/v2\/product\/30530","targetHints":{"allow":["GET"]}}],"collection":[{"href":"https:\/\/www.aguilamuebles.cl\/tienda\/wp-json\/wp\/v2\/product"}],"about":[{"href":"https:\/\/www.aguilamuebles.cl\/tienda\/wp-json\/wp\/v2\/types\/product"}],"replies":[{"embeddable":true,"href":"https:\/\/www.aguilamuebles.cl\/tienda\/wp-json\/wp\/v2\/comments?post=30530"}],"wp:featuredmedia":[{"embeddable":true,"href":"https:\/\/www.aguilamuebles.cl\/tienda\/wp-json\/wp\/v2\/media\/30531"}],"wp:attachment":[{"href":"https:\/\/www.aguilamuebles.cl\/tienda\/wp-json\/wp\/v2\/media?parent=30530"}],"wp:term":[{"taxonomy":"product_brand","embeddable":true,"href":"https:\/\/www.aguilamuebles.cl\/tienda\/wp-json\/wp\/v2\/product_brand?post=30530"},{"taxonomy":"product_cat","embeddable":true,"href":"https:\/\/www.aguilamuebles.cl\/tienda\/wp-json\/wp\/v2\/product_cat?post=30530"},{"taxonomy":"product_tag","embeddable":true,"href":"https:\/\/www.aguilamuebles.cl\/tienda\/wp-json\/wp\/v2\/product_tag?post=30530"}],"curies":[{"name":"wp","href":"https:\/\/api.w.org\/{rel}","templated":true}]}}

Sofá Cama / Futón Color Gris AD-LAB-173N-GRY

<div class="col-xs-12 col-sm-8 col-md-8">
<h5>DETALLES</h5>
<p>¡Descubre la comodidad y la versatilidad del sofá cama chaise longue DY-LAB-173N102XS-P3! Este futón sofá cama combina a la perfección estilo y funcionalidad, brindándote una solución perfecta para aprovechar al máximo tu espacio.</p>
<p>Características destacadas:</p>
<ol>
<li>Diseño moderno y elegante: El sofá cama chaise longue DY-LAB-173N102XS-P3 cuenta con un diseño contemporáneo que se adapta a cualquier estilo de decoración. Sus líneas limpias y su acabado sofisticado añaden un toque de estilo a tu hogar.</li>
<li>Función de conversión fácil: Convierte este sofá en una cómoda cama en cuestión de segundos. Gracias a su mecanismo de conversión sencillo, puedes transformarlo rápidamente según tus necesidades. ¡Perfecto para invitados inesperados o para crear un espacio adicional para dormir.</li>
</ol>
<p>Aprovecha al máximo tu espacio sin comprometer el estilo con el sofá cama chaise longue DY-LAB-173N102XS-P3. Su diseño moderno, su fácil conversión y su comodidad excepcional hacen de este futón sofá cama la elección perfecta para tu hogar. ¡Obtén el tuyo hoy y disfruta de la versatilidad que ofrece!</p>
</div>
<div class="col-xs-12 col-sm-4 col-md-4 dimensionCustom">
<div class="detail-row">
<h5><b>DIMENSIONES</b></h5>
<ul class="dimCustomCls">
<li>Ancho: 1.65 cm</li>
<li>Profundidad: 75 cm</li>
<li>Alto: 75 cm</li>
<li>Peso: 26 kg</li>
</ul>
<h5><b>DIMENSIONES</b></h5>
<ul class="dimCustomCls">
<li>Ancho: 1.70 cm</li>
<li>Profundidad: 1.00 cm</li>
<li>Alto: 21 cm</li>
<li>Peso: 30 kg</li>
</ul>
<h3><span style="color: #ff0000;">Garantía</span></h3>
<ul>
<li><span style="color: #ff0000;">La garantía solo cubre fallas de fabricación.</span></li>
</ul>
<h3><span style="color: #ff0000;">Devoluciones</span></h3>
<ul>
<li><span style="color: #ff0000;">El cliente puede devolver un producto siempre y cuando esté en su embalaje original sin haber sido abierto, entiéndase sin uso y sin daños en sus piezas.</span></li>
<li><span style="color: #ff0000;">La devolución se acepta dentro de los 10 días corridos desde la fecha de emisión de la boleta o factura</span></li>
<li><span style="color: #ff0000;">El costo del flete de la devolución lo asume el cliente.</span></li>
</ul>
<h5><span style="color: #ff0000;">Precio publicado para Zona Franca, A OTRAS REGIONES SE APLICAN COSTOS EXTRAS : IVA(19%), Impuesto ad valorem(6%), generación de DIN y honorarios de Agencia de aduana.</span></h5>
<p><span style="color: #ff0000;">Infórmese en Manual de Zona Franca página 22.</span></p>
<p><span style="color: #ff0000;"><b><em>El stock disponible de nuestro producto puede variar, por favor contáctenos para saber más a cerca de la disponibilidad de este producto ó escríbenos a nuestro  <a style="color: #ff0000;" href="https://wa.me/56997056557">Whatsapp</a>.</em></b></span></p>
</div>
</div>

<div class="woocommerce-product-details__short-description">
<h5><span style="color: #ff0000;">AL RESTO DEL PAÍS $150.107</span></h5>
<h5><span style="color: #ff0000;"><b><em>El stock disponible de nuestro producto puede variar, por favor contáctenos para saber más a cerca de la disponibilidad de este producto ó escríbenos a nuestro  <a style="color: #ff0000;" href="https://wa.me/56997056557">Whatsapp</a>.</em></b></span></h5>
</div>
<p class="stock available-on-backorder"><span style="color: #ff0000;">Disponible para Entrega Inmediata.</span></p>
<h5><span style="color: #ff0000;">Entrega a domicilio</span></h5>
<p><span style="color: #ff0000;">Este servicio se cobra por aparte. También puede retirar en nuestra Tienda, ubicado en Manzana E sitio 48E – Barrio Industrial (diagonal a la puerta 4 de Zofri).</span></p>
<p><span style="color: #ff0000;">Horario de atención de lunes a viernes.</span><br />
<span style="color: #ff0000;">De 9 a 14HRS y De 15 a 18:30HRS</span></p>
<div class="shareThis"><span class="socLeft"><img decoding="async" src="https://intlhomestore.com/layout/one_1920/images/cst-Facebook.png" alt="" /><img decoding="async" class="" src="https://intlhomestore.com/layout/one_1920/images/cst-email.png" alt="" /></span></div>
