{"id":30770,"date":"2023-10-02T16:54:40","date_gmt":"2023-10-02T20:54:40","guid":{"rendered":"https:\/\/www.aguilamuebles.cl\/tienda\/?post_type=product&#038;p=30770"},"modified":"2023-10-02T16:54:40","modified_gmt":"2023-10-02T20:54:40","slug":"silla-de-visita-fija-estilo-sencillo-con-respaldar-y-apoya-brazos-e52-3verde","status":"publish","type":"product","link":"https:\/\/www.aguilamuebles.cl\/tienda\/product\/silla-de-visita-fija-estilo-sencillo-con-respaldar-y-apoya-brazos-e52-3verde\/","title":{"rendered":"Silla de visita fija estilo sencillo Con Respaldar y apoya brazos E52-3VERDE"},"content":{"rendered":"<div class=\"flex-1 overflow-hidden\">\n<div class=\"react-scroll-to-bottom--css-ixzxa-79elbk h-full dark:bg-gray-800\">\n<div class=\"react-scroll-to-bottom--css-ixzxa-1n7m0yu\">\n<div class=\"flex flex-col text-sm dark:bg-gray-800\">\n<div class=\"group w-full text-token-text-primary border-b border-black\/10 dark:border-gray-900\/50 bg-gray-50 dark:bg-[#444654]\" data-testid=\"conversation-turn-3\">\n<div class=\"p-4 justify-center text-base md:gap-6 md:py-6 m-auto\">\n<div class=\"flex flex-1 gap-4 text-base mx-auto md:gap-6 md:max-w-2xl lg:max-w-[38rem] xl:max-w-3xl }\">\n<div class=\"relative flex w-[calc(100%-50px)] flex-col gap-1 md:gap-3 lg:w-[calc(100%-115px)]\">\n<div class=\"flex flex-grow flex-col gap-3 max-w-full\">\n<div class=\"min-h-[20px] flex flex-col items-start gap-3 overflow-x-auto whitespace-pre-wrap break-words\">\n<div class=\"markdown prose w-full break-words dark:prose-invert light\">\n<h3>E52-3VERDE<\/h3>\n<h3>Dimensiones y materiales detallados de la silla de espera, explicaci\u00f3n:<\/h3>\n<ol>\n<li>Asiento y respaldo de la silla: El material de la superficie del asiento y el respaldo de la silla es principalmente un poliuretano termopl\u00e1stico copolim\u00e9rico (abreviado como PU en ingl\u00e9s), moldeado integralmente en el molde. Se requiere un espesor de PU de 30 mm en el respaldo del asiento y se solicita que el ancho del asiento sea de 515 mm. El producto tiene ventajas de durabilidad, resistencia al aceite, resistencia al envejecimiento, resistencia al moho, resistencia al desgaste y es respetuoso con el medio ambiente y no t\u00f3xico. El material interno del asiento y el respaldo de la silla (placa de respaldo ensamblada por separado) est\u00e1 hecho de chapa de acero laminado en fr\u00edo de alta calidad de 1.5 mm, perforada con una prensa CNC de alta velocidad y una matriz de perforaci\u00f3n especial. Los soportes en ambos lados de la placa de respaldo utilizan varillas redondas laminadas en fr\u00edo de alta calidad de 16.0 mm y se forman en fr\u00edo con una prensa hidr\u00e1ulica grande y una matriz especial. Las uniones se ensamblan utilizando soldadura por CO2 con una m\u00e1quina de soldar robot importada de Jap\u00f3n y se posicionan utilizando una matriz de soldadura especial. Luego, se realiza la soldadura por CO2 con una m\u00e1quina de soldar robot importada de Jap\u00f3n en los puntos designados para la uni\u00f3n. La superficie exterior est\u00e1 completamente cubierta con poliuretano de alta densidad puro (PU) al 100% (es decir, no hay estructura de acero expuesta en la forma del asiento y el respaldo de la silla) moldeado por inyecci\u00f3n. El asiento y el respaldo de la silla no est\u00e1n rellenos con ning\u00fan otro material. El asiento y el respaldo de la silla deben dise\u00f1arse de acuerdo con las dimensiones del cuerpo humano para proporcionar comodidad al sentarse.<\/li>\n<li>Reposabrazos y patas de la silla: Se utiliza acero laminado en fr\u00edo de alta calidad, con un acabado de recubrimiento de pintura en polvo electrost\u00e1tica o tratamiento de nano part\u00edculas de pol\u00edmero. Los reposabrazos tienen una forma sellada de tri\u00e1ngulo con l\u00edneas fuertes. Los protectores de las patas son de alta calidad en color negro y est\u00e1n hechos de PVC con una superficie antideslizante de goma de alta calidad que no produce ruido al contacto con el suelo, son estables y elegantes, y tienen un prop\u00f3sito de protecci\u00f3n del suelo.<\/li>\n<li>Viga transversal de carga: Se utiliza una plancha de acero laminado en fr\u00edo con un ancho de 412 mm que se dobla y solda para formar la estructura. Tiene una estructura s\u00f3lida y pesada, con un acabado de recubrimiento de pintura en polvo electrost\u00e1tica o tratamiento de nano part\u00edculas de pol\u00edmero en la superficie. Tiene una buena capacidad de carga, es est\u00e9ticamente agradable, tiene una superficie lisa y no debe presentar irregularidades que puedan acumular polvo o suciedad.<\/li>\n<li>El conjunto en su totalidad tiene un buen rendimiento de seguridad, una estructura estable y todas las partes met\u00e1licas est\u00e1n compuestas por componentes de alta calidad. La cubierta exterior y la capa interna est\u00e1n hechas de poliuretano de alta densidad PU a trav\u00e9s de un proceso de moldeo por espuma de una sola vez, lo que proporciona una buena sensaci\u00f3n al sentarse, tiene un buen efecto de absorci\u00f3n de impactos y no es f\u00e1cil de causar lesiones a las personas (especialmente a ancianos, mujeres embarazadas y ni\u00f1os). La estructura molecular es densa, resistente al desgaste, impermeable, resistente a las bacterias y f\u00e1cil de limpiar.<\/li>\n<\/ol>\n<h3>Dimensiones del asiento de tres plazas:<\/h3>\n<p>Largo:1.80 cm<\/p>\n<p>Profundidad: 65 cm<\/p>\n<p>Alto: 84 cm<\/p>\n<\/div>\n<\/div>\n<h5><span style=\"color: #ff0000;\"><b>GARANT\u00cdA LEGAL<\/b><\/span><\/h5>\n<p><span style=\"color: #ff0000;\">Los productos poseen una garant\u00eda de 3 meses establecida por la Ley 19.496 Sobre Protecci\u00f3n de los Derechos de Los Consumidores, contados desde la fecha de recepci\u00f3n del producto, en caso de fallas o deficiencias que afecten el uso al cual est\u00e1 destinado el producto. De acuerdo con la ley de protecci\u00f3n al consumidor, en caso de falla del producto tiene el derecho a elegir entre las siguientes opciones:<\/span><\/p>\n<ol type=\"I\">\n<li><span style=\"color: #ff0000;\">Reparaci\u00f3n gratuita del producto.<\/span><\/li>\n<li><span style=\"color: #ff0000;\">Reposici\u00f3n o cambio.<\/span><\/li>\n<li><span style=\"color: #ff0000;\">La devoluci\u00f3n del dinero pagado.<\/span><\/li>\n<\/ol>\n<p><span style=\"color: #ff0000;\">Para ejercer este derecho, se deben determinar preliminarmente las causas de falla del producto. No podr\u00e1 ejercer este derecho cuando el deterioro sea imputable al cliente por su mal uso .<\/span><\/p>\n<h5><span style=\"color: #ff0000;\">Precio publicado para Zona Franca, A OTRAS REGIONES SE APLICAN COSTOS EXTRAS : IVA(19%), Impuesto ad valorem(6%), generaci\u00f3n de DIN y honorarios de Agencia de aduana.<\/span><\/h5>\n<p><span style=\"color: #ff0000;\">Inf\u00f3rmese en Manual de Zona Franca p\u00e1gina 22.<\/span><\/p>\n<p><span style=\"color: #ff0000;\"><b><em>El stock disponible de nuestros productos puede variar, por favor cont\u00e1ctenos para saber m\u00e1s a cerca de la disponibilidad de este producto o escr\u00edbenos a nuestro \u00a0<a style=\"color: #ff0000;\" href=\"https:\/\/wa.me\/56997056557\">Whatsapp<\/a>.<\/em><\/b><\/span><\/p>\n<\/div>\n<div class=\"flex justify-between lg:block\"><\/div>\n<\/div>\n<\/div>\n<\/div>\n<\/div>\n<\/div>\n<\/div>\n<\/div>\n<\/div>\n","protected":false},"excerpt":{"rendered":"<div class=\"woocommerce-product-details__short-description\">\n<h5><span style=\"color: #ff0000;\">AL RESTO DEL PA\u00cdS $249.438<\/span><\/h5>\n<h5><span style=\"color: #ff0000;\"><b><em>El stock disponible de nuestro producto puede variar, por favor cont\u00e1ctenos para saber m\u00e1s a cerca de la disponibilidad de este producto \u00f3 escr\u00edbenos a nuestro \u00a0<a style=\"color: #ff0000;\" href=\"https:\/\/wa.me\/56997056557\">Whatsapp<\/a>.<\/em><\/b><\/span><\/h5>\n<\/div>\n<p class=\"stock available-on-backorder\"><span style=\"color: #ff0000;\">Disponible para Entrega Inmediata.<\/span><\/p>\n<h5><span style=\"color: #ff0000;\">Entrega a domicilio<\/span><\/h5>\n<p><span style=\"color: #ff0000;\">Este servicio se cobra por aparte. Tambi\u00e9n puede retirar en nuestra Tienda, ubicado en Manzana E sitio 48E \u2013 Barrio Industrial (diagonal a la puerta 4 de Zofri).<\/span><\/p>\n<p><span style=\"color: #ff0000;\">Horario de atenci\u00f3n de lunes a viernes.<\/span><br \/>\n<span style=\"color: #ff0000;\">De 8:30 a 14HRS y De 15 a 18:30HRS<\/span><\/p>\n<div class=\"shareThis\"><span class=\"socLeft\" style=\"color: #ff0000;\"><img decoding=\"async\" src=\"https:\/\/intlhomestore.com\/layout\/one_1920\/images\/cst-Facebook.png\" alt=\"\" \/><img decoding=\"async\" class=\"\" src=\"https:\/\/intlhomestore.com\/layout\/one_1920\/images\/cst-email.png\" alt=\"\" \/><\/span><\/div>\n","protected":false},"featured_media":33263,"comment_status":"open","ping_status":"closed","template":"","meta":[],"product_brand":[],"product_cat":[65,139,107],"product_tag":[],"class_list":{"0":"post-30770","1":"product","2":"type-product","3":"status-publish","4":"has-post-thumbnail","6":"product_cat-oficina","7":"product_cat-sillas-oficina","8":"product_cat-sillas-de-oficina","10":"first","11":"instock","12":"sale","13":"taxable","14":"shipping-taxable","15":"purchasable","16":"product-type-simple"},"_links":{"self":[{"href":"https:\/\/www.aguilamuebles.cl\/tienda\/wp-json\/wp\/v2\/product\/30770","targetHints":{"allow":["GET"]}}],"collection":[{"href":"https:\/\/www.aguilamuebles.cl\/tienda\/wp-json\/wp\/v2\/product"}],"about":[{"href":"https:\/\/www.aguilamuebles.cl\/tienda\/wp-json\/wp\/v2\/types\/product"}],"replies":[{"embeddable":true,"href":"https:\/\/www.aguilamuebles.cl\/tienda\/wp-json\/wp\/v2\/comments?post=30770"}],"wp:featuredmedia":[{"embeddable":true,"href":"https:\/\/www.aguilamuebles.cl\/tienda\/wp-json\/wp\/v2\/media\/33263"}],"wp:attachment":[{"href":"https:\/\/www.aguilamuebles.cl\/tienda\/wp-json\/wp\/v2\/media?parent=30770"}],"wp:term":[{"taxonomy":"product_brand","embeddable":true,"href":"https:\/\/www.aguilamuebles.cl\/tienda\/wp-json\/wp\/v2\/product_brand?post=30770"},{"taxonomy":"product_cat","embeddable":true,"href":"https:\/\/www.aguilamuebles.cl\/tienda\/wp-json\/wp\/v2\/product_cat?post=30770"},{"taxonomy":"product_tag","embeddable":true,"href":"https:\/\/www.aguilamuebles.cl\/tienda\/wp-json\/wp\/v2\/product_tag?post=30770"}],"curies":[{"name":"wp","href":"https:\/\/api.w.org\/{rel}","templated":true}]}}