{"id":3426,"date":"2021-12-07T08:44:53","date_gmt":"2021-12-07T12:44:53","guid":{"rendered":"https:\/\/www.aguilamuebles.cl\/tienda\/?post_type=product&#038;p=3426"},"modified":"2022-12-19T17:20:48","modified_gmt":"2022-12-19T21:20:48","slug":"sofa-individual-tipo-berger-marca-ashley","status":"publish","type":"product","link":"https:\/\/www.aguilamuebles.cl\/tienda\/product\/sofa-individual-tipo-berger-marca-ashley\/","title":{"rendered":"Sofa Individual tipo Berger marca Ashley"},"content":{"rendered":"<div class=\"\" data-block=\"true\" data-editor=\"79h3c\" data-offset-key=\"emse6-0-0\">\n<div class=\"_1mf _1mj\" data-offset-key=\"emse6-0-0\"><strong>Sofa Individual tipo Berger marca Ashley ENTREGA INMEDIATA<\/strong><\/div>\n<\/div>\n<div class=\"\" data-block=\"true\" data-editor=\"79h3c\" data-offset-key=\"c7t77-0-0\">\n<div class=\"_1mf _1mj\" data-offset-key=\"c7t77-0-0\"><strong>Modelo 2780125<\/strong><\/div>\n<div data-offset-key=\"c7t77-0-0\">\n<h5>Precio publicado de Zona Franca, a otras regiones se aplica IVA<\/h5>\n<h5>DIMENSIONES<\/h5>\n<p><span class=\"pdretails\">reclinable mecedor<\/span><\/p>\n<ul class=\"dimCustomCls\">\n<li>Ancho: 104.14 cm<\/li>\n<li>Profundidad: 104.14 cm<\/li>\n<li>Alto: 104.14 cm<\/li>\n<\/ul>\n<\/div>\n<\/div>\n<div class=\"\" data-block=\"true\" data-editor=\"79h3c\" data-offset-key=\"b2r82-0-0\">\n<div data-offset-key=\"b2r82-0-0\">\n<h5>DETALLES<\/h5>\n<p>Con cojines de felpa y brazos superiores de almohada en \u00e1ngulo, la mecedora reclinable Tambo toma comodidad a un nivel completamente nuevo.Durablend de la vendimia requiere un cuidado m\u00ednimo, haciendo de esta pieza ideal en los hogares con ni\u00f1os y mascotas.El asiento se reclina con el tir\u00f3n de una ficha, poniendo la relajaci\u00f3n total a su alcance.<\/p>\n<div class=\"bulletPoint\">\n<ul class=\"detalle fila\">\n<li>Cojines de espuma de alta resiliencia envueltos en fibra de poli gruesa<\/li>\n<li>Tapicer\u00eda de poli\u00e9ster \/ poliuretano<\/li>\n<li>Cojines adjuntos<\/li>\n<li>Marco bloqueado-Corner<\/li>\n<li>Se excluyen de descuentos y cupones promocionales<\/li>\n<li>Leng\u00fceta de movimiento reclinable<\/li>\n<\/ul>\n<p><b>Tela Detalles<\/b><\/p>\n<ul>\n<li>Cuerpo: poli\u00e9ster (95%), PU (5%)<\/li>\n<\/ul>\n<\/div>\n<\/div>\n<div class=\"_1mf _1mj\" data-offset-key=\"b2r82-0-0\"><span data-offset-key=\"b2r82-0-0\">Ashley es una marca norteamericana fundada en 1945 por Carlyle Weinberger, es una marca muy conocida por su calidad, su estilo, su comodidad y sus modelos \u00fanicos. son mas de 700 tiendas en todo el mundo que hacen a ASHLEY la marca numero 1 a nivel global en ventas de SOFA, BERGER, COMEDORES, SOFA CAMA, MESAS DE CENTRO, LATERALES, ARRIMOS, ETC,ETC<\/span><\/div>\n<\/div>\n<div class=\"\" data-block=\"true\" data-editor=\"79h3c\" data-offset-key=\"emtep-0-0\">\n<div class=\"_1mf _1mj\" data-offset-key=\"emtep-0-0\"><span data-offset-key=\"emtep-0-0\">&#8211;<\/span><\/div>\n<\/div>\n<div class=\"\" data-block=\"true\" data-editor=\"79h3c\" data-offset-key=\"d5pu3-0-0\">\n<div class=\"_1mf _1mj\" data-offset-key=\"d5pu3-0-0\"><span data-offset-key=\"d5pu3-0-0\">estamos ubicados en la Manzana E Sitio 48 Zona Franca de Iquique, frente a la puerta 4 de la zofri<\/span><\/div>\n<\/div>\n<div class=\"\" data-block=\"true\" data-editor=\"79h3c\" data-offset-key=\"cgmbp-0-0\">\n<div class=\"_1mf _1mj\" data-offset-key=\"cgmbp-0-0\"><span data-offset-key=\"cgmbp-0-0\">&#8211;<\/span><\/div>\n<\/div>\n<div class=\"\" data-block=\"true\" data-editor=\"79h3c\" data-offset-key=\"cfipl-0-0\">\n<div class=\"_1mf _1mj\" data-offset-key=\"cfipl-0-0\"><span data-offset-key=\"cfipl-0-0\">WHATSAPP +56 9 97056557<\/span><\/div>\n<\/div>\n<div class=\"\" data-block=\"true\" data-editor=\"79h3c\" data-offset-key=\"3qlro-0-0\">\n<div class=\"_1mf _1mj\" data-offset-key=\"3qlro-0-0\"><span data-offset-key=\"3qlro-0-0\">TEL\u00c9FONO OFICINA +56-57-2391888 &#8211; 2391889<\/span><\/div>\n<\/div>\n<div class=\"\" data-block=\"true\" data-editor=\"79h3c\" data-offset-key=\"deu9-0-0\">\n<div class=\"_1mf _1mj\" data-offset-key=\"deu9-0-0\"><span data-offset-key=\"deu9-0-0\">Nuestros horarios son de<\/span><\/div>\n<\/div>\n<div class=\"\" data-block=\"true\" data-editor=\"79h3c\" data-offset-key=\"8fva5-0-0\">\n<div class=\"_1mf _1mj\" data-offset-key=\"8fva5-0-0\"><span data-offset-key=\"8fva5-0-0\">Lunes a Viernes<\/span><\/div>\n<\/div>\n<div class=\"\" data-block=\"true\" data-editor=\"79h3c\" data-offset-key=\"b6blk-0-0\">\n<div class=\"_1mf _1mj\" data-offset-key=\"b6blk-0-0\"><span data-offset-key=\"b6blk-0-0\">9:00 Am a 2:00 Pm<\/span><\/div>\n<\/div>\n<div class=\"\" data-block=\"true\" data-editor=\"79h3c\" data-offset-key=\"5rgdq-0-0\">\n<div class=\"_1mf _1mj\" data-offset-key=\"5rgdq-0-0\"><span data-offset-key=\"5rgdq-0-0\">3:00 Pm a 7:00 pm<\/span><\/div>\n<\/div>\n<div class=\"\" data-block=\"true\" data-editor=\"79h3c\" data-offset-key=\"9ibci-0-0\">\n<div class=\"_1mf _1mj\" data-offset-key=\"9ibci-0-0\"><span data-offset-key=\"9ibci-0-0\">sabado<\/span><\/div>\n<\/div>\n<div class=\"\" data-block=\"true\" data-editor=\"79h3c\" data-offset-key=\"3of8p-0-0\">\n<div class=\"_1mf _1mj\" data-offset-key=\"3of8p-0-0\"><span data-offset-key=\"3of8p-0-0\">10:00 Am a 12:00 Pm<\/span><\/div>\n<\/div>\n","protected":false},"excerpt":{"rendered":"<div class=\"\" data-block=\"true\" data-editor=\"79h3c\" data-offset-key=\"emse6-0-0\">\n<div data-offset-key=\"emse6-0-0\">\n<div class=\"woocommerce-product-details__short-description\">\n<h5><span style=\"color: #ff0000;\">AL RESTO DEL PA\u00cdS $602.630-<\/span><\/h5>\n<p><b><em>El stock disponible de nuestro producto puede variar, por favor cont\u00e1ctenos para saber m\u00e1s a cerca de la disponibilidad de este producto \u00f3 escr\u00edbenos a nuestro \u00a0<a href=\"https:\/\/wa.me\/56997056557\">Whatsapp<\/a>.<\/em><\/b><\/p>\n<\/div>\n<p class=\"stock available-on-backorder\">Disponible para Entrega Inmediata.<\/p>\n<\/div>\n<\/div>\n<div class=\"\" data-block=\"true\" data-editor=\"79h3c\" data-offset-key=\"c7t77-0-0\">\n<div data-offset-key=\"c7t77-0-0\">\n<h5>DIMENSIONES<\/h5>\n<p><span class=\"pdretails\">reclinable mecedor<\/span><\/p>\n<ul class=\"dimCustomCls\">\n<li>Ancho: 104.14 cm<\/li>\n<li>Profundidad: 104.14 cm<\/li>\n<li>Alto: 104.14 cm<\/li>\n<\/ul>\n<\/div>\n<\/div>\n","protected":false},"featured_media":3427,"comment_status":"open","ping_status":"closed","template":"","meta":[],"product_brand":[],"product_cat":[137,102,63,66,155,83],"product_tag":[],"class_list":{"0":"post-3426","1":"product","2":"type-product","3":"status-publish","4":"has-post-thumbnail","6":"product_cat-berger","7":"product_cat-comedor","8":"product_cat-living","9":"product_cat-sala-de-estar","10":"product_cat-seccional","11":"product_cat-sofa","13":"first","14":"instock","15":"sale","16":"taxable","17":"shipping-taxable","18":"purchasable","19":"product-type-simple"},"_links":{"self":[{"href":"https:\/\/www.aguilamuebles.cl\/tienda\/wp-json\/wp\/v2\/product\/3426","targetHints":{"allow":["GET"]}}],"collection":[{"href":"https:\/\/www.aguilamuebles.cl\/tienda\/wp-json\/wp\/v2\/product"}],"about":[{"href":"https:\/\/www.aguilamuebles.cl\/tienda\/wp-json\/wp\/v2\/types\/product"}],"replies":[{"embeddable":true,"href":"https:\/\/www.aguilamuebles.cl\/tienda\/wp-json\/wp\/v2\/comments?post=3426"}],"wp:featuredmedia":[{"embeddable":true,"href":"https:\/\/www.aguilamuebles.cl\/tienda\/wp-json\/wp\/v2\/media\/3427"}],"wp:attachment":[{"href":"https:\/\/www.aguilamuebles.cl\/tienda\/wp-json\/wp\/v2\/media?parent=3426"}],"wp:term":[{"taxonomy":"product_brand","embeddable":true,"href":"https:\/\/www.aguilamuebles.cl\/tienda\/wp-json\/wp\/v2\/product_brand?post=3426"},{"taxonomy":"product_cat","embeddable":true,"href":"https:\/\/www.aguilamuebles.cl\/tienda\/wp-json\/wp\/v2\/product_cat?post=3426"},{"taxonomy":"product_tag","embeddable":true,"href":"https:\/\/www.aguilamuebles.cl\/tienda\/wp-json\/wp\/v2\/product_tag?post=3426"}],"curies":[{"name":"wp","href":"https:\/\/api.w.org\/{rel}","templated":true}]}}

<div class="" data-block="true" data-editor="79h3c" data-offset-key="emse6-0-0">
<div class="_1mf _1mj" data-offset-key="emse6-0-0"><strong>Sofa Individual tipo Berger marca Ashley ENTREGA INMEDIATA</strong></div>
</div>
<div class="" data-block="true" data-editor="79h3c" data-offset-key="c7t77-0-0">
<div class="_1mf _1mj" data-offset-key="c7t77-0-0"><strong>Modelo 2780125</strong></div>
<div data-offset-key="c7t77-0-0">
<h5>Precio publicado de Zona Franca, a otras regiones se aplica IVA</h5>
<h5>DIMENSIONES</h5>
<p><span class="pdretails">reclinable mecedor</span></p>
<ul class="dimCustomCls">
<li>Ancho: 104.14 cm</li>
<li>Profundidad: 104.14 cm</li>
<li>Alto: 104.14 cm</li>
</ul>
</div>
</div>
<div class="" data-block="true" data-editor="79h3c" data-offset-key="b2r82-0-0">
<div data-offset-key="b2r82-0-0">
<h5>DETALLES</h5>
<p>Con cojines de felpa y brazos superiores de almohada en ángulo, la mecedora reclinable Tambo toma comodidad a un nivel completamente nuevo.Durablend de la vendimia requiere un cuidado mínimo, haciendo de esta pieza ideal en los hogares con niños y mascotas.El asiento se reclina con el tirón de una ficha, poniendo la relajación total a su alcance.</p>
<div class="bulletPoint">
<ul class="detalle fila">
<li>Cojines de espuma de alta resiliencia envueltos en fibra de poli gruesa</li>
<li>Tapicería de poliéster / poliuretano</li>
<li>Cojines adjuntos</li>
<li>Marco bloqueado-Corner</li>
<li>Se excluyen de descuentos y cupones promocionales</li>
<li>Lengüeta de movimiento reclinable</li>
</ul>
<p><b>Tela Detalles</b></p>
<ul>
<li>Cuerpo: poliéster (95%), PU (5%)</li>
</ul>
</div>
</div>
<div class="_1mf _1mj" data-offset-key="b2r82-0-0"><span data-offset-key="b2r82-0-0">Ashley es una marca norteamericana fundada en 1945 por Carlyle Weinberger, es una marca muy conocida por su calidad, su estilo, su comodidad y sus modelos únicos. son mas de 700 tiendas en todo el mundo que hacen a ASHLEY la marca numero 1 a nivel global en ventas de SOFA, BERGER, COMEDORES, SOFA CAMA, MESAS DE CENTRO, LATERALES, ARRIMOS, ETC,ETC</span></div>
</div>
<div class="" data-block="true" data-editor="79h3c" data-offset-key="emtep-0-0">
<div class="_1mf _1mj" data-offset-key="emtep-0-0"><span data-offset-key="emtep-0-0">&#8211;</span></div>
</div>
<div class="" data-block="true" data-editor="79h3c" data-offset-key="d5pu3-0-0">
<div class="_1mf _1mj" data-offset-key="d5pu3-0-0"><span data-offset-key="d5pu3-0-0">estamos ubicados en la Manzana E Sitio 48 Zona Franca de Iquique, frente a la puerta 4 de la zofri</span></div>
</div>
<div class="" data-block="true" data-editor="79h3c" data-offset-key="cgmbp-0-0">
<div class="_1mf _1mj" data-offset-key="cgmbp-0-0"><span data-offset-key="cgmbp-0-0">&#8211;</span></div>
</div>
<div class="" data-block="true" data-editor="79h3c" data-offset-key="cfipl-0-0">
<div class="_1mf _1mj" data-offset-key="cfipl-0-0"><span data-offset-key="cfipl-0-0">WHATSAPP +56 9 97056557</span></div>
</div>
<div class="" data-block="true" data-editor="79h3c" data-offset-key="3qlro-0-0">
<div class="_1mf _1mj" data-offset-key="3qlro-0-0"><span data-offset-key="3qlro-0-0">TELÉFONO OFICINA +56-57-2391888 &#8211; 2391889</span></div>
</div>
<div class="" data-block="true" data-editor="79h3c" data-offset-key="deu9-0-0">
<div class="_1mf _1mj" data-offset-key="deu9-0-0"><span data-offset-key="deu9-0-0">Nuestros horarios son de</span></div>
</div>
<div class="" data-block="true" data-editor="79h3c" data-offset-key="8fva5-0-0">
<div class="_1mf _1mj" data-offset-key="8fva5-0-0"><span data-offset-key="8fva5-0-0">Lunes a Viernes</span></div>
</div>
<div class="" data-block="true" data-editor="79h3c" data-offset-key="b6blk-0-0">
<div class="_1mf _1mj" data-offset-key="b6blk-0-0"><span data-offset-key="b6blk-0-0">9:00 Am a 2:00 Pm</span></div>
</div>
<div class="" data-block="true" data-editor="79h3c" data-offset-key="5rgdq-0-0">
<div class="_1mf _1mj" data-offset-key="5rgdq-0-0"><span data-offset-key="5rgdq-0-0">3:00 Pm a 7:00 pm</span></div>
</div>
<div class="" data-block="true" data-editor="79h3c" data-offset-key="9ibci-0-0">
<div class="_1mf _1mj" data-offset-key="9ibci-0-0"><span data-offset-key="9ibci-0-0">sabado</span></div>
</div>
<div class="" data-block="true" data-editor="79h3c" data-offset-key="3of8p-0-0">
<div class="_1mf _1mj" data-offset-key="3of8p-0-0"><span data-offset-key="3of8p-0-0">10:00 Am a 12:00 Pm</span></div>
</div>

<div class="" data-block="true" data-editor="79h3c" data-offset-key="emse6-0-0">
<div data-offset-key="emse6-0-0">
<div class="woocommerce-product-details__short-description">
<h5><span style="color: #ff0000;">AL RESTO DEL PAÍS $602.630-</span></h5>
<p><b><em>El stock disponible de nuestro producto puede variar, por favor contáctenos para saber más a cerca de la disponibilidad de este producto ó escríbenos a nuestro  <a href="https://wa.me/56997056557">Whatsapp</a>.</em></b></p>
</div>
<p class="stock available-on-backorder">Disponible para Entrega Inmediata.</p>
</div>
</div>
<div class="" data-block="true" data-editor="79h3c" data-offset-key="c7t77-0-0">
<div data-offset-key="c7t77-0-0">
<h5>DIMENSIONES</h5>
<p><span class="pdretails">reclinable mecedor</span></p>
<ul class="dimCustomCls">
<li>Ancho: 104.14 cm</li>
<li>Profundidad: 104.14 cm</li>
<li>Alto: 104.14 cm</li>
</ul>
</div>
</div>
