{"id":41705,"date":"2024-09-03T18:13:57","date_gmt":"2024-09-03T22:13:57","guid":{"rendered":"https:\/\/www.aguilamuebles.cl\/tienda\/?post_type=product&#038;p=41705"},"modified":"2025-11-01T18:00:06","modified_gmt":"2025-11-01T22:00:06","slug":"sillon-decorativo-tartonelle-ashley-a3000053","status":"publish","type":"product","link":"https:\/\/www.aguilamuebles.cl\/tienda\/product\/sillon-decorativo-tartonelle-ashley-a3000053\/","title":{"rendered":"Sill\u00f3n decorativo  Tartonelle Ashley &#8211; A3000053"},"content":{"rendered":"<p><strong>DETALLES<\/strong><\/p>\n<p>Esta silla decorativa con botones es un complemento elegante para su hogar. Dise\u00f1o del rev\u00e9s con tejido de lino en la zona del asiento y piel sint\u00e9tica de color topo en el respaldo. El borde de cabeza de clavo grande une el look. Los brazos de Carlos de Londres y los pies de mo\u00f1o torneados hacen de esta una elegante pieza tradicional. Fresco y c\u00f3modo.<\/p>\n<div class=\"ng-star-inserted\">\n<ul>\n<li class=\"ng-star-inserted\">Cojines adjuntos<\/li>\n<li class=\"ng-star-inserted\">Cojines de espuma de alta resiliencia envueltos en gruesa fibra de poli\u00e9ster.<\/li>\n<li class=\"ng-star-inserted\">Tapicer\u00eda interior en tejido de lino; tapicer\u00eda exterior de piel sint\u00e9tica<\/li>\n<li class=\"ng-star-inserted\">Tapicer\u00eda de poli\u00e9ster<\/li>\n<li class=\"ng-star-inserted\">Pies expuestos con acabado de madera sint\u00e9tica.<\/li>\n<\/ul>\n<p><strong>DETALLE DE LA TELA\u00a0<\/strong><\/p>\n<ul>\n<li><strong>Cuerpo: <\/strong><i class=\"ng-star-inserted\">Poli\u00e9ster 95%\u00a0 \u00a0 \u00a0 \u00a0 \u00a0 \u00a0<\/i><\/li>\n<li><i class=\"ng-star-inserted\">\u00a0 \u00a0 \u00a0 \u00a0 \u00a0 \u00a0 \u00a0 \u00a0 \u00a0Poliuretano 5%<\/i><\/li>\n<\/ul>\n<p><strong>DIMENSIONES<\/strong><\/p>\n<ul class=\"dimCustomCls\">\n<li>Sill\u00f3n Decorativo Ancho: 80 cm<\/li>\n<li>Sill\u00f3n Decorativo Profundidad:\u00a0 58cm<\/li>\n<li>Sill\u00f3n Decorativo Alto: 95 cm<\/li>\n<\/ul>\n<h5><b>GARANT\u00cdA LEGAL<\/b><\/h5>\n<p>Los productos poseen una garant\u00eda de 3 meses establecida por la Ley 19.496 Sobre Protecci\u00f3n de los Derechos de Los Consumidores, contados desde la fecha de recepci\u00f3n del producto, en caso de fallas o deficiencias que afecten el uso al cual est\u00e1 destinado el producto. De acuerdo con la ley de protecci\u00f3n al consumidor, en caso de falla del producto tiene el derecho a elegir entre las siguientes opciones:<\/p>\n<ol type=\"I\">\n<li>Reparaci\u00f3n gratuita del producto.<\/li>\n<li>Reposici\u00f3n o cambio.<\/li>\n<li>La devoluci\u00f3n del dinero pagado.<\/li>\n<\/ol>\n<p>Para ejercer este derecho, se deben determinar preliminarmente las causas de falla del producto. No podr\u00e1 ejercer este derecho cuando el deterioro sea imputable al cliente por su mal uso .<\/p>\n<h5>Precio publicado para Zona Franca, A OTRAS REGIONES SE APLICAN COSTOS EXTRAS : IVA(19%), Impuesto ad valorem(6%), generaci\u00f3n de DIN y honorarios de Agencia de aduana.<\/h5>\n<p>Inf\u00f3rmese en Manual de Zona Franca p\u00e1gina 22.<\/p>\n<p><b><em>El stock disponible de nuestro producto puede variar, por favor cont\u00e1ctenos para saber m\u00e1s a cerca de la disponibilidad de este producto \u00f3 escr\u00edbenos a nuestro \u00a0<a href=\"https:\/\/wa.me\/56997056557\">Whatsapp<\/a>.<\/em><\/b><\/p>\n<\/div>\n","protected":false},"excerpt":{"rendered":"<div class=\"woocommerce-product-details__short-description\">\n<h5>AL RESTO DEL PA\u00cdS $ 602.630<\/h5>\n<p><b><em>El stock disponible de nuestro producto puede variar, por favor cont\u00e1ctenos para saber m\u00e1s a cerca de la disponibilidad de este producto \u00f3 escr\u00edbenos a nuestro \u00a0<a href=\"https:\/\/wa.me\/56997056557\">Whatsapp<\/a>.<\/em><\/b><\/p>\n<\/div>\n<p class=\"stock available-on-backorder\">Disponible para Entrega Inmediata.<\/p>\n","protected":false},"featured_media":41709,"comment_status":"open","ping_status":"closed","template":"","meta":[],"product_brand":[],"product_cat":[100,63,66,139,71,83],"product_tag":[],"class_list":{"0":"post-41705","1":"product","2":"type-product","3":"status-publish","4":"has-post-thumbnail","6":"product_cat-dormitorio","7":"product_cat-living","8":"product_cat-sala-de-estar","9":"product_cat-sillas-oficina","10":"product_cat-sitial","11":"product_cat-sofa","13":"first","14":"instock","15":"taxable","16":"shipping-taxable","17":"purchasable","18":"product-type-simple"},"_links":{"self":[{"href":"https:\/\/www.aguilamuebles.cl\/tienda\/wp-json\/wp\/v2\/product\/41705","targetHints":{"allow":["GET"]}}],"collection":[{"href":"https:\/\/www.aguilamuebles.cl\/tienda\/wp-json\/wp\/v2\/product"}],"about":[{"href":"https:\/\/www.aguilamuebles.cl\/tienda\/wp-json\/wp\/v2\/types\/product"}],"replies":[{"embeddable":true,"href":"https:\/\/www.aguilamuebles.cl\/tienda\/wp-json\/wp\/v2\/comments?post=41705"}],"wp:featuredmedia":[{"embeddable":true,"href":"https:\/\/www.aguilamuebles.cl\/tienda\/wp-json\/wp\/v2\/media\/41709"}],"wp:attachment":[{"href":"https:\/\/www.aguilamuebles.cl\/tienda\/wp-json\/wp\/v2\/media?parent=41705"}],"wp:term":[{"taxonomy":"product_brand","embeddable":true,"href":"https:\/\/www.aguilamuebles.cl\/tienda\/wp-json\/wp\/v2\/product_brand?post=41705"},{"taxonomy":"product_cat","embeddable":true,"href":"https:\/\/www.aguilamuebles.cl\/tienda\/wp-json\/wp\/v2\/product_cat?post=41705"},{"taxonomy":"product_tag","embeddable":true,"href":"https:\/\/www.aguilamuebles.cl\/tienda\/wp-json\/wp\/v2\/product_tag?post=41705"}],"curies":[{"name":"wp","href":"https:\/\/api.w.org\/{rel}","templated":true}]}}