{"id":5289,"date":"2020-08-22T17:31:55","date_gmt":"2020-08-22T21:31:55","guid":{"rendered":"https:\/\/www.aguilamuebles.cl\/tienda\/?post_type=product&#038;p=5289"},"modified":"2023-05-16T17:17:41","modified_gmt":"2023-05-16T21:17:41","slug":"a-70827","status":"publish","type":"product","link":"https:\/\/www.aguilamuebles.cl\/tienda\/product\/a-70827\/","title":{"rendered":"Silla Reclinable con apoya pies"},"content":{"rendered":"<h1>Silla Reclinable con apoya pies<\/h1>\n<p>Modelo: A-70827<\/p>\n<h5>Precio publicado de Zona Franca, a otras regiones se aplica IVA.<\/h5>\n<div>\n<h3>Detalles<\/h3>\n<\/div>\n<p>Estar sentado en un escritorio genera esfuerzo en muchas partes del cuerpo, como la columna vertebral, mu\u00f1ecas, cuello y hombros. La nueva silla ergon\u00f3mica de Marca Aguila fue dise\u00f1ada especialmente con cuidado y atenci\u00f3n para aliviar dolores y brindar una mejor postura de juego o trabajo.<\/p>\n<ul>\n<li>Ideal para profesionales que pasan horas frente a un escritorio.<\/li>\n<li>El dise\u00f1o y la posici\u00f3n m\u00e1s ergon\u00f3mica del segmento.<\/li>\n<li>Respaldo ajustable y vers\u00e1til, con s\u00f3lo accionar una palanca.<\/li>\n<li>Base s\u00f3lida de metal para mayor estabilidad y movilidad.<\/li>\n<li>Reposabrazos ergon\u00f3micos.<\/li>\n<li>Apoya pies de estrutura metalica.<\/li>\n<li>Construida sobre estructura met\u00e1lica.<\/li>\n<li>Inclinaci\u00f3n s\u00edncrona del chasis.<\/li>\n<li>Peso soportado: Hasta 100 kg.<\/li>\n<\/ul>\n<div>\n<h3>Material<\/h3>\n<\/div>\n<ul>\n<li>Silla y apoya pies tapizadas totalmente en tela<\/li>\n<li>Base metal<\/li>\n<li>Relleno de espuma de alta densidad<\/li>\n<\/ul>\n<p>Garant\u00eda:<br \/>\nLa garant\u00eda solo cubre fallas de fabricaci\u00f3n.<\/p>\n<p>Cambios:<br \/>\n-El cliente puede cambiar un producto siempre y cuando est\u00e9 en su embalaje original sin haber sido abierto, enti\u00e9ndase sin uso y sin da\u00f1os en sus piezas.<br \/>\n-Puede cambiar por otro producto disponible pagando diferencia de tarifa.<br \/>\n-El cambio se acepta dentro de los 10 d\u00edas corridos desde la fecha de emisi\u00f3n de la boleta o factura<br \/>\n-El costo del flete del cambio lo asume el cliente.<\/p>\n<p>Devoluciones:<br \/>\n-El cliente puede devolver un producto siempre y cuando est\u00e9 en su embalaje original sin haber sido abierto, enti\u00e9ndase sin uso y sin da\u00f1os en sus piezas.<br \/>\n-La devoluci\u00f3n se acepta dentro de los 10 d\u00edas corridos desde la fecha de emisi\u00f3n de la boleta o factura<br \/>\n-El costo del flete de la devoluci\u00f3n lo asume el cliente.<\/p>\n<h3>Dimensions<\/h3>\n<table width=\"165\">\n<tbody>\n<tr>\n<td width=\"165\">70cmW*78cmD*100cmH<\/td>\n<\/tr>\n<\/tbody>\n<\/table>\n<h3>Dimensions En Caja<\/h3>\n<table width=\"131\">\n<tbody>\n<tr>\n<td width=\"131\">79*45*58cm<\/td>\n<\/tr>\n<\/tbody>\n<\/table>\n<h5><span style=\"color: #ff0000;\">Precio publicado para Zona Franca, A OTRAS REGIONES SE APLICAN COSTOS EXTRAS : IVA(19%), Impuesto ad valorem(6%), generaci\u00f3n de DIN y honorarios de Agencia de aduana.<\/span><\/h5>\n<p><span style=\"color: #ff0000;\">Inf\u00f3rmese en Manual de Zona Franca p\u00e1gina 22.<\/span><\/p>\n<h5><span style=\"color: #ff0000;\"><b><em>El stock disponible de nuestros productos puede variar, por favor cont\u00e1ctenos para saber m\u00e1s a cerca de la disponibilidad de este producto o escr\u00edbenos a nuestro \u00a0<a style=\"color: #ff0000;\" href=\"https:\/\/wa.me\/56997056557\">Whatsapp<\/a>.<\/em><\/b><\/span><\/h5>\n","protected":false},"excerpt":{"rendered":"<div class=\"woocommerce-product-details__short-description\">\n<h5><span style=\"color: #ff0000;\">AL RESTO DEL PA\u00cdS $159.879<\/span><\/h5>\n<h5><span style=\"color: #ff0000;\"><b><em>El stock disponible de nuestro producto puede variar, por favor cont\u00e1ctenos para saber m\u00e1s a cerca de la disponibilidad de este producto \u00f3 escr\u00edbenos a nuestro \u00a0<a style=\"color: #ff0000;\" href=\"https:\/\/wa.me\/56997056557\">Whatsapp<\/a>.<\/em><\/b><\/span><\/h5>\n<\/div>\n<p class=\"stock available-on-backorder\"><span style=\"color: #ff0000;\">Disponible para Entrega Inmediata.<\/span><\/p>\n<h5><span style=\"color: #ff0000;\">Entrega a domicilio<\/span><\/h5>\n<p><span style=\"color: #ff0000;\">Este servicio se cobra por aparte. Tambi\u00e9n puede retirar en nuestra Tienda, ubicado en Manzana E sitio 48E \u2013 Barrio Industrial (diagonal a la puerta 4 de Zofri).<\/span><\/p>\n<p><span style=\"color: #ff0000;\">Horario de atenci\u00f3n de lunes a viernes.<\/span><br \/>\n<span style=\"color: #ff0000;\">De 8:30 a 14HRS y De 15 a 18:30HRS<\/span><\/p>\n<div class=\"shareThis\"><span class=\"socLeft\" style=\"color: #ff0000;\"><a style=\"color: #ff0000;\"><img decoding=\"async\" src=\"https:\/\/intlhomestore.com\/layout\/one_1920\/images\/cst-Facebook.png\" alt=\"\" \/><\/a><img decoding=\"async\" class=\"\" src=\"https:\/\/intlhomestore.com\/layout\/one_1920\/images\/cst-email.png\" alt=\"\" \/><\/span><\/div>\n","protected":false},"featured_media":5290,"comment_status":"open","ping_status":"closed","template":"","meta":[],"product_brand":[],"product_cat":[65,139,107],"product_tag":[],"class_list":{"0":"post-5289","1":"product","2":"type-product","3":"status-publish","4":"has-post-thumbnail","6":"product_cat-oficina","7":"product_cat-sillas-oficina","8":"product_cat-sillas-de-oficina","9":"product_shipping_class-oficinas","11":"first","12":"instock","13":"sale","14":"taxable","15":"shipping-taxable","16":"purchasable","17":"product-type-simple"},"_links":{"self":[{"href":"https:\/\/www.aguilamuebles.cl\/tienda\/wp-json\/wp\/v2\/product\/5289","targetHints":{"allow":["GET"]}}],"collection":[{"href":"https:\/\/www.aguilamuebles.cl\/tienda\/wp-json\/wp\/v2\/product"}],"about":[{"href":"https:\/\/www.aguilamuebles.cl\/tienda\/wp-json\/wp\/v2\/types\/product"}],"replies":[{"embeddable":true,"href":"https:\/\/www.aguilamuebles.cl\/tienda\/wp-json\/wp\/v2\/comments?post=5289"}],"wp:featuredmedia":[{"embeddable":true,"href":"https:\/\/www.aguilamuebles.cl\/tienda\/wp-json\/wp\/v2\/media\/5290"}],"wp:attachment":[{"href":"https:\/\/www.aguilamuebles.cl\/tienda\/wp-json\/wp\/v2\/media?parent=5289"}],"wp:term":[{"taxonomy":"product_brand","embeddable":true,"href":"https:\/\/www.aguilamuebles.cl\/tienda\/wp-json\/wp\/v2\/product_brand?post=5289"},{"taxonomy":"product_cat","embeddable":true,"href":"https:\/\/www.aguilamuebles.cl\/tienda\/wp-json\/wp\/v2\/product_cat?post=5289"},{"taxonomy":"product_tag","embeddable":true,"href":"https:\/\/www.aguilamuebles.cl\/tienda\/wp-json\/wp\/v2\/product_tag?post=5289"}],"curies":[{"name":"wp","href":"https:\/\/api.w.org\/{rel}","templated":true}]}}

<h1>Silla Reclinable con apoya pies</h1>
<p>Modelo: A-70827</p>
<h5>Precio publicado de Zona Franca, a otras regiones se aplica IVA.</h5>
<div>
<h3>Detalles</h3>
</div>
<p>Estar sentado en un escritorio genera esfuerzo en muchas partes del cuerpo, como la columna vertebral, muñecas, cuello y hombros. La nueva silla ergonómica de Marca Aguila fue diseñada especialmente con cuidado y atención para aliviar dolores y brindar una mejor postura de juego o trabajo.</p>
<ul>
<li>Ideal para profesionales que pasan horas frente a un escritorio.</li>
<li>El diseño y la posición más ergonómica del segmento.</li>
<li>Respaldo ajustable y versátil, con sólo accionar una palanca.</li>
<li>Base sólida de metal para mayor estabilidad y movilidad.</li>
<li>Reposabrazos ergonómicos.</li>
<li>Apoya pies de estrutura metalica.</li>
<li>Construida sobre estructura metálica.</li>
<li>Inclinación síncrona del chasis.</li>
<li>Peso soportado: Hasta 100 kg.</li>
</ul>
<div>
<h3>Material</h3>
</div>
<ul>
<li>Silla y apoya pies tapizadas totalmente en tela</li>
<li>Base metal</li>
<li>Relleno de espuma de alta densidad</li>
</ul>
<p>Garantía:<br />
La garantía solo cubre fallas de fabricación.</p>
<p>Cambios:<br />
-El cliente puede cambiar un producto siempre y cuando esté en su embalaje original sin haber sido abierto, entiéndase sin uso y sin daños en sus piezas.<br />
-Puede cambiar por otro producto disponible pagando diferencia de tarifa.<br />
-El cambio se acepta dentro de los 10 días corridos desde la fecha de emisión de la boleta o factura<br />
-El costo del flete del cambio lo asume el cliente.</p>
<p>Devoluciones:<br />
-El cliente puede devolver un producto siempre y cuando esté en su embalaje original sin haber sido abierto, entiéndase sin uso y sin daños en sus piezas.<br />
-La devolución se acepta dentro de los 10 días corridos desde la fecha de emisión de la boleta o factura<br />
-El costo del flete de la devolución lo asume el cliente.</p>
<h3>Dimensions</h3>
<table width="165">
<tbody>
<tr>
<td width="165">70cmW*78cmD*100cmH</td>
</tr>
</tbody>
</table>
<h3>Dimensions En Caja</h3>
<table width="131">
<tbody>
<tr>
<td width="131">79*45*58cm</td>
</tr>
</tbody>
</table>
<h5><span style="color: #ff0000;">Precio publicado para Zona Franca, A OTRAS REGIONES SE APLICAN COSTOS EXTRAS : IVA(19%), Impuesto ad valorem(6%), generación de DIN y honorarios de Agencia de aduana.</span></h5>
<p><span style="color: #ff0000;">Infórmese en Manual de Zona Franca página 22.</span></p>
<h5><span style="color: #ff0000;"><b><em>El stock disponible de nuestros productos puede variar, por favor contáctenos para saber más a cerca de la disponibilidad de este producto o escríbenos a nuestro  <a style="color: #ff0000;" href="https://wa.me/56997056557">Whatsapp</a>.</em></b></span></h5>

<div class="woocommerce-product-details__short-description">
<h5><span style="color: #ff0000;">AL RESTO DEL PAÍS $159.879</span></h5>
<h5><span style="color: #ff0000;"><b><em>El stock disponible de nuestro producto puede variar, por favor contáctenos para saber más a cerca de la disponibilidad de este producto ó escríbenos a nuestro  <a style="color: #ff0000;" href="https://wa.me/56997056557">Whatsapp</a>.</em></b></span></h5>
</div>
<p class="stock available-on-backorder"><span style="color: #ff0000;">Disponible para Entrega Inmediata.</span></p>
<h5><span style="color: #ff0000;">Entrega a domicilio</span></h5>
<p><span style="color: #ff0000;">Este servicio se cobra por aparte. También puede retirar en nuestra Tienda, ubicado en Manzana E sitio 48E – Barrio Industrial (diagonal a la puerta 4 de Zofri).</span></p>
<p><span style="color: #ff0000;">Horario de atención de lunes a viernes.</span><br />
<span style="color: #ff0000;">De 8:30 a 14HRS y De 15 a 18:30HRS</span></p>
<div class="shareThis"><span class="socLeft" style="color: #ff0000;"><a style="color: #ff0000;"><img decoding="async" src="https://intlhomestore.com/layout/one_1920/images/cst-Facebook.png" alt="" /></a><img decoding="async" class="" src="https://intlhomestore.com/layout/one_1920/images/cst-email.png" alt="" /></span></div>
