{"id":6705,"date":"2021-01-23T14:17:31","date_gmt":"2021-01-23T18:17:31","guid":{"rendered":"https:\/\/www.aguilamuebles.cl\/tienda\/?post_type=product&#038;p=6705"},"modified":"2025-10-24T05:02:34","modified_gmt":"2025-10-24T09:02:34","slug":"sofa-berger-reclinable-boxberg-ashley","status":"publish","type":"product","link":"https:\/\/www.aguilamuebles.cl\/tienda\/product\/sofa-berger-reclinable-boxberg-ashley\/","title":{"rendered":"Reclinable de 2 Cuerpos Earhart ASHLEY"},"content":{"rendered":"<h1>Reclinable de 2 Cuerpos Earhart ASHLEY<\/h1>\n<h3>ENTREGA INMEDIATA<\/h3>\n<h4>Modelo: 2910194<\/h4>\n<h5><b>DIMENSIONES<\/b><\/h5>\n<ul class=\"dimCustomCls\">\n<li>Ancho: 198.12 cm<\/li>\n<li>Profundidad: 105.41 cm<\/li>\n<li>Alto: 105.41 cm<\/li>\n<\/ul>\n<p><b>Tela Detalles<\/b><\/p>\n<ul>\n<li>Cuerpo: poli\u00e9ster (98%), poliuretano (2%)<\/li>\n<\/ul>\n<h5><b>ENTREGA A DOMICILIO<\/b><\/h5>\n<p>Este servicio se cobra por separado. Tambi\u00e9n puede retirar en el Centro de Distribuci\u00f3n, \u00e9sta, debe ser coordinada con anticipaci\u00f3n.<\/p>\n<h5><b>GARANT\u00cdA LEGAL<\/b><\/h5>\n<p>Los productos poseen una garant\u00eda de 3 meses establecida por la Ley 19.496 Sobre Protecci\u00f3n de los Derechos de Los Consumidores, contados desde la fecha de recepci\u00f3n del producto, en caso de fallas o deficiencias que afecten el uso al cual est\u00e1 destinado el producto. De acuerdo con la ley de protecci\u00f3n al consumidor, en caso de falla del producto tiene el derecho a elegir entre las siguientes opciones:<\/p>\n<ol type=\"I\">\n<li>Reparaci\u00f3n gratuita del producto.<\/li>\n<li>Reposici\u00f3n o cambio.<\/li>\n<li>La devoluci\u00f3n del dinero pagado.<\/li>\n<\/ol>\n<p>Para ejercer este derecho, se deben determinar preliminarmente las causas de falla del producto. No podr\u00e1 ejercer este derecho cuando el deterioro sea imputable al cliente por su mal uso .<\/p>\n<h5>Precio publicado para Zona Franca, A OTRAS REGIONES SE APLICAN COSTOS EXTRAS : IVA(19%), Impuesto ad valorem(6%), generaci\u00f3n de DIN y honorarios de Agencia de aduana.<\/h5>\n<p>Inf\u00f3rmese en Manual de Zona Franca p\u00e1gina 22.<\/p>\n<h5><b><em>El stock disponible de nuestros productos puede variar, por favor cont\u00e1ctenos para saber m\u00e1s a cerca de la disponibilidad de este producto o escr\u00edbenos a nuestro \u00a0<a href=\"https:\/\/wa.me\/56997056557\">Whatsapp<\/a>.<\/em><\/b><\/h5>\n","protected":false},"excerpt":{"rendered":"<div class=\"woocommerce-product-details__short-description\">\n<h5><span style=\"color: #ff0000;\">AL RESTO DEL PA\u00cdS $1.283.786<\/span><\/h5>\n<h5><span style=\"color: #ff0000;\"><b><em>El stock disponible de nuestro producto puede variar, por favor cont\u00e1ctenos para saber m\u00e1s a cerca de la disponibilidad de este producto \u00f3 escr\u00edbenos a nuestro \u00a0<a style=\"color: #ff0000;\" href=\"https:\/\/wa.me\/56997056557\">Whatsapp<\/a>.<\/em><\/b><\/span><\/h5>\n<\/div>\n<p class=\"stock available-on-backorder\"><span style=\"color: #ff0000;\">Disponible para Entrega Inmediata.<\/span><\/p>\n<h5><span style=\"color: #ff0000;\">Entrega a domicilio<\/span><\/h5>\n<p><span style=\"color: #ff0000;\">Este servicio se cobra por aparte. Tambi\u00e9n puede retirar en nuestra Tienda, ubicado en Manzana E sitio 48E \u2013 Barrio Industrial (diagonal a la puerta 4 de Zofri).<\/span><\/p>\n<p>Horario de atenci\u00f3n de lunes a viernes.<br \/>\nDe 8:30 a 14HRS y De 15 a 18:30HRS<\/p>\n<div class=\"shareThis\"><span class=\"socLeft\"><a><img decoding=\"async\" src=\"https:\/\/intlhomestore.com\/layout\/one_1920\/images\/cst-Facebook.png\" alt=\"\" \/><\/a><img decoding=\"async\" class=\"\" src=\"https:\/\/intlhomestore.com\/layout\/one_1920\/images\/cst-email.png\" alt=\"\" \/><\/span><\/div>\n","protected":false},"featured_media":6713,"comment_status":"open","ping_status":"closed","template":"","meta":[],"product_brand":[],"product_cat":[137,63,154,66,71,83],"product_tag":[],"class_list":{"0":"post-6705","1":"product","2":"type-product","3":"status-publish","4":"has-post-thumbnail","6":"product_cat-berger","7":"product_cat-living","8":"product_cat-poltrona","9":"product_cat-sala-de-estar","10":"product_cat-sitial","11":"product_cat-sofa","12":"product_shipping_class-paquete-grande","14":"first","15":"instock","16":"sale","17":"taxable","18":"shipping-taxable","19":"purchasable","20":"product-type-simple"},"_links":{"self":[{"href":"https:\/\/www.aguilamuebles.cl\/tienda\/wp-json\/wp\/v2\/product\/6705","targetHints":{"allow":["GET"]}}],"collection":[{"href":"https:\/\/www.aguilamuebles.cl\/tienda\/wp-json\/wp\/v2\/product"}],"about":[{"href":"https:\/\/www.aguilamuebles.cl\/tienda\/wp-json\/wp\/v2\/types\/product"}],"replies":[{"embeddable":true,"href":"https:\/\/www.aguilamuebles.cl\/tienda\/wp-json\/wp\/v2\/comments?post=6705"}],"wp:featuredmedia":[{"embeddable":true,"href":"https:\/\/www.aguilamuebles.cl\/tienda\/wp-json\/wp\/v2\/media\/6713"}],"wp:attachment":[{"href":"https:\/\/www.aguilamuebles.cl\/tienda\/wp-json\/wp\/v2\/media?parent=6705"}],"wp:term":[{"taxonomy":"product_brand","embeddable":true,"href":"https:\/\/www.aguilamuebles.cl\/tienda\/wp-json\/wp\/v2\/product_brand?post=6705"},{"taxonomy":"product_cat","embeddable":true,"href":"https:\/\/www.aguilamuebles.cl\/tienda\/wp-json\/wp\/v2\/product_cat?post=6705"},{"taxonomy":"product_tag","embeddable":true,"href":"https:\/\/www.aguilamuebles.cl\/tienda\/wp-json\/wp\/v2\/product_tag?post=6705"}],"curies":[{"name":"wp","href":"https:\/\/api.w.org\/{rel}","templated":true}]}}

<h1>Reclinable de 2 Cuerpos Earhart ASHLEY</h1>
<h3>ENTREGA INMEDIATA</h3>
<h4>Modelo: 2910194</h4>
<h5><b>DIMENSIONES</b></h5>
<ul class="dimCustomCls">
<li>Ancho: 198.12 cm</li>
<li>Profundidad: 105.41 cm</li>
<li>Alto: 105.41 cm</li>
</ul>
<p><b>Tela Detalles</b></p>
<ul>
<li>Cuerpo: poliéster (98%), poliuretano (2%)</li>
</ul>
<h5><b>ENTREGA A DOMICILIO</b></h5>
<p>Este servicio se cobra por separado. También puede retirar en el Centro de Distribución, ésta, debe ser coordinada con anticipación.</p>
<h5><b>GARANTÍA LEGAL</b></h5>
<p>Los productos poseen una garantía de 3 meses establecida por la Ley 19.496 Sobre Protección de los Derechos de Los Consumidores, contados desde la fecha de recepción del producto, en caso de fallas o deficiencias que afecten el uso al cual está destinado el producto. De acuerdo con la ley de protección al consumidor, en caso de falla del producto tiene el derecho a elegir entre las siguientes opciones:</p>
<ol type="I">
<li>Reparación gratuita del producto.</li>
<li>Reposición o cambio.</li>
<li>La devolución del dinero pagado.</li>
</ol>
<p>Para ejercer este derecho, se deben determinar preliminarmente las causas de falla del producto. No podrá ejercer este derecho cuando el deterioro sea imputable al cliente por su mal uso .</p>
<h5>Precio publicado para Zona Franca, A OTRAS REGIONES SE APLICAN COSTOS EXTRAS : IVA(19%), Impuesto ad valorem(6%), generación de DIN y honorarios de Agencia de aduana.</h5>
<p>Infórmese en Manual de Zona Franca página 22.</p>
<h5><b><em>El stock disponible de nuestros productos puede variar, por favor contáctenos para saber más a cerca de la disponibilidad de este producto o escríbenos a nuestro  <a href="https://wa.me/56997056557">Whatsapp</a>.</em></b></h5>

<div class="woocommerce-product-details__short-description">
<h5><span style="color: #ff0000;">AL RESTO DEL PAÍS $1.283.786</span></h5>
<h5><span style="color: #ff0000;"><b><em>El stock disponible de nuestro producto puede variar, por favor contáctenos para saber más a cerca de la disponibilidad de este producto ó escríbenos a nuestro  <a style="color: #ff0000;" href="https://wa.me/56997056557">Whatsapp</a>.</em></b></span></h5>
</div>
<p class="stock available-on-backorder"><span style="color: #ff0000;">Disponible para Entrega Inmediata.</span></p>
<h5><span style="color: #ff0000;">Entrega a domicilio</span></h5>
<p><span style="color: #ff0000;">Este servicio se cobra por aparte. También puede retirar en nuestra Tienda, ubicado en Manzana E sitio 48E – Barrio Industrial (diagonal a la puerta 4 de Zofri).</span></p>
<p>Horario de atención de lunes a viernes.<br />
De 8:30 a 14HRS y De 15 a 18:30HRS</p>
<div class="shareThis"><span class="socLeft"><a><img decoding="async" src="https://intlhomestore.com/layout/one_1920/images/cst-Facebook.png" alt="" /></a><img decoding="async" class="" src="https://intlhomestore.com/layout/one_1920/images/cst-email.png" alt="" /></span></div>
