{"id":7231,"date":"2021-03-14T16:04:31","date_gmt":"2021-03-14T20:04:31","guid":{"rendered":"https:\/\/www.aguilamuebles.cl\/tienda\/?post_type=product&#038;p=7231"},"modified":"2026-02-27T02:08:21","modified_gmt":"2026-02-27T06:08:21","slug":"chaise-esquinero-de-brazo-izquierdo-richburg","status":"publish","type":"product","link":"https:\/\/www.aguilamuebles.cl\/tienda\/product\/chaise-esquinero-de-brazo-izquierdo-richburg\/","title":{"rendered":"Chaise Esquinero de Brazo Izquierdo Richburg"},"content":{"rendered":"<h1>Chaise Esquinero de Brazo Izquierdo Richburg<\/h1>\n<h4>Modelo: 2390316<\/h4>\n<h5><b>DIMENSIONES<\/b><\/h5>\n<ul class=\"dimCustomCls\">\n<li>Ancho: 177.80 cm<\/li>\n<li>Profundidad: 116.84 cm<\/li>\n<li>Alto: 91.44 cm<\/li>\n<\/ul>\n<h5>DETALLES<\/h5>\n<p>Con su aspecto opulento y su suntuosa sensaci\u00f3n, este sill\u00f3n tradicional hace que sea muy tentador vivir en el pasado.\u00a0La tapicer\u00eda maravillosamente lujosa de color caf\u00e9 es un hermoso despertar de estilo.\u00a0La almohada tipo ri\u00f1onera con flecos, la barandilla girada con fantas\u00eda y las cl\u00e1sicas patas de mo\u00f1o completan esta tumbona.<\/p>\n<div class=\"bulletPoint\">\n<ul>\n<li>Marco bloqueado en esquina<\/li>\n<li>Cojines de asiento sueltos y respaldo adjuntos<\/li>\n<li>Cojines de espuma de alta resistencia envueltos en polifibra gruesa<\/li>\n<li>Coj\u00edn de lanzamiento incluido<\/li>\n<li>Almohada con relleno de polietileno suave<\/li>\n<li>Tapicer\u00eda de poli\u00e9ster \/ nailon<\/li>\n<li>Poli\u00e9ster \/ acr\u00edlico<\/li>\n<li>almohada de poli\u00e9ster \/ nailon<\/li>\n<li>Riel y pies expuestos con acabado de imitaci\u00f3n de madera<\/li>\n<li>El sistema de base de la plataforma resiste el pandeo 3 veces mejor que el sistema de resorte despu\u00e9s de 20,000 ciclos de prueba al brindar un soporte m\u00e1s uniforme<\/li>\n<\/ul>\n<h5><b>ENTREGA A DOMICILIO<\/b><\/h5>\n<p>Este servicio se cobra por separado. Tambi\u00e9n puede retirar en el Centro de Distribuci\u00f3n, \u00e9sta, debe ser coordinada con anticipaci\u00f3n.<\/p>\n<h5><b>GARANT\u00cdA LEGAL<\/b><\/h5>\n<p>Los productos poseen una garant\u00eda de 3 meses establecida por la Ley 19.496 Sobre Protecci\u00f3n de los Derechos de Los Consumidores, contados desde la fecha de recepci\u00f3n del producto, en caso de fallas o deficiencias que afecten el uso al cual est\u00e1 destinado el producto. De acuerdo con la ley de protecci\u00f3n al consumidor, en caso de falla del producto tiene el derecho a elegir entre las siguientes opciones:<\/p>\n<ol type=\"I\">\n<li>Reparaci\u00f3n gratuita del producto.<\/li>\n<li>Reposici\u00f3n o cambio.<\/li>\n<li>La devoluci\u00f3n del dinero pagado.<\/li>\n<\/ol>\n<p>Para ejercer este derecho, se deben determinar preliminarmente las causas de falla del producto. No podr\u00e1 ejercer este derecho cuando el deterioro sea imputable al cliente por su mal uso .<\/p>\n<h5>Precio publicado para Zona Franca, A OTRAS REGIONES SE APLICAN COSTOS EXTRAS : IVA(19%), Impuesto ad valorem(6%), generaci\u00f3n de DIN y honorarios de Agencia de aduana.<\/h5>\n<p>Inf\u00f3rmese en Manual de Zona Franca p\u00e1gina 22.<\/p>\n<p><b><em>El stock disponible de nuestro producto puede variar, por favor cont\u00e1ctenos para saber m\u00e1s a cerca de la disponibilidad de este producto \u00f3 escr\u00edbenos a nuestro \u00a0<a href=\"https:\/\/wa.me\/56997056557\">Whatsapp<\/a>.<\/em><\/b><\/p>\n<\/div>\n<p>&nbsp;<\/p>\n","protected":false},"excerpt":{"rendered":"<h5><span style=\"color: #ff0000;\">Precio publicado de Zona Franca, AL RESTO DEL PA\u00cdS $916.719<\/span><\/h5>\n<p><b><em>El stock disponible de nuestro producto puede variar, por favor cont\u00e1ctenos para saber m\u00e1s a cerca de la disponibilidad de este producto \u00f3 escr\u00edbenos a nuestro \u00a0<a href=\"https:\/\/wa.me\/56997056557\">Whatsapp<\/a>.<\/em><\/b><\/p>\n","protected":false},"featured_media":7281,"comment_status":"open","ping_status":"closed","template":"","meta":[],"product_brand":[],"product_cat":[63,83],"product_tag":[],"class_list":{"0":"post-7231","1":"product","2":"type-product","3":"status-publish","4":"has-post-thumbnail","6":"product_cat-living","7":"product_cat-sofa","8":"product_shipping_class-paquete-grande","10":"first","11":"instock","12":"sale","13":"taxable","14":"shipping-taxable","15":"purchasable","16":"product-type-simple"},"_links":{"self":[{"href":"https:\/\/www.aguilamuebles.cl\/tienda\/wp-json\/wp\/v2\/product\/7231","targetHints":{"allow":["GET"]}}],"collection":[{"href":"https:\/\/www.aguilamuebles.cl\/tienda\/wp-json\/wp\/v2\/product"}],"about":[{"href":"https:\/\/www.aguilamuebles.cl\/tienda\/wp-json\/wp\/v2\/types\/product"}],"replies":[{"embeddable":true,"href":"https:\/\/www.aguilamuebles.cl\/tienda\/wp-json\/wp\/v2\/comments?post=7231"}],"wp:featuredmedia":[{"embeddable":true,"href":"https:\/\/www.aguilamuebles.cl\/tienda\/wp-json\/wp\/v2\/media\/7281"}],"wp:attachment":[{"href":"https:\/\/www.aguilamuebles.cl\/tienda\/wp-json\/wp\/v2\/media?parent=7231"}],"wp:term":[{"taxonomy":"product_brand","embeddable":true,"href":"https:\/\/www.aguilamuebles.cl\/tienda\/wp-json\/wp\/v2\/product_brand?post=7231"},{"taxonomy":"product_cat","embeddable":true,"href":"https:\/\/www.aguilamuebles.cl\/tienda\/wp-json\/wp\/v2\/product_cat?post=7231"},{"taxonomy":"product_tag","embeddable":true,"href":"https:\/\/www.aguilamuebles.cl\/tienda\/wp-json\/wp\/v2\/product_tag?post=7231"}],"curies":[{"name":"wp","href":"https:\/\/api.w.org\/{rel}","templated":true}]}}

<h1>Chaise Esquinero de Brazo Izquierdo Richburg</h1>
<h4>Modelo: 2390316</h4>
<h5><b>DIMENSIONES</b></h5>
<ul class="dimCustomCls">
<li>Ancho: 177.80 cm</li>
<li>Profundidad: 116.84 cm</li>
<li>Alto: 91.44 cm</li>
</ul>
<h5>DETALLES</h5>
<p>Con su aspecto opulento y su suntuosa sensación, este sillón tradicional hace que sea muy tentador vivir en el pasado. La tapicería maravillosamente lujosa de color café es un hermoso despertar de estilo. La almohada tipo riñonera con flecos, la barandilla girada con fantasía y las clásicas patas de moño completan esta tumbona.</p>
<div class="bulletPoint">
<ul>
<li>Marco bloqueado en esquina</li>
<li>Cojines de asiento sueltos y respaldo adjuntos</li>
<li>Cojines de espuma de alta resistencia envueltos en polifibra gruesa</li>
<li>Cojín de lanzamiento incluido</li>
<li>Almohada con relleno de polietileno suave</li>
<li>Tapicería de poliéster / nailon</li>
<li>Poliéster / acrílico</li>
<li>almohada de poliéster / nailon</li>
<li>Riel y pies expuestos con acabado de imitación de madera</li>
<li>El sistema de base de la plataforma resiste el pandeo 3 veces mejor que el sistema de resorte después de 20,000 ciclos de prueba al brindar un soporte más uniforme</li>
</ul>
<h5><b>ENTREGA A DOMICILIO</b></h5>
<p>Este servicio se cobra por separado. También puede retirar en el Centro de Distribución, ésta, debe ser coordinada con anticipación.</p>
<h5><b>GARANTÍA LEGAL</b></h5>
<p>Los productos poseen una garantía de 3 meses establecida por la Ley 19.496 Sobre Protección de los Derechos de Los Consumidores, contados desde la fecha de recepción del producto, en caso de fallas o deficiencias que afecten el uso al cual está destinado el producto. De acuerdo con la ley de protección al consumidor, en caso de falla del producto tiene el derecho a elegir entre las siguientes opciones:</p>
<ol type="I">
<li>Reparación gratuita del producto.</li>
<li>Reposición o cambio.</li>
<li>La devolución del dinero pagado.</li>
</ol>
<p>Para ejercer este derecho, se deben determinar preliminarmente las causas de falla del producto. No podrá ejercer este derecho cuando el deterioro sea imputable al cliente por su mal uso .</p>
<h5>Precio publicado para Zona Franca, A OTRAS REGIONES SE APLICAN COSTOS EXTRAS : IVA(19%), Impuesto ad valorem(6%), generación de DIN y honorarios de Agencia de aduana.</h5>
<p>Infórmese en Manual de Zona Franca página 22.</p>
<p><b><em>El stock disponible de nuestro producto puede variar, por favor contáctenos para saber más a cerca de la disponibilidad de este producto ó escríbenos a nuestro  <a href="https://wa.me/56997056557">Whatsapp</a>.</em></b></p>
</div>
<p>&nbsp;</p>

<h5><span style="color: #ff0000;">Precio publicado de Zona Franca, AL RESTO DEL PAÍS $916.719</span></h5>
<p><b><em>El stock disponible de nuestro producto puede variar, por favor contáctenos para saber más a cerca de la disponibilidad de este producto ó escríbenos a nuestro  <a href="https://wa.me/56997056557">Whatsapp</a>.</em></b></p>
