{"id":77977,"date":"2025-11-20T10:39:59","date_gmt":"2025-11-20T14:39:59","guid":{"rendered":"https:\/\/www.aguilamuebles.cl\/tienda\/?post_type=product&#038;p=77977"},"modified":"2025-11-20T10:44:07","modified_gmt":"2025-11-20T14:44:07","slug":"sofa-crema-2-cuerpos-callisburg-de-ss5408hf65d-c894","status":"publish","type":"product","link":"https:\/\/www.aguilamuebles.cl\/tienda\/product\/sofa-crema-2-cuerpos-callisburg-de-ss5408hf65d-c894\/","title":{"rendered":"Sof\u00e1 Crema 2 Cuerpos Callisburg de SS5408HF65D-C894"},"content":{"rendered":"<div>\n<h5 dir=\"ltr\" data-placeholder=\"Traducci\u00f3n\">\u00a1Sof\u00e1 de dise\u00f1o cautivador y muy acogedor!<\/h5>\n<p id=\"tw-target-text\" class=\"tw-data-text tw-text-large tw-ta\" dir=\"ltr\" data-placeholder=\"Traducci\u00f3n\"><span class=\"Y2IQFc\" lang=\"es\">Ya sea que est\u00e9 dise\u00f1ando un espacio fresco y contempor\u00e1neo o creando un ambiente de casa de campo moderno c\u00e1lido y acogedor, no puede negarlo.<\/span><span class=\"Y2IQFc\" lang=\"es\"> Este sof\u00e1 de 2 cuerpos hace que quedarse en casa por la noche sea tan atractivo. Este sof\u00e1 de dise\u00f1o, que se atreve a ser diferente, cautiva con los brazos de riel redondeados colocados en \u00e1ngulo para un estilo vanguardista. La tela similar al lino de tejido plano en un tono neutro fresco seguramente animar\u00e1 su espacio. Los cojines de asiento reversibles le dan a este sof\u00e1 mucho m\u00e1s poder de permanencia.<\/span><\/p>\n<h5 class=\"tab-header3\">Descripci\u00f3n<\/h5>\n<\/div>\n<ul class=\"detail-row\">\n<li>Sof\u00e1 estacionario de 2 cuerpos.<\/li>\n<li>Reposabrazos redondo con dise\u00f1o arrugado<\/li>\n<li>respaldo plegable<\/li>\n<li>patas de madera<\/li>\n<\/ul>\n<div class=\"detail-row\">\n<h5 class=\"tab-header3\">Detalles de la tela<\/h5>\n<ul>\n<li>TELA: C894 BLANCO<\/li>\n<\/ul>\n<\/div>\n<div class=\"detail-row\">\n<ul>\n<li>Overall Size (cm): 201*90*90\u00a0 50 kg<\/li>\n<li>Packing Size(cm): Caja 203 x 91 x 53\u00a0 \u00a058.68 kg<\/li>\n<\/ul>\n<h5><span style=\"color: #ff0000;\"><b>ENTREGA A DOMICILIO<\/b><\/span><\/h5>\n<p><span style=\"color: #ff0000;\">Este servicio se cobra por separado. Tambi\u00e9n puede retirar en el Centro de Distribuci\u00f3n, \u00e9sta, debe ser coordinada con anticipaci\u00f3n.<\/span><\/p>\n<h5><span style=\"color: #ff0000;\"><b>GARANT\u00cdA LEGAL<\/b><\/span><\/h5>\n<p><span style=\"color: #ff0000;\">Los productos poseen una garant\u00eda de 3 meses establecida por la Ley 19.496 Sobre Protecci\u00f3n de los Derechos de Los Consumidores, contados desde la fecha de recepci\u00f3n del producto, en caso de fallas o deficiencias que afecten el uso al cual est\u00e1 destinado el producto. De acuerdo con la ley de protecci\u00f3n al consumidor, en caso de falla del producto tiene el derecho a elegir entre las siguientes opciones:<\/span><\/p>\n<ol type=\"I\">\n<li><span style=\"color: #ff0000;\">Reparaci\u00f3n gratuita del producto.<\/span><\/li>\n<li><span style=\"color: #ff0000;\">Reposici\u00f3n o cambio.<\/span><\/li>\n<li><span style=\"color: #ff0000;\">La devoluci\u00f3n del dinero pagado.<\/span><\/li>\n<\/ol>\n<p><span style=\"color: #ff0000;\">Para ejercer este derecho, se deben determinar preliminarmente las causas de falla del producto. No podr\u00e1 ejercer este derecho cuando el deterioro sea imputable al cliente por su mal uso .<\/span><\/p>\n<h5><span style=\"color: #ff0000;\">Precio publicado para Zona Franca, A OTRAS REGIONES SE APLICAN COSTOS EXTRAS : IVA(19%), Impuesto ad valorem(6%), generaci\u00f3n de DIN y honorarios de Agencia de aduana.<\/span><\/h5>\n<p><span style=\"color: #ff0000;\">Inf\u00f3rmese en Manual de Zona Franca p\u00e1gina 22.<\/span><\/p>\n<p><span style=\"color: #ff0000;\"><b><em>El stock disponible de nuestros productos puede variar, por favor cont\u00e1ctenos para saber m\u00e1s a cerca de la disponibilidad de este producto o escr\u00edbenos a nuestro \u00a0<a style=\"color: #ff0000;\" href=\"https:\/\/wa.me\/56997056557\">Whatsapp<\/a>. <span class=\"text_exposed_show\">+56 9 9705 6557<\/span><\/em><\/b><\/span><\/p>\n<\/div>\n","protected":false},"excerpt":{"rendered":"<div class=\"woocommerce-product-details__short-description\">\n<h5><span style=\"color: #ff0000;\">AL RESTO DEL PA\u00cdS $412.159<\/span><\/h5>\n<p><span style=\"color: #ff0000;\"><b><em>El stock disponible de nuestro producto puede variar, por favor cont\u00e1ctenos para saber m\u00e1s a cerca de la disponibilidad de este producto \u00f3 escr\u00edbenos a nuestro \u00a0<a style=\"color: #ff0000;\" href=\"https:\/\/wa.me\/56997056557\">Whatsapp<\/a>.<\/em><\/b><\/span><\/p>\n<\/div>\n<p class=\"stock available-on-backorder\"><span style=\"color: #ff0000;\">Disponible para Entrega Inmediata.<\/span><\/p>\n<h5><span style=\"color: #ff0000;\">Entrega a domicilio, este servicio se cobra por aparte. Tambi\u00e9n puede retirar en nuestra Tienda, ubicado en Manzana E sitio 48E \u2013 Barrio Industrial (diagonal a la puerta 4 de Zofri).<\/span><\/h5>\n<p><span style=\"color: #ff0000;\">HORARIO DE ATENCION:<br \/>\nLUNES<\/span><br \/>\n<span style=\"color: #ff0000;\">De 8:30 a 14:00<br \/>\n15:00\u00a0 a 17:30<br \/>\nMARTES A VIERNES<br \/>\nDe 8:30 a 14:00<br \/>\n15:00\u00a0 a 18:30<br \/>\n<\/span><\/p>\n<div class=\"shareThis\"><span class=\"socLeft\"><img decoding=\"async\" src=\"https:\/\/intlhomestore.com\/layout\/one_1920\/images\/cst-Facebook.png\" alt=\"\" \/><\/span><\/div>\n","protected":false},"featured_media":77978,"comment_status":"open","ping_status":"closed","template":"","meta":[],"product_brand":[],"product_cat":[83],"product_tag":[],"class_list":{"0":"post-77977","1":"product","2":"type-product","3":"status-publish","4":"has-post-thumbnail","6":"product_cat-sofa","8":"first","9":"instock","10":"taxable","11":"shipping-taxable","12":"purchasable","13":"product-type-simple"},"_links":{"self":[{"href":"https:\/\/www.aguilamuebles.cl\/tienda\/wp-json\/wp\/v2\/product\/77977","targetHints":{"allow":["GET"]}}],"collection":[{"href":"https:\/\/www.aguilamuebles.cl\/tienda\/wp-json\/wp\/v2\/product"}],"about":[{"href":"https:\/\/www.aguilamuebles.cl\/tienda\/wp-json\/wp\/v2\/types\/product"}],"replies":[{"embeddable":true,"href":"https:\/\/www.aguilamuebles.cl\/tienda\/wp-json\/wp\/v2\/comments?post=77977"}],"wp:featuredmedia":[{"embeddable":true,"href":"https:\/\/www.aguilamuebles.cl\/tienda\/wp-json\/wp\/v2\/media\/77978"}],"wp:attachment":[{"href":"https:\/\/www.aguilamuebles.cl\/tienda\/wp-json\/wp\/v2\/media?parent=77977"}],"wp:term":[{"taxonomy":"product_brand","embeddable":true,"href":"https:\/\/www.aguilamuebles.cl\/tienda\/wp-json\/wp\/v2\/product_brand?post=77977"},{"taxonomy":"product_cat","embeddable":true,"href":"https:\/\/www.aguilamuebles.cl\/tienda\/wp-json\/wp\/v2\/product_cat?post=77977"},{"taxonomy":"product_tag","embeddable":true,"href":"https:\/\/www.aguilamuebles.cl\/tienda\/wp-json\/wp\/v2\/product_tag?post=77977"}],"curies":[{"name":"wp","href":"https:\/\/api.w.org\/{rel}","templated":true}]}}