{"id":8613,"date":"2021-06-06T10:25:02","date_gmt":"2021-06-06T14:25:02","guid":{"rendered":"https:\/\/www.aguilamuebles.cl\/tienda\/?post_type=product&#038;p=8613"},"modified":"2022-12-26T15:37:07","modified_gmt":"2022-12-26T19:37:07","slug":"sofa-chaise-westerwood-patina-de-ashley","status":"publish","type":"product","link":"https:\/\/www.aguilamuebles.cl\/tienda\/product\/sofa-chaise-westerwood-patina-de-ashley\/","title":{"rendered":"Sofa Chaise Westerwood de Ashley"},"content":{"rendered":"<h5>DETALLES<\/h5>\n<p>Este sill\u00f3n orientado hacia el brazo izquierdo lleva el estilo tradicional en una nueva direcci\u00f3n. Cargado de estilo, el marco expuesto de acabado oscuro con detalles art\u00edsticos nos hace anhelar anta\u00f1o. Envuelto en una tapicer\u00eda de chenilla ricamente neutral y complementado con una almohada de jacquard paisley, esta cl\u00e1sica chaise instant\u00e1nea lleva el pasado al presente.<\/p>\n<div class=\"bulletPoint\">\n<ul>\n<li>Marco de esquina bloqueada<\/li>\n<li>Respaldo adjunto y cojines de asiento.<\/li>\n<li>Los cojines de espuma de alta resistencia est\u00e1n envueltos en fibra de polietileno gruesa.<\/li>\n<li>Almohada decorativa incluida<\/li>\n<li>Almohada con relleno suave<\/li>\n<li>Tapiceria de poliester<\/li>\n<li>Poli\u00e9ster; almohada de poli\u00e9ster \/ ray\u00f3n<\/li>\n<li>Pies expuestos y marco con acabado en imitaci\u00f3n madera.<\/li>\n<\/ul>\n<h5><b>DIMENSIONES<\/b><\/h5>\n<ul class=\"dimCustomCls\">\n<li>Ancho: 172.72 cm<\/li>\n<li>Profundidad: 101.60 cm<\/li>\n<li>Alto: 83.82 cm<\/li>\n<\/ul>\n<h5><b>GARANT\u00cdA LEGAL<\/b><\/h5>\n<p>Los productos poseen una garant\u00eda de 3 meses establecida por la Ley 19.496 Sobre Protecci\u00f3n de los Derechos de Los Consumidores, contados desde la fecha de recepci\u00f3n del producto, en caso de fallas o deficiencias que afecten el uso al cual est\u00e1 destinado el producto. De acuerdo con la ley de protecci\u00f3n al consumidor, en caso de falla del producto tiene el derecho a elegir entre las siguientes opciones:<\/p>\n<ol type=\"I\">\n<li>Reparaci\u00f3n gratuita del producto.<\/li>\n<li>Reposici\u00f3n o cambio.<\/li>\n<li>La devoluci\u00f3n del dinero pagado.<\/li>\n<\/ol>\n<p>Para ejercer este derecho, se deben determinar preliminarmente las causas de falla del producto. No podr\u00e1 ejercer este derecho cuando el deterioro sea imputable al cliente por su mal uso .<\/p>\n<h5>Precio publicado para Zona Franca, A OTRAS REGIONES SE APLICAN COSTOS EXTRAS : IVA(19%), Impuesto ad valorem(6%), generaci\u00f3n de DIN y honorarios de Agencia de aduana.<\/h5>\n<p>Inf\u00f3rmese en Manual de Zona Franca p\u00e1gina 22.<\/p>\n<p><b><em>El stock disponible de nuestro producto puede variar, por favor cont\u00e1ctenos para saber m\u00e1s a cerca de la disponibilidad de este producto \u00f3 escr\u00edbenos a nuestro \u00a0<a href=\"https:\/\/wa.me\/56997056557\">Whatsapp<\/a>.<\/em><\/b><\/p>\n<\/div>\n","protected":false},"excerpt":{"rendered":"<h5><span style=\"color: #ff0000;\">AL RESTO DEL PA\u00cdS $916.719-<\/span><\/h5>\n<p><b><em>El stock disponible de nuestro producto puede variar, por favor cont\u00e1ctenos para saber m\u00e1s a cerca de la disponibilidad de este producto \u00f3 escr\u00edbenos a nuestro \u00a0<a href=\"https:\/\/wa.me\/56997056557\">Whatsapp<\/a>.<\/em><\/b><\/p>\n","protected":false},"featured_media":8615,"comment_status":"open","ping_status":"closed","template":"","meta":[],"product_brand":[],"product_cat":[63,83],"product_tag":[],"class_list":{"0":"post-8613","1":"product","2":"type-product","3":"status-publish","4":"has-post-thumbnail","6":"product_cat-living","7":"product_cat-sofa","8":"product_shipping_class-paquete-grande","10":"first","11":"instock","12":"sale","13":"taxable","14":"shipping-taxable","15":"purchasable","16":"product-type-simple"},"_links":{"self":[{"href":"https:\/\/www.aguilamuebles.cl\/tienda\/wp-json\/wp\/v2\/product\/8613","targetHints":{"allow":["GET"]}}],"collection":[{"href":"https:\/\/www.aguilamuebles.cl\/tienda\/wp-json\/wp\/v2\/product"}],"about":[{"href":"https:\/\/www.aguilamuebles.cl\/tienda\/wp-json\/wp\/v2\/types\/product"}],"replies":[{"embeddable":true,"href":"https:\/\/www.aguilamuebles.cl\/tienda\/wp-json\/wp\/v2\/comments?post=8613"}],"wp:featuredmedia":[{"embeddable":true,"href":"https:\/\/www.aguilamuebles.cl\/tienda\/wp-json\/wp\/v2\/media\/8615"}],"wp:attachment":[{"href":"https:\/\/www.aguilamuebles.cl\/tienda\/wp-json\/wp\/v2\/media?parent=8613"}],"wp:term":[{"taxonomy":"product_brand","embeddable":true,"href":"https:\/\/www.aguilamuebles.cl\/tienda\/wp-json\/wp\/v2\/product_brand?post=8613"},{"taxonomy":"product_cat","embeddable":true,"href":"https:\/\/www.aguilamuebles.cl\/tienda\/wp-json\/wp\/v2\/product_cat?post=8613"},{"taxonomy":"product_tag","embeddable":true,"href":"https:\/\/www.aguilamuebles.cl\/tienda\/wp-json\/wp\/v2\/product_tag?post=8613"}],"curies":[{"name":"wp","href":"https:\/\/api.w.org\/{rel}","templated":true}]}}

<h5>DETALLES</h5>
<p>Este sillón orientado hacia el brazo izquierdo lleva el estilo tradicional en una nueva dirección. Cargado de estilo, el marco expuesto de acabado oscuro con detalles artísticos nos hace anhelar antaño. Envuelto en una tapicería de chenilla ricamente neutral y complementado con una almohada de jacquard paisley, esta clásica chaise instantánea lleva el pasado al presente.</p>
<div class="bulletPoint">
<ul>
<li>Marco de esquina bloqueada</li>
<li>Respaldo adjunto y cojines de asiento.</li>
<li>Los cojines de espuma de alta resistencia están envueltos en fibra de polietileno gruesa.</li>
<li>Almohada decorativa incluida</li>
<li>Almohada con relleno suave</li>
<li>Tapiceria de poliester</li>
<li>Poliéster; almohada de poliéster / rayón</li>
<li>Pies expuestos y marco con acabado en imitación madera.</li>
</ul>
<h5><b>DIMENSIONES</b></h5>
<ul class="dimCustomCls">
<li>Ancho: 172.72 cm</li>
<li>Profundidad: 101.60 cm</li>
<li>Alto: 83.82 cm</li>
</ul>
<h5><b>GARANTÍA LEGAL</b></h5>
<p>Los productos poseen una garantía de 3 meses establecida por la Ley 19.496 Sobre Protección de los Derechos de Los Consumidores, contados desde la fecha de recepción del producto, en caso de fallas o deficiencias que afecten el uso al cual está destinado el producto. De acuerdo con la ley de protección al consumidor, en caso de falla del producto tiene el derecho a elegir entre las siguientes opciones:</p>
<ol type="I">
<li>Reparación gratuita del producto.</li>
<li>Reposición o cambio.</li>
<li>La devolución del dinero pagado.</li>
</ol>
<p>Para ejercer este derecho, se deben determinar preliminarmente las causas de falla del producto. No podrá ejercer este derecho cuando el deterioro sea imputable al cliente por su mal uso .</p>
<h5>Precio publicado para Zona Franca, A OTRAS REGIONES SE APLICAN COSTOS EXTRAS : IVA(19%), Impuesto ad valorem(6%), generación de DIN y honorarios de Agencia de aduana.</h5>
<p>Infórmese en Manual de Zona Franca página 22.</p>
<p><b><em>El stock disponible de nuestro producto puede variar, por favor contáctenos para saber más a cerca de la disponibilidad de este producto ó escríbenos a nuestro  <a href="https://wa.me/56997056557">Whatsapp</a>.</em></b></p>
</div>

<h5><span style="color: #ff0000;">AL RESTO DEL PAÍS $916.719-</span></h5>
<p><b><em>El stock disponible de nuestro producto puede variar, por favor contáctenos para saber más a cerca de la disponibilidad de este producto ó escríbenos a nuestro  <a href="https://wa.me/56997056557">Whatsapp</a>.</em></b></p>
