{"id":9921,"date":"2021-07-14T15:39:21","date_gmt":"2021-07-14T19:39:21","guid":{"rendered":"https:\/\/www.aguilamuebles.cl\/tienda\/?post_type=product&#038;p=9921"},"modified":"2026-04-25T06:20:29","modified_gmt":"2026-04-25T10:20:29","slug":"bladewood-recliner-6030529","status":"publish","type":"product","link":"https:\/\/www.aguilamuebles.cl\/tienda\/product\/bladewood-recliner-6030529\/","title":{"rendered":"Bladewood Recliner  6030529"},"content":{"rendered":"<div class=\"row\">\n<div class=\"col-sm-3 col-md-3 col-lg-3 col-xl-2\"><strong>Descripci\u00f3n del art\u00edculo:<\/strong><\/div>\n<div class=\"col-sm-9 col-md-9 col-lg-9 col-xl-10\">Cause una gran impresi\u00f3n en un espacio m\u00e1s peque\u00f1o con el estilo elegante de este sill\u00f3n reclinable de pared cero.\u00a0Gracias a su dise\u00f1o que cuida el espacio y que solo requiere tres pulgadas entre la pared y el respaldo de la silla, puede estirarse de manera m\u00e1s eficiente.\u00a0Envuelto en una fabulosa piel sint\u00e9tica cargada con textura de guijarros y variaci\u00f3n tonal que se ve tan natural, este sill\u00f3n reclinable de dise\u00f1ador luce mechones contorneados y costuras de b\u00e9isbol en contraste para un jonr\u00f3n de estilo.<\/div>\n<\/div>\n<div class=\"row\">\n<div class=\"col-sm-3 col-md-3 col-lg-3 col-xl-2\"><strong>Caracter\u00edsticas del art\u00edculo:<\/strong><\/div>\n<div class=\"col-sm-9 col-md-9 col-lg-9 col-xl-10\">entornos para una mayor durabilidad.\u00a0Los componentes del marco se aseguran con combinaciones de pegamento, bloques, paneles entrelazados y grapas.\u00a0Las rayas y los patrones se cortan a juego.\u00a0Todos los tejidos est\u00e1n preaprobados para su uso y durabilidad seg\u00fan los est\u00e1ndares de la AHFA.\u00a0Los cojines est\u00e1n fabricados con fibra de bajo derretimiento envuelta sobre espuma de alta calidad.\u00a0Cuenta con una caja de asiento unificada de metal empotrable para mayor resistencia y durabilidad.\u00a0Toda la construcci\u00f3n de metal hasta el piso para mayor resistencia y durabilidad.\u00a0El mecanismo reclinable de pared cero cuenta con infinitas posiciones para mayor comodidad.<\/div>\n<\/div>\n<ul class=\"ng-star-inserted\">\n<li class=\"orangecolor\">Movimiento de reclinaci\u00f3n de la leng\u00fceta de tracci\u00f3n<\/li>\n<li class=\"orangecolor\">El dise\u00f1o de pared cero requiere un espacio m\u00ednimo entre la pared y el respaldo de la silla<\/li>\n<li class=\"orangecolor\">Estructura de esquina bloqueada con asiento reforzado con metal<\/li>\n<li class=\"orangecolor\">Cojines adjuntos<\/li>\n<li class=\"orangecolor\">Cojines de espuma de alta resistencia envueltos en polifibra gruesa<\/li>\n<li class=\"orangecolor\">Tapicer\u00eda de poli\u00e9ster \/ poliuretano<\/li>\n<\/ul>\n<h5><b>DIMENSIONES<\/b><\/h5>\n<ul class=\"dimCustomCls\">\n<li>Ancho: 83.82 cm<\/li>\n<li>Profundidad: 101.6 cm<\/li>\n<li>Alto: 101.6 cm<\/li>\n<\/ul>\n<h5><b>GARANT\u00cdA LEGAL<\/b><\/h5>\n<p>Los productos poseen una garant\u00eda de 3 meses establecida por la Ley 19.496 Sobre Protecci\u00f3n de los Derechos de Los Consumidores, contados desde la fecha de recepci\u00f3n del producto, en caso de fallas o deficiencias que afecten el uso al cual est\u00e1 destinado el producto. De acuerdo con la ley de protecci\u00f3n al consumidor, en caso de falla del producto tiene el derecho a elegir entre las siguientes opciones:<\/p>\n<ol type=\"I\">\n<li>Reparaci\u00f3n gratuita del producto.<\/li>\n<li>Reposici\u00f3n o cambio.<\/li>\n<li>La devoluci\u00f3n del dinero pagado.<\/li>\n<\/ol>\n<p>Para ejercer este derecho, se deben determinar preliminarmente las causas de falla del producto. No podr\u00e1 ejercer este derecho cuando el deterioro sea imputable al cliente por su mal uso .<\/p>\n<h5>Precio publicado para Zona Franca, A OTRAS REGIONES SE APLICAN COSTOS EXTRAS : IVA(19%), Impuesto ad valorem(6%), generaci\u00f3n de DIN y honorarios de Agencia de aduana.<\/h5>\n<p>Inf\u00f3rmese en Manual de Zona Franca p\u00e1gina 22.<\/p>\n<p><b><em>El stock disponible de nuestro producto puede variar, por favor cont\u00e1ctenos para saber m\u00e1s a cerca de la disponibilidad de este producto \u00f3 escr\u00edbenos a nuestro \u00a0<a href=\"https:\/\/wa.me\/56997056557\">Whatsapp<\/a>.<\/em><\/b><\/p>\n","protected":false},"excerpt":{"rendered":"<h5><span style=\"color: #ff0000;\">AL RESTO DEL PA\u00cdS $438.648-<\/span><\/h5>\n<p><b><em>El stock disponible de nuestro producto puede variar, por favor cont\u00e1ctenos para saber m\u00e1s a cerca de la disponibilidad de este producto \u00f3 escr\u00edbenos a nuestro \u00a0<a href=\"https:\/\/wa.me\/56997056557\">Whatsapp<\/a><\/em><\/b><\/p>\n","protected":false},"featured_media":10120,"comment_status":"open","ping_status":"closed","template":"","meta":[],"product_brand":[],"product_cat":[137,63],"product_tag":[],"class_list":{"0":"post-9921","1":"product","2":"type-product","3":"status-publish","4":"has-post-thumbnail","6":"product_cat-berger","7":"product_cat-living","9":"first","10":"instock","11":"sale","12":"taxable","13":"shipping-taxable","14":"purchasable","15":"product-type-simple"},"_links":{"self":[{"href":"https:\/\/www.aguilamuebles.cl\/tienda\/wp-json\/wp\/v2\/product\/9921","targetHints":{"allow":["GET"]}}],"collection":[{"href":"https:\/\/www.aguilamuebles.cl\/tienda\/wp-json\/wp\/v2\/product"}],"about":[{"href":"https:\/\/www.aguilamuebles.cl\/tienda\/wp-json\/wp\/v2\/types\/product"}],"replies":[{"embeddable":true,"href":"https:\/\/www.aguilamuebles.cl\/tienda\/wp-json\/wp\/v2\/comments?post=9921"}],"wp:featuredmedia":[{"embeddable":true,"href":"https:\/\/www.aguilamuebles.cl\/tienda\/wp-json\/wp\/v2\/media\/10120"}],"wp:attachment":[{"href":"https:\/\/www.aguilamuebles.cl\/tienda\/wp-json\/wp\/v2\/media?parent=9921"}],"wp:term":[{"taxonomy":"product_brand","embeddable":true,"href":"https:\/\/www.aguilamuebles.cl\/tienda\/wp-json\/wp\/v2\/product_brand?post=9921"},{"taxonomy":"product_cat","embeddable":true,"href":"https:\/\/www.aguilamuebles.cl\/tienda\/wp-json\/wp\/v2\/product_cat?post=9921"},{"taxonomy":"product_tag","embeddable":true,"href":"https:\/\/www.aguilamuebles.cl\/tienda\/wp-json\/wp\/v2\/product_tag?post=9921"}],"curies":[{"name":"wp","href":"https:\/\/api.w.org\/{rel}","templated":true}]}}

<div class="row">
<div class="col-sm-3 col-md-3 col-lg-3 col-xl-2"><strong>Descripción del artículo:</strong></div>
<div class="col-sm-9 col-md-9 col-lg-9 col-xl-10">Cause una gran impresión en un espacio más pequeño con el estilo elegante de este sillón reclinable de pared cero. Gracias a su diseño que cuida el espacio y que solo requiere tres pulgadas entre la pared y el respaldo de la silla, puede estirarse de manera más eficiente. Envuelto en una fabulosa piel sintética cargada con textura de guijarros y variación tonal que se ve tan natural, este sillón reclinable de diseñador luce mechones contorneados y costuras de béisbol en contraste para un jonrón de estilo.</div>
</div>
<div class="row">
<div class="col-sm-3 col-md-3 col-lg-3 col-xl-2"><strong>Características del artículo:</strong></div>
<div class="col-sm-9 col-md-9 col-lg-9 col-xl-10">entornos para una mayor durabilidad. Los componentes del marco se aseguran con combinaciones de pegamento, bloques, paneles entrelazados y grapas. Las rayas y los patrones se cortan a juego. Todos los tejidos están preaprobados para su uso y durabilidad según los estándares de la AHFA. Los cojines están fabricados con fibra de bajo derretimiento envuelta sobre espuma de alta calidad. Cuenta con una caja de asiento unificada de metal empotrable para mayor resistencia y durabilidad. Toda la construcción de metal hasta el piso para mayor resistencia y durabilidad. El mecanismo reclinable de pared cero cuenta con infinitas posiciones para mayor comodidad.</div>
</div>
<ul class="ng-star-inserted">
<li class="orangecolor">Movimiento de reclinación de la lengüeta de tracción</li>
<li class="orangecolor">El diseño de pared cero requiere un espacio mínimo entre la pared y el respaldo de la silla</li>
<li class="orangecolor">Estructura de esquina bloqueada con asiento reforzado con metal</li>
<li class="orangecolor">Cojines adjuntos</li>
<li class="orangecolor">Cojines de espuma de alta resistencia envueltos en polifibra gruesa</li>
<li class="orangecolor">Tapicería de poliéster / poliuretano</li>
</ul>
<h5><b>DIMENSIONES</b></h5>
<ul class="dimCustomCls">
<li>Ancho: 83.82 cm</li>
<li>Profundidad: 101.6 cm</li>
<li>Alto: 101.6 cm</li>
</ul>
<h5><b>GARANTÍA LEGAL</b></h5>
<p>Los productos poseen una garantía de 3 meses establecida por la Ley 19.496 Sobre Protección de los Derechos de Los Consumidores, contados desde la fecha de recepción del producto, en caso de fallas o deficiencias que afecten el uso al cual está destinado el producto. De acuerdo con la ley de protección al consumidor, en caso de falla del producto tiene el derecho a elegir entre las siguientes opciones:</p>
<ol type="I">
<li>Reparación gratuita del producto.</li>
<li>Reposición o cambio.</li>
<li>La devolución del dinero pagado.</li>
</ol>
<p>Para ejercer este derecho, se deben determinar preliminarmente las causas de falla del producto. No podrá ejercer este derecho cuando el deterioro sea imputable al cliente por su mal uso .</p>
<h5>Precio publicado para Zona Franca, A OTRAS REGIONES SE APLICAN COSTOS EXTRAS : IVA(19%), Impuesto ad valorem(6%), generación de DIN y honorarios de Agencia de aduana.</h5>
<p>Infórmese en Manual de Zona Franca página 22.</p>
<p><b><em>El stock disponible de nuestro producto puede variar, por favor contáctenos para saber más a cerca de la disponibilidad de este producto ó escríbenos a nuestro  <a href="https://wa.me/56997056557">Whatsapp</a>.</em></b></p>

<h5><span style="color: #ff0000;">AL RESTO DEL PAÍS $438.648-</span></h5>
<p><b><em>El stock disponible de nuestro producto puede variar, por favor contáctenos para saber más a cerca de la disponibilidad de este producto ó escríbenos a nuestro  <a href="https://wa.me/56997056557">Whatsapp</a></em></b></p>
